{"id":65,"date":"2014-08-01T09:42:11","date_gmt":"2014-08-01T09:42:11","guid":{"rendered":"http:\/\/iesmatildecasanova.com\/?page_id=65"},"modified":"2014-08-01T09:42:11","modified_gmt":"2014-08-01T09:42:11","slug":"ciencias-de-la-naturaleza","status":"publish","type":"page","link":"https:\/\/blogsaverroes.juntadeandalucia.es\/iesmatildecasanova\/departamentos\/ciencias-de-la-naturaleza\/","title":{"rendered":"Departamento de Ciencias de la naturaleza"},"content":{"rendered":"<p><strong>Jefa de departamento:\u00a0\u00a0 <\/strong>Mar\u00eda Carmen Vicente Liebenberg,<\/p>\n<p>Duarte Alc\u00e1zar Raquel<\/p>\n<p>Ruiz Bernal Jes\u00fas<\/p>\n<p><strong>Blog Asociados\u00a0:<\/strong><\/p>\n<p><a href=\"http:\/\/elhuertodematilde.blogspot.com.es\/\" target=\"_blank\" rel=\"noopener noreferrer\">http:\/\/elhuertodematilde.blogspot.com.es\/<\/a><\/p>\n<p><a href=\"http:\/\/basimd1960.blogspot.com.es\/\" target=\"_blank\" rel=\"noopener noreferrer\">http:\/\/basimd1960.blogspot.com.es\/<\/a><\/p>\n<p>Documentos:<\/p>\n<p>&nbsp;<\/p>\n<p>&nbsp;<\/p>\n","protected":false},"excerpt":{"rendered":"<p>Jefa de departamento:\u00a0\u00a0 Mar\u00eda Carmen Vicente Liebenberg, Duarte Alc\u00e1zar Raquel Ruiz Bernal Jes\u00fas Blog Asociados\u00a0: http:\/\/elhuertodematilde.blogspot.com.es\/ http:\/\/basimd1960.blogspot.com.es\/ Documentos: &nbsp; &nbsp;<\/p>\n","protected":false},"author":7568,"featured_media":0,"parent":3944,"menu_order":1,"comment_status":"closed","ping_status":"closed","template":"","meta":{"ngg_post_thumbnail":0,"footnotes":"","_mc_calendar":[]},"aioseo_notices":[],"_links":{"self":[{"href":"https:\/\/blogsaverroes.juntadeandalucia.es\/iesmatildecasanova\/wp-json\/wp\/v2\/pages\/65"}],"collection":[{"href":"https:\/\/blogsaverroes.juntadeandalucia.es\/iesmatildecasanova\/wp-json\/wp\/v2\/pages"}],"about":[{"href":"https:\/\/blogsaverroes.juntadeandalucia.es\/iesmatildecasanova\/wp-json\/wp\/v2\/types\/page"}],"author":[{"embeddable":true,"href":"https:\/\/blogsaverroes.juntadeandalucia.es\/iesmatildecasanova\/wp-json\/wp\/v2\/users\/7568"}],"replies":[{"embeddable":true,"href":"https:\/\/blogsaverroes.juntadeandalucia.es\/iesmatildecasanova\/wp-json\/wp\/v2\/comments?post=65"}],"version-history":[{"count":0,"href":"https:\/\/blogsaverroes.juntadeandalucia.es\/iesmatildecasanova\/wp-json\/wp\/v2\/pages\/65\/revisions"}],"up":[{"embeddable":true,"href":"https:\/\/blogsaverroes.juntadeandalucia.es\/iesmatildecasanova\/wp-json\/wp\/v2\/pages\/3944"}],"wp:attachment":[{"href":"https:\/\/blogsaverroes.juntadeandalucia.es\/iesmatildecasanova\/wp-json\/wp\/v2\/media?parent=65"}],"curies":[{"name":"wp","href":"https:\/\/api.w.org\/{rel}","templated":true}]}}