{"id":1893,"date":"2020-12-08T12:34:09","date_gmt":"2020-12-08T12:34:09","guid":{"rendered":"https:\/\/blogsaverroes.juntadeandalucia.es\/iesmediterraneo\/?page_id=1893"},"modified":"2020-12-08T12:34:09","modified_gmt":"2020-12-08T12:34:09","slug":"escuela-de-pensamiento-computacional","status":"publish","type":"page","link":"https:\/\/blogsaverroes.juntadeandalucia.es\/iesmediterraneo\/escuela-de-pensamiento-computacional\/","title":{"rendered":"Escuela de Pensamiento Computacional"},"content":{"rendered":"<h1><span style=\"color: #008080\"><img loading=\"lazy\" decoding=\"async\" class=\"alignleft \" src=\"https:\/\/blog.ivrpowers.com\/postimages\/trends\/ivrpowers-posts-02.025.jpeg\" width=\"376\" height=\"211\"><span style=\"font-size: 18pt\">Escuela de Pensamiento Computacional e Inteligencia Artificial<\/span><\/span><\/h1>\n<hr>\n<ul>\n<li><strong>Profesores responsables<\/strong>\n<ul>\n<li>Gustavo Pretel (Departamento de Matem\u00e1ticas)<\/li>\n<li>Jos\u00e9 Luis Fern\u00e1ndez (Departamento de Filosof\u00eda)<\/li>\n<\/ul>\n<\/li>\n<li><strong>Asignatura<\/strong>: Pensamiento Computacional y Rob\u00f3tica<\/li>\n<li><strong>Alumnos\/as a los que va dirigida la actividad<\/strong>: ESO y Bachillerato<\/li>\n<\/ul>\n<hr>\n<p>&nbsp;<\/p>\n<p>La Escuela de Pensamiento Computacional e Inteligencia Artificial es un proyecto del Ministerio de Educaci\u00f3n y Formaci\u00f3n Profesional que se desarrolla en colaboraci\u00f3n con las Consejer\u00edas y Departamentos de Educaci\u00f3n de las Comunidades y Ciudades Aut\u00f3nomas. El objetivo de la escuela es ofrecer recursos educativos abiertos, formaci\u00f3n y soluciones tecnol\u00f3gicas que ayuden a los docentes espa\u00f1oles a incorporar esta habilidad a su pr\u00e1ctica docente a trav\u00e9s de actividades de programaci\u00f3n y rob\u00f3tica. El objetivo \u00faltimo del conjunto de actividades que se realizan en este proyecto es ofrecer a los alumnos\/as la posibilidad de comprender y comunicarse eficientemente con sistemas de software y hardware para evitar que se conviertan en meros espectadores pasivos de esta tecnolog\u00eda.<\/p>\n<p><a href=\"https:\/\/intef.es\/wp-content\/uploads\/2019\/10\/imagen-art%C3%ADculo-epcia.jpg\"><img loading=\"lazy\" decoding=\"async\" class=\"alignleft \" src=\"https:\/\/intef.es\/wp-content\/uploads\/2019\/10\/imagen-art%C3%ADculo-epcia.jpg\" width=\"270\" height=\"162\"><\/a>La escuela de Pensamiento Computacional e IA dota a los centros educativos de recursos abiertos y soluciones tecnol\u00f3gicas que permiten la introducci\u00f3n de la IA en las aulas de un modo sencillo y eminentemente pr\u00e1ctico<\/p>\n<p style=\"padding-left: 120px\">\u00ab<span style=\"font-family: arial, helvetica, sans-serif\">Este es el objetivo fundamental de esta edici\u00f3n de la Escuela de Pensamiento Computacional, que persigue que la sociedad espa\u00f1ola sea capaz de enfrentarse a los retos que presenta la IA y, especialmente, que est\u00e9 capacitada para aprovechar su potencial para mejorar nuestro modelo productivo, nuestras relaciones y, en definitiva, nuestra calidad de vida<\/span>.\u00bb<\/p>\n<p>El IES Mediterr\u00e1neo ha sido aceptado para continuar con las actividades que comenzaron en el curso 2019-2020 en el nivel II, y para ello, durante el curso 2020-2021, participamos en el nivel III que tiene como objetivos:<\/p>\n<ol style=\"list-style-type: lower-roman\">\n<li>Reconocer c\u00f3mo los sistemas inform\u00e1ticos hacen uso de la IA para percibir el mundo usando sensores, razonamiento as\u00ed como formas de aprendizaje e integraci\u00f3n con humanos<\/li>\n<li>Reflexionar sobre el impacto que la IA tiene en la sociedad.<\/li>\n<\/ol>\n<p>Un objetivo espec\u00edfico del IES Mediterr\u00e1neo es fomentar entre nuestro alumnado perfiles STEM ligados a la computaci\u00f3n y la rob\u00f3tica especialmente entre nuestras alumnas para disminuir la brecha de g\u00e9nero en los campos de las ciencias y tecnolog\u00edas<\/p>\n<p>Para alcanzar estos objetivos los alumnos\/as desarrollar\u00e1n software que integre IA relacionadas con &nbsp;<em>Machine Learning<\/em>. Tambi\u00e9n se realizar\u00e1n proyectos &nbsp;de desarrollo de aplicaciones para dispositivos m\u00f3viles que integren soluciones basadas en la IA<\/p>\n<p style=\"padding-left: 80px\">\u00ab<span style=\"font-family: arial, helvetica, sans-serif\">la Escuela de Pensamiento Computacional es una iniciativa que contribuye a la consecuci\u00f3n de los Objetivos de Desarrollo Sostenible adoptados en la Agenda 2030 por m\u00e1s de 193 pa\u00edses de las Naciones Unidas el 25 de septiembre de 2015. Entre ellos, este proyecto contribuye a la consecuci\u00f3n de una educaci\u00f3n de calidad en igualdad de g\u00e9nero, trabajo decente y crecimiento econ\u00f3mico, ya que aporta las competencias necesarias en igualdad de condiciones para el trabajador del futuro.<\/span>\u00ab<\/p>\n<p>&nbsp;<\/p>\n","protected":false},"excerpt":{"rendered":"<p>Escuela de Pensamiento Computacional e Inteligencia Artificial Profesores responsables Gustavo Pretel (Departamento de Matem\u00e1ticas) Jos\u00e9 Luis Fern\u00e1ndez (Departamento de Filosof\u00eda) Asignatura: Pensamiento Computacional y Rob\u00f3tica Alumnos\/as a los que va dirigida la actividad: ESO&#46;&#46;&#46;<\/p>\n","protected":false},"author":5102,"featured_media":0,"parent":0,"menu_order":0,"comment_status":"closed","ping_status":"closed","template":"page-template-full.php","meta":{"ngg_post_thumbnail":0,"footnotes":""},"aioseo_notices":[],"_links":{"self":[{"href":"https:\/\/blogsaverroes.juntadeandalucia.es\/iesmediterraneo\/wp-json\/wp\/v2\/pages\/1893"}],"collection":[{"href":"https:\/\/blogsaverroes.juntadeandalucia.es\/iesmediterraneo\/wp-json\/wp\/v2\/pages"}],"about":[{"href":"https:\/\/blogsaverroes.juntadeandalucia.es\/iesmediterraneo\/wp-json\/wp\/v2\/types\/page"}],"author":[{"embeddable":true,"href":"https:\/\/blogsaverroes.juntadeandalucia.es\/iesmediterraneo\/wp-json\/wp\/v2\/users\/5102"}],"replies":[{"embeddable":true,"href":"https:\/\/blogsaverroes.juntadeandalucia.es\/iesmediterraneo\/wp-json\/wp\/v2\/comments?post=1893"}],"version-history":[{"count":1,"href":"https:\/\/blogsaverroes.juntadeandalucia.es\/iesmediterraneo\/wp-json\/wp\/v2\/pages\/1893\/revisions"}],"predecessor-version":[{"id":1894,"href":"https:\/\/blogsaverroes.juntadeandalucia.es\/iesmediterraneo\/wp-json\/wp\/v2\/pages\/1893\/revisions\/1894"}],"wp:attachment":[{"href":"https:\/\/blogsaverroes.juntadeandalucia.es\/iesmediterraneo\/wp-json\/wp\/v2\/media?parent=1893"}],"curies":[{"name":"wp","href":"https:\/\/api.w.org\/{rel}","templated":true}]}}

<h1><span style="color: #008080"><img loading="lazy" decoding="async" class="alignleft " src="https://blog.ivrpowers.com/postimages/trends/ivrpowers-posts-02.025.jpeg" width="376" height="211"><span style="font-size: 18pt">Escuela de Pensamiento Computacional e Inteligencia Artificial</span></span></h1>
<hr>
<ul>
<li><strong>Profesores responsables</strong>
<ul>
<li>Gustavo Pretel (Departamento de Matemáticas)</li>
<li>José Luis Fernández (Departamento de Filosofía)</li>
</ul>
</li>
<li><strong>Asignatura</strong>: Pensamiento Computacional y Robótica</li>
<li><strong>Alumnos/as a los que va dirigida la actividad</strong>: ESO y Bachillerato</li>
</ul>
<hr>
<p>&nbsp;</p>
<p>La Escuela de Pensamiento Computacional e Inteligencia Artificial es un proyecto del Ministerio de Educación y Formación Profesional que se desarrolla en colaboración con las Consejerías y Departamentos de Educación de las Comunidades y Ciudades Autónomas. El objetivo de la escuela es ofrecer recursos educativos abiertos, formación y soluciones tecnológicas que ayuden a los docentes españoles a incorporar esta habilidad a su práctica docente a través de actividades de programación y robótica. El objetivo último del conjunto de actividades que se realizan en este proyecto es ofrecer a los alumnos/as la posibilidad de comprender y comunicarse eficientemente con sistemas de software y hardware para evitar que se conviertan en meros espectadores pasivos de esta tecnología.</p>
<p><a href="https://intef.es/wp-content/uploads/2019/10/imagen-art%C3%ADculo-epcia.jpg"><img loading="lazy" decoding="async" class="alignleft " src="https://intef.es/wp-content/uploads/2019/10/imagen-art%C3%ADculo-epcia.jpg" width="270" height="162"></a>La escuela de Pensamiento Computacional e IA dota a los centros educativos de recursos abiertos y soluciones tecnológicas que permiten la introducción de la IA en las aulas de un modo sencillo y eminentemente práctico</p>
<p style="padding-left: 120px">«<span style="font-family: arial, helvetica, sans-serif">Este es el objetivo fundamental de esta edición de la Escuela de Pensamiento Computacional, que persigue que la sociedad española sea capaz de enfrentarse a los retos que presenta la IA y, especialmente, que esté capacitada para aprovechar su potencial para mejorar nuestro modelo productivo, nuestras relaciones y, en definitiva, nuestra calidad de vida</span>.»</p>
<p>El IES Mediterráneo ha sido aceptado para continuar con las actividades que comenzaron en el curso 2019-2020 en el nivel II, y para ello, durante el curso 2020-2021, participamos en el nivel III que tiene como objetivos:</p>
<ol style="list-style-type: lower-roman">
<li>Reconocer cómo los sistemas informáticos hacen uso de la IA para percibir el mundo usando sensores, razonamiento así como formas de aprendizaje e integración con humanos</li>
<li>Reflexionar sobre el impacto que la IA tiene en la sociedad.</li>
</ol>
<p>Un objetivo específico del IES Mediterráneo es fomentar entre nuestro alumnado perfiles STEM ligados a la computación y la robótica especialmente entre nuestras alumnas para disminuir la brecha de género en los campos de las ciencias y tecnologías</p>
<p>Para alcanzar estos objetivos los alumnos/as desarrollarán software que integre IA relacionadas con &nbsp;<em>Machine Learning</em>. También se realizarán proyectos &nbsp;de desarrollo de aplicaciones para dispositivos móviles que integren soluciones basadas en la IA</p>
<p style="padding-left: 80px">«<span style="font-family: arial, helvetica, sans-serif">la Escuela de Pensamiento Computacional es una iniciativa que contribuye a la consecución de los Objetivos de Desarrollo Sostenible adoptados en la Agenda 2030 por más de 193 países de las Naciones Unidas el 25 de septiembre de 2015. Entre ellos, este proyecto contribuye a la consecución de una educación de calidad en igualdad de género, trabajo decente y crecimiento económico, ya que aporta las competencias necesarias en igualdad de condiciones para el trabajador del futuro.</span>«</p>
<p>&nbsp;</p>

<p>Escuela de Pensamiento Computacional e Inteligencia Artificial Profesores responsables Gustavo Pretel (Departamento de Matemáticas) José Luis Fernández (Departamento de Filosofía) Asignatura: Pensamiento Computacional y Robótica Alumnos/as a los que va dirigida la actividad: ESO&#46;&#46;&#46;</p>
