{"id":2288,"date":"2022-12-13T18:14:06","date_gmt":"2022-12-13T18:14:06","guid":{"rendered":"https:\/\/blogsaverroes.juntadeandalucia.es\/iesmediterraneo\/?page_id=2288"},"modified":"2022-12-13T18:14:06","modified_gmt":"2022-12-13T18:14:06","slug":"aldea","status":"publish","type":"page","link":"https:\/\/blogsaverroes.juntadeandalucia.es\/iesmediterraneo\/aldea\/","title":{"rendered":"ALDEA"},"content":{"rendered":"<h2><span style=\"color: #008000\">IES Mediterr\u00e1neo<\/span><\/h2>\n<h2><span style=\"color: #339966\">Proyecto de Innovaci\u00f3n ALDEA<\/span><\/h2>\n<h3><span style=\"color: #008080\">Curso: 2022-2023<\/span><\/h3>\n<hr>\n<div><i><a href=\"https:\/\/blogsaverroes.juntadeandalucia.es\/iesmediterraneo\/files\/2022\/12\/aldea3.jpg\"><img loading=\"lazy\" decoding=\"async\" class=\"alignleft size-full wp-image-2289\" src=\"https:\/\/blogsaverroes.juntadeandalucia.es\/iesmediterraneo\/files\/2022\/12\/aldea3.jpg\" alt=\"\" width=\"400\" height=\"172\" srcset=\"https:\/\/blogsaverroes.juntadeandalucia.es\/iesmediterraneo\/files\/2022\/12\/aldea3.jpg 400w, https:\/\/blogsaverroes.juntadeandalucia.es\/iesmediterraneo\/files\/2022\/12\/aldea3-300x129.jpg 300w\" sizes=\"(max-width: 400px) 100vw, 400px\" \/><\/a>ALDEA, Programa de educaci\u00f3n ambiental para la comunidad educativa, desarrollado por la&nbsp;<a href=\"https:\/\/www.juntadeandalucia.es\/educacion\/portals\/web\/ced\/\" target=\"_blank\" rel=\"noopener noreferrer\" data-saferedirecturl=\"https:\/\/www.google.com\/url?q=https:\/\/www.juntadeandalucia.es\/educacion\/portals\/web\/ced\/&amp;source=gmail&amp;ust=1671038211752000&amp;usg=AOvVaw3JxHhHTpFjYwoI79pNzayX\">Consejer\u00eda de Educaci\u00f3n y Deporte&nbsp;<\/a>y la&nbsp;<a href=\"https:\/\/juntadeandalucia.es\/organismos\/agriculturaganaderiapescaydesarrollosostenible.html\" target=\"_blank\" rel=\"noopener noreferrer\" data-saferedirecturl=\"https:\/\/www.google.com\/url?q=https:\/\/juntadeandalucia.es\/organismos\/agriculturaganaderiapescaydesarrollosostenible.html&amp;source=gmail&amp;ust=1671038211752000&amp;usg=AOvVaw2WGj43uemMp9UV61N6U0YQ\">Consejer\u00eda de Agricultura, Ganader\u00eda, Pesca y Desarrollo Sostenible<\/a>&nbsp;de la Junta de Andaluc\u00eda, es un&nbsp;<a href=\"https:\/\/www.juntadeandalucia.es\/educacion\/portals\/web\/ced\/planesyprogramas\/programas-innovacion-educativa\" target=\"_blank\" rel=\"noopener noreferrer\" data-saferedirecturl=\"https:\/\/www.google.com\/url?q=https:\/\/www.juntadeandalucia.es\/educacion\/portals\/web\/ced\/planesyprogramas\/programas-innovacion-educativa&amp;source=gmail&amp;ust=1671038211752000&amp;usg=AOvVaw2_uJGXEcKuL_VwexcXj0HT\">Programa para la Innovaci\u00f3n Educativa<\/a>&nbsp;que pretende promover el desarrollo integrado de iniciativas de educaci\u00f3n ambiental ante la situaci\u00f3n de emergencia clim\u00e1tica actual, la conexi\u00f3n con la naturaleza y renaturalizaci\u00f3n de espacios, el cambio clim\u00e1tico, el desarrollo sostenible y las relaciones del ser humano con su entorno social y natural (competencia ecosocial) ser\u00e1n los ejes que vertebrar\u00e1n el desarrollo de cualquier l\u00ednea de intervenci\u00f3n. en el \u00e1mbito de la comunidad educativa andaluza, al objeto de contribuir a una transformaci\u00f3n hacia sociedades m\u00e1s justas, democr\u00e1ticas y sostenibles y permitiendo el logro de una educaci\u00f3n integral que comparte y se asienta en los cuatro pilares educativos que propone la&nbsp;<a href=\"https:\/\/es.unesco.org\/\" target=\"_blank\" rel=\"noopener noreferrer\" data-saferedirecturl=\"https:\/\/www.google.com\/url?q=https:\/\/es.unesco.org\/&amp;source=gmail&amp;ust=1671038211752000&amp;usg=AOvVaw1nEaCcONnF184kbdQ6Tv9G\">UNESCO<\/a>:&nbsp;Aprender a ser, aprender a convivir, aprender a conocer, aprender a hacer.<\/i><\/div>\n<div>\n<div>\n<div>\n<div>&nbsp;<\/div>\n<div><b><u>En nuestro IES hemos solicitado participar en 2 l\u00edneas de trabajo: RECAPACICLA y ECOHUERTOS:<\/u><\/b><\/div>\n<div>&nbsp;<\/div>\n<div><i><b><u>Recapacicla, educaci\u00f3n para la circularidad<\/u><\/b><br \/>\nCon este bloque tem\u00e1tico se pretende impulsar la sensibilizaci\u00f3n ecol\u00f3gica y la transmisi\u00f3n de actitudes de reutilizaci\u00f3n, reciclaje y la sensibilizaci\u00f3n en materia de residuos a toda la comunidad educativa.<\/p>\n<p>Es imprescindible asumir que separando los residuos de manera correcta y facilitando su reciclaje se est\u00e1 ayudando directamente a la mejora del medio ambiente a corto y largo plazo. Aunque se est\u00e1n consiguiendo avances importantes en cuanto a reutilizaci\u00f3n y reciclado de determinados residuos, la tasa de deposici\u00f3n de residuos en vertedero sigue siendo elevada, por lo que es necesario educar, al tiempo que posibilitar, en la valoraci\u00f3n de los residuos.<\/p>\n<p>El modelo de econom\u00eda circula al contrario de la econom\u00eda lineal, hace un uso limitado de las materias primas y lleva la producci\u00f3n de residuos al m\u00ednimo. En este modelo la reutilizaci\u00f3n y la recuperaci\u00f3n de productos y materias juegan un papel fundamental.<\/p>\n<p>Para alcanzar estos objetivos el Programa desarrollar\u00e1 tres l\u00edneas de actividad:<br \/>\n<\/i><\/p>\n<ul>\n<li><i>Residuos y reciclaje<\/i><\/li>\n<li><i>Tipolog\u00eda de residuos seg\u00fan su naturaleza, su origen o su gesti\u00f3n<\/i><\/li>\n<li><i>Plan Integral de Residuos de Andaluc\u00eda. Hacia una Econom\u00eda Circular en el Horizonte 2030<\/i><\/li>\n<\/ul>\n<\/div>\n<div><i><b><u>Ecohuertos<\/u><\/b><br \/>\n<a href=\"https:\/\/blogsaverroes.juntadeandalucia.es\/iesmediterraneo\/files\/2022\/12\/ALDEA2-scaled.jpg\"><img loading=\"lazy\" decoding=\"async\" class=\"alignleft wp-image-2290 size-medium\" src=\"https:\/\/blogsaverroes.juntadeandalucia.es\/iesmediterraneo\/files\/2022\/12\/ALDEA2-300x225.jpg\" alt=\"\" width=\"300\" height=\"225\" srcset=\"https:\/\/blogsaverroes.juntadeandalucia.es\/iesmediterraneo\/files\/2022\/12\/ALDEA2-300x225.jpg 300w, https:\/\/blogsaverroes.juntadeandalucia.es\/iesmediterraneo\/files\/2022\/12\/ALDEA2-1024x768.jpg 1024w, https:\/\/blogsaverroes.juntadeandalucia.es\/iesmediterraneo\/files\/2022\/12\/ALDEA2-768x576.jpg 768w, https:\/\/blogsaverroes.juntadeandalucia.es\/iesmediterraneo\/files\/2022\/12\/ALDEA2-1536x1152.jpg 1536w, https:\/\/blogsaverroes.juntadeandalucia.es\/iesmediterraneo\/files\/2022\/12\/ALDEA2-2048x1536.jpg 2048w, https:\/\/blogsaverroes.juntadeandalucia.es\/iesmediterraneo\/files\/2022\/12\/ALDEA2-scaled.jpg 1600w\" sizes=\"(max-width: 300px) 100vw, 300px\" \/><\/a>Con este bloque tem\u00e1tico se pretende impulsar la sensibilizaci\u00f3n ecol\u00f3gica y la transmisi\u00f3n de actitudes de respeto y cuidado del medio ambiente, utilizando los Ecohuertos escolares como un recurso educativo de primer orden para reforzar contenidos curriculares y para transmitir al alumnado la importancia de las t\u00e9cnicas productivas con la alimentaci\u00f3n, en relaci\u00f3n con los ciclos naturales y el respeto al medio ambiente.<\/p>\n<p>Sembrar y plantar verduras, hortalizas y \u00e1rboles frutales tiene valor en s\u00ed mismo y ayuda a comprender la multitud de ritmos que dominan la naturaleza, la dependencia que el ser humano tiene de ella y la asincron\u00eda, cada vez m\u00e1s pronunciada, que existe entre ambos.<\/p>\n<p>Para alcanzar estos objetivos el Programa desarrollar\u00e1 tres l\u00edneas de actividad:<br \/>\n<\/i><\/p>\n<ul>\n<li><i>Identificaci\u00f3n y conservaci\u00f3n de plantas<\/i><\/li>\n<li><i>La observaci\u00f3n directa por parte del alumnado de los ritmos de la naturaleza<\/i><\/li>\n<li><i>El contacto directo con los productos naturales y ecol\u00f3gicos y sus ciclos, fomentando el consumo de los mismos seg\u00fan su estacionalidad<\/i><\/li>\n<\/ul>\n<\/div>\n<table style=\"border-collapse: collapse;width: 100%\">\n<tbody>\n<tr>\n<td style=\"width: 30.9756%\"><a href=\"https:\/\/blogsaverroes.juntadeandalucia.es\/iesmediterraneo\/files\/2022\/12\/aldea4.png\"><img loading=\"lazy\" decoding=\"async\" class=\"alignleft wp-image-2292 size-large\" src=\"https:\/\/blogsaverroes.juntadeandalucia.es\/iesmediterraneo\/files\/2022\/12\/aldea4-666x1024.png\" alt=\"\" width=\"666\" height=\"1024\" srcset=\"https:\/\/blogsaverroes.juntadeandalucia.es\/iesmediterraneo\/files\/2022\/12\/aldea4-666x1024.png 666w, https:\/\/blogsaverroes.juntadeandalucia.es\/iesmediterraneo\/files\/2022\/12\/aldea4-195x300.png 195w, https:\/\/blogsaverroes.juntadeandalucia.es\/iesmediterraneo\/files\/2022\/12\/aldea4-768x1181.png 768w, https:\/\/blogsaverroes.juntadeandalucia.es\/iesmediterraneo\/files\/2022\/12\/aldea4-999x1536.png 999w, https:\/\/blogsaverroes.juntadeandalucia.es\/iesmediterraneo\/files\/2022\/12\/aldea4-1331x2048.png 1331w, https:\/\/blogsaverroes.juntadeandalucia.es\/iesmediterraneo\/files\/2022\/12\/aldea4.png 1040w\" sizes=\"(max-width: 666px) 100vw, 666px\" \/><\/a><\/td>\n<td style=\"width: 69.0244%\">&nbsp;<\/td>\n<\/tr>\n<\/tbody>\n<\/table>\n<\/div>\n<\/div>\n<\/div>\n","protected":false},"excerpt":{"rendered":"<p>IES Mediterr\u00e1neo Proyecto de Innovaci\u00f3n ALDEA Curso: 2022-2023 ALDEA, Programa de educaci\u00f3n ambiental para la comunidad educativa, desarrollado por la&nbsp;Consejer\u00eda de Educaci\u00f3n y Deporte&nbsp;y la&nbsp;Consejer\u00eda de Agricultura, Ganader\u00eda, Pesca y Desarrollo Sostenible&nbsp;de la Junta&#46;&#46;&#46;<\/p>\n","protected":false},"author":5102,"featured_media":0,"parent":0,"menu_order":0,"comment_status":"closed","ping_status":"closed","template":"page-template-full.php","meta":{"ngg_post_thumbnail":0,"footnotes":""},"aioseo_notices":[],"_links":{"self":[{"href":"https:\/\/blogsaverroes.juntadeandalucia.es\/iesmediterraneo\/wp-json\/wp\/v2\/pages\/2288"}],"collection":[{"href":"https:\/\/blogsaverroes.juntadeandalucia.es\/iesmediterraneo\/wp-json\/wp\/v2\/pages"}],"about":[{"href":"https:\/\/blogsaverroes.juntadeandalucia.es\/iesmediterraneo\/wp-json\/wp\/v2\/types\/page"}],"author":[{"embeddable":true,"href":"https:\/\/blogsaverroes.juntadeandalucia.es\/iesmediterraneo\/wp-json\/wp\/v2\/users\/5102"}],"replies":[{"embeddable":true,"href":"https:\/\/blogsaverroes.juntadeandalucia.es\/iesmediterraneo\/wp-json\/wp\/v2\/comments?post=2288"}],"version-history":[{"count":1,"href":"https:\/\/blogsaverroes.juntadeandalucia.es\/iesmediterraneo\/wp-json\/wp\/v2\/pages\/2288\/revisions"}],"predecessor-version":[{"id":2293,"href":"https:\/\/blogsaverroes.juntadeandalucia.es\/iesmediterraneo\/wp-json\/wp\/v2\/pages\/2288\/revisions\/2293"}],"wp:attachment":[{"href":"https:\/\/blogsaverroes.juntadeandalucia.es\/iesmediterraneo\/wp-json\/wp\/v2\/media?parent=2288"}],"curies":[{"name":"wp","href":"https:\/\/api.w.org\/{rel}","templated":true}]}}

<h2><span style="color: #008000">IES Mediterráneo</span></h2>
<h2><span style="color: #339966">Proyecto de Innovación ALDEA</span></h2>
<h3><span style="color: #008080">Curso: 2022-2023</span></h3>
<hr>
<div><i><a href="https://blogsaverroes.juntadeandalucia.es/iesmediterraneo/files/2022/12/aldea3.jpg"><img loading="lazy" decoding="async" class="alignleft size-full wp-image-2289" src="https://blogsaverroes.juntadeandalucia.es/iesmediterraneo/files/2022/12/aldea3.jpg" alt="" width="400" height="172" srcset="https://blogsaverroes.juntadeandalucia.es/iesmediterraneo/files/2022/12/aldea3.jpg 400w, https://blogsaverroes.juntadeandalucia.es/iesmediterraneo/files/2022/12/aldea3-300x129.jpg 300w" sizes="(max-width: 400px) 100vw, 400px" /></a>ALDEA, Programa de educación ambiental para la comunidad educativa, desarrollado por la&nbsp;<a href="https://www.juntadeandalucia.es/educacion/portals/web/ced/" target="_blank" rel="noopener noreferrer" data-saferedirecturl="https://www.google.com/url?q=https://www.juntadeandalucia.es/educacion/portals/web/ced/&amp;source=gmail&amp;ust=1671038211752000&amp;usg=AOvVaw3JxHhHTpFjYwoI79pNzayX">Consejería de Educación y Deporte&nbsp;</a>y la&nbsp;<a href="https://juntadeandalucia.es/organismos/agriculturaganaderiapescaydesarrollosostenible.html" target="_blank" rel="noopener noreferrer" data-saferedirecturl="https://www.google.com/url?q=https://juntadeandalucia.es/organismos/agriculturaganaderiapescaydesarrollosostenible.html&amp;source=gmail&amp;ust=1671038211752000&amp;usg=AOvVaw2WGj43uemMp9UV61N6U0YQ">Consejería de Agricultura, Ganadería, Pesca y Desarrollo Sostenible</a>&nbsp;de la Junta de Andalucía, es un&nbsp;<a href="https://www.juntadeandalucia.es/educacion/portals/web/ced/planesyprogramas/programas-innovacion-educativa" target="_blank" rel="noopener noreferrer" data-saferedirecturl="https://www.google.com/url?q=https://www.juntadeandalucia.es/educacion/portals/web/ced/planesyprogramas/programas-innovacion-educativa&amp;source=gmail&amp;ust=1671038211752000&amp;usg=AOvVaw2_uJGXEcKuL_VwexcXj0HT">Programa para la Innovación Educativa</a>&nbsp;que pretende promover el desarrollo integrado de iniciativas de educación ambiental ante la situación de emergencia climática actual, la conexión con la naturaleza y renaturalización de espacios, el cambio climático, el desarrollo sostenible y las relaciones del ser humano con su entorno social y natural (competencia ecosocial) serán los ejes que vertebrarán el desarrollo de cualquier línea de intervención. en el ámbito de la comunidad educativa andaluza, al objeto de contribuir a una transformación hacia sociedades más justas, democráticas y sostenibles y permitiendo el logro de una educación integral que comparte y se asienta en los cuatro pilares educativos que propone la&nbsp;<a href="https://es.unesco.org/" target="_blank" rel="noopener noreferrer" data-saferedirecturl="https://www.google.com/url?q=https://es.unesco.org/&amp;source=gmail&amp;ust=1671038211752000&amp;usg=AOvVaw1nEaCcONnF184kbdQ6Tv9G">UNESCO</a>:&nbsp;Aprender a ser, aprender a convivir, aprender a conocer, aprender a hacer.</i></div>
<div>
<div>
<div>
<div>&nbsp;</div>
<div><b><u>En nuestro IES hemos solicitado participar en 2 líneas de trabajo: RECAPACICLA y ECOHUERTOS:</u></b></div>
<div>&nbsp;</div>
<div><i><b><u>Recapacicla, educación para la circularidad</u></b><br />
Con este bloque temático se pretende impulsar la sensibilización ecológica y la transmisión de actitudes de reutilización, reciclaje y la sensibilización en materia de residuos a toda la comunidad educativa.</p>
<p>Es imprescindible asumir que separando los residuos de manera correcta y facilitando su reciclaje se está ayudando directamente a la mejora del medio ambiente a corto y largo plazo. Aunque se están consiguiendo avances importantes en cuanto a reutilización y reciclado de determinados residuos, la tasa de deposición de residuos en vertedero sigue siendo elevada, por lo que es necesario educar, al tiempo que posibilitar, en la valoración de los residuos.</p>
<p>El modelo de economía circula al contrario de la economía lineal, hace un uso limitado de las materias primas y lleva la producción de residuos al mínimo. En este modelo la reutilización y la recuperación de productos y materias juegan un papel fundamental.</p>
<p>Para alcanzar estos objetivos el Programa desarrollará tres líneas de actividad:<br />
</i></p>
<ul>
<li><i>Residuos y reciclaje</i></li>
<li><i>Tipología de residuos según su naturaleza, su origen o su gestión</i></li>
<li><i>Plan Integral de Residuos de Andalucía. Hacia una Economía Circular en el Horizonte 2030</i></li>
</ul>
</div>
<div><i><b><u>Ecohuertos</u></b><br />
<a href="https://blogsaverroes.juntadeandalucia.es/iesmediterraneo/files/2022/12/ALDEA2-scaled.jpg"><img loading="lazy" decoding="async" class="alignleft wp-image-2290 size-medium" src="https://blogsaverroes.juntadeandalucia.es/iesmediterraneo/files/2022/12/ALDEA2-300x225.jpg" alt="" width="300" height="225" srcset="https://blogsaverroes.juntadeandalucia.es/iesmediterraneo/files/2022/12/ALDEA2-300x225.jpg 300w, https://blogsaverroes.juntadeandalucia.es/iesmediterraneo/files/2022/12/ALDEA2-1024x768.jpg 1024w, https://blogsaverroes.juntadeandalucia.es/iesmediterraneo/files/2022/12/ALDEA2-768x576.jpg 768w, https://blogsaverroes.juntadeandalucia.es/iesmediterraneo/files/2022/12/ALDEA2-1536x1152.jpg 1536w, https://blogsaverroes.juntadeandalucia.es/iesmediterraneo/files/2022/12/ALDEA2-2048x1536.jpg 2048w, https://blogsaverroes.juntadeandalucia.es/iesmediterraneo/files/2022/12/ALDEA2-scaled.jpg 1600w" sizes="(max-width: 300px) 100vw, 300px" /></a>Con este bloque temático se pretende impulsar la sensibilización ecológica y la transmisión de actitudes de respeto y cuidado del medio ambiente, utilizando los Ecohuertos escolares como un recurso educativo de primer orden para reforzar contenidos curriculares y para transmitir al alumnado la importancia de las técnicas productivas con la alimentación, en relación con los ciclos naturales y el respeto al medio ambiente.</p>
<p>Sembrar y plantar verduras, hortalizas y árboles frutales tiene valor en sí mismo y ayuda a comprender la multitud de ritmos que dominan la naturaleza, la dependencia que el ser humano tiene de ella y la asincronía, cada vez más pronunciada, que existe entre ambos.</p>
<p>Para alcanzar estos objetivos el Programa desarrollará tres líneas de actividad:<br />
</i></p>
<ul>
<li><i>Identificación y conservación de plantas</i></li>
<li><i>La observación directa por parte del alumnado de los ritmos de la naturaleza</i></li>
<li><i>El contacto directo con los productos naturales y ecológicos y sus ciclos, fomentando el consumo de los mismos según su estacionalidad</i></li>
</ul>
</div>
<table style="border-collapse: collapse;width: 100%">
<tbody>
<tr>
<td style="width: 30.9756%"><a href="https://blogsaverroes.juntadeandalucia.es/iesmediterraneo/files/2022/12/aldea4.png"><img loading="lazy" decoding="async" class="alignleft wp-image-2292 size-large" src="https://blogsaverroes.juntadeandalucia.es/iesmediterraneo/files/2022/12/aldea4-666x1024.png" alt="" width="666" height="1024" srcset="https://blogsaverroes.juntadeandalucia.es/iesmediterraneo/files/2022/12/aldea4-666x1024.png 666w, https://blogsaverroes.juntadeandalucia.es/iesmediterraneo/files/2022/12/aldea4-195x300.png 195w, https://blogsaverroes.juntadeandalucia.es/iesmediterraneo/files/2022/12/aldea4-768x1181.png 768w, https://blogsaverroes.juntadeandalucia.es/iesmediterraneo/files/2022/12/aldea4-999x1536.png 999w, https://blogsaverroes.juntadeandalucia.es/iesmediterraneo/files/2022/12/aldea4-1331x2048.png 1331w, https://blogsaverroes.juntadeandalucia.es/iesmediterraneo/files/2022/12/aldea4.png 1040w" sizes="(max-width: 666px) 100vw, 666px" /></a></td>
<td style="width: 69.0244%">&nbsp;</td>
</tr>
</tbody>
</table>
</div>
</div>
</div>

<p>IES Mediterráneo Proyecto de Innovación ALDEA Curso: 2022-2023 ALDEA, Programa de educación ambiental para la comunidad educativa, desarrollado por la&nbsp;Consejería de Educación y Deporte&nbsp;y la&nbsp;Consejería de Agricultura, Ganadería, Pesca y Desarrollo Sostenible&nbsp;de la Junta&#46;&#46;&#46;</p>
