{"id":2298,"date":"2022-12-23T09:42:17","date_gmt":"2022-12-23T09:42:17","guid":{"rendered":"https:\/\/blogsaverroes.juntadeandalucia.es\/iesmediterraneo\/?page_id=2298"},"modified":"2022-12-23T09:45:15","modified_gmt":"2022-12-23T09:45:15","slug":"comunica","status":"publish","type":"page","link":"https:\/\/blogsaverroes.juntadeandalucia.es\/iesmediterraneo\/comunica\/","title":{"rendered":"COMUNICA"},"content":{"rendered":"<h1><span style=\"color: #008080\">COMUNICA 2022-2023<\/span><\/h1>\n<table style=\"border-collapse: collapse;width: 77.0938%\">\n<tbody>\n<tr>\n<td style=\"width: 31.6972%;text-align: center;vertical-align: middle\"><a href=\"https:\/\/blogsaverroes.juntadeandalucia.es\/iesmediterraneo\/files\/2022\/12\/comunica.png\"><img loading=\"lazy\" decoding=\"async\" class=\"alignleft size-full wp-image-2299\" src=\"https:\/\/blogsaverroes.juntadeandalucia.es\/iesmediterraneo\/files\/2022\/12\/comunica.png\" alt=\"\" width=\"512\" height=\"557\" srcset=\"https:\/\/blogsaverroes.juntadeandalucia.es\/iesmediterraneo\/files\/2022\/12\/comunica.png 512w, https:\/\/blogsaverroes.juntadeandalucia.es\/iesmediterraneo\/files\/2022\/12\/comunica-276x300.png 276w\" sizes=\"(max-width: 512px) 100vw, 512px\" \/><\/a><\/td>\n<td style=\"width: 49.7518%;text-align: center;vertical-align: middle\"><a href=\"https:\/\/blogsaverroes.juntadeandalucia.es\/iesmediterraneo\/files\/2022\/12\/comunica-2.png\"><img loading=\"lazy\" decoding=\"async\" class=\"alignleft wp-image-2300\" src=\"https:\/\/blogsaverroes.juntadeandalucia.es\/iesmediterraneo\/files\/2022\/12\/comunica-2.png\" alt=\"\" width=\"822\" height=\"319\" srcset=\"https:\/\/blogsaverroes.juntadeandalucia.es\/iesmediterraneo\/files\/2022\/12\/comunica-2.png 616w, https:\/\/blogsaverroes.juntadeandalucia.es\/iesmediterraneo\/files\/2022\/12\/comunica-2-300x116.png 300w\" sizes=\"(max-width: 822px) 100vw, 822px\" \/><\/a><\/td>\n<\/tr>\n<\/tbody>\n<\/table>\n<p><a href=\"https:\/\/blogsaverroes.juntadeandalucia.es\/iesmediterraneo\/files\/2022\/12\/Plan-de-actuaci\u00f3n-22-23.-IES-MEDITERR\u00c1NEO-SALOBRE\u00d1A.pdf\">Plan de actuaci\u00f3n 2022-2023<\/a><\/p>\n<p><a href=\"https:\/\/www.instagram.com\/comunicaiesmediterraneo\/\">Redes sociales. Instagram<\/a><\/p>\n","protected":false},"excerpt":{"rendered":"<p>COMUNICA 2022-2023 Plan de actuaci\u00f3n 2022-2023 Redes sociales. Instagram<\/p>\n","protected":false},"author":5102,"featured_media":0,"parent":0,"menu_order":0,"comment_status":"closed","ping_status":"closed","template":"page-template-full.php","meta":{"ngg_post_thumbnail":0,"footnotes":""},"aioseo_notices":[],"_links":{"self":[{"href":"https:\/\/blogsaverroes.juntadeandalucia.es\/iesmediterraneo\/wp-json\/wp\/v2\/pages\/2298"}],"collection":[{"href":"https:\/\/blogsaverroes.juntadeandalucia.es\/iesmediterraneo\/wp-json\/wp\/v2\/pages"}],"about":[{"href":"https:\/\/blogsaverroes.juntadeandalucia.es\/iesmediterraneo\/wp-json\/wp\/v2\/types\/page"}],"author":[{"embeddable":true,"href":"https:\/\/blogsaverroes.juntadeandalucia.es\/iesmediterraneo\/wp-json\/wp\/v2\/users\/5102"}],"replies":[{"embeddable":true,"href":"https:\/\/blogsaverroes.juntadeandalucia.es\/iesmediterraneo\/wp-json\/wp\/v2\/comments?post=2298"}],"version-history":[{"count":5,"href":"https:\/\/blogsaverroes.juntadeandalucia.es\/iesmediterraneo\/wp-json\/wp\/v2\/pages\/2298\/revisions"}],"predecessor-version":[{"id":2306,"href":"https:\/\/blogsaverroes.juntadeandalucia.es\/iesmediterraneo\/wp-json\/wp\/v2\/pages\/2298\/revisions\/2306"}],"wp:attachment":[{"href":"https:\/\/blogsaverroes.juntadeandalucia.es\/iesmediterraneo\/wp-json\/wp\/v2\/media?parent=2298"}],"curies":[{"name":"wp","href":"https:\/\/api.w.org\/{rel}","templated":true}]}}