{"id":239,"date":"2017-06-13T18:22:58","date_gmt":"2017-06-13T18:22:58","guid":{"rendered":"https:\/\/blogsaverroes.juntadeandalucia.es\/iesmediterraneo\/?page_id=239"},"modified":"2023-09-06T06:18:46","modified_gmt":"2023-09-06T06:18:46","slug":"eso","status":"publish","type":"page","link":"https:\/\/blogsaverroes.juntadeandalucia.es\/iesmediterraneo\/centro\/ensenanzas\/eso\/","title":{"rendered":"ESO"},"content":{"rendered":"<div id=\"p_p_id_ABACO_WEB_WAR_abacoportlet_INSTANCE_gh7g8w7wkQr8_\" class=\"portlet-boundary portlet-boundary_ABACO_WEB_WAR_abacoportlet_ portlet-static portlet-static-end \">\n<section id=\"portlet_ABACO_WEB_WAR_abacoportlet_INSTANCE_gh7g8w7wkQr8\" class=\"portlet\">\n<header class=\"portlet-topper\">\n<h1 class=\"portlet-title\"><span class=\"portlet-title-text\" style=\"color: #008000;font-size: 24pt\">Educaci\u00f3n Secundaria Obligatoria: Descripci\u00f3n de la etapa<\/span><\/h1>\n<hr>\n<menu id=\"portlet-topper-toolbar_ABACO_WEB_WAR_abacoportlet_INSTANCE_gh7g8w7wkQr8\" class=\"portlet-topper-toolbar\" type=\"toolbar\"><\/menu>\n<\/header>\n<div class=\"portlet-content\">\n<div class=\" portlet-content-container\">\n<div class=\"portlet-body\">\n<div class=\"contenido_portlet \">\n<div class=\"portlet_web\">\n<div class=\"detalle web\">\n<div class=\"contenido_detalle\">\n<section class=\"cuerpo detalle_html\">\n<div class=\"inner_cuerpo\">\n<p>&nbsp;<\/p>\n<\/div>\n<\/section>\n<section class=\"section_widget_abaco documentos doc_relacionados_web\">\n<header><\/header>\n<div class=\"wrapper-listado\">\n<div class=\"item_icon icopdf\" style=\"line-height: 1.5\">\n<h2><span style=\"font-size: 18pt\">Normativa<\/span><\/h2>\n<hr>\n<table style=\"width: 60.6988%\">\n<tbody>\n<tr>\n<td style=\"background-color: #438529;width: 1.63043%\">&nbsp;<\/td>\n<td style=\"background-color: #099c13;width: 115.435%\"><span style=\"color: #ffffff\"><b><i>Reales Decretos<\/i><\/b><\/span><\/td>\n<\/tr>\n<tr>\n<td style=\"width: 117.065%\" colspan=\"2\">\n<ul>\n<li class=\"documento-tit\"><a href=\"https:\/\/www.boe.es\/eli\/es\/rd\/2022\/03\/29\/217\">Real Decreto 217\/2022, de 29 de marzo, por el que se establece la ordenaci\u00f3n y las ense\u00f1anzas m\u00ednimas de la Educaci\u00f3n Secundaria Obligatoria <\/a><\/li>\n<\/ul>\n<\/td>\n<\/tr>\n<tr>\n<td style=\"background-color: #438529;width: 1.63043%\">&nbsp;<\/td>\n<td style=\"background-color: #099c13;width: 115.435%\"><span style=\"color: #ffffff\"><b><i>Normativa Junta Andaluc\u00eda<\/i><\/b><\/span><\/td>\n<\/tr>\n<tr>\n<td style=\"width: 117.065%\" colspan=\"2\">\n<ul>\n<li><a href=\"https:\/\/juntadeandalucia.es\/eboja\/2023\/90\/BOJA23-090-00035-8471-01_00283504.pdf\">Decreto 102\/2023, de 9 de mayo, por el que se establece la ordenaci\u00f3n y el curr\u00edculo de la etapa de Educaci\u00f3n Secundaria Obligatoria en la Comunidad Aut\u00f3noma de Andaluc\u00eda.<\/a><\/li>\n<li><a href=\"https:\/\/juntadeandalucia.es\/boja\/2023\/104\/36\">Orden de 30 de mayo de 2023, por la que se desarrolla el curr\u00edculo correspondiente a la etapa de Educaci\u00f3n Secundaria Obligatoria en la Comunidad Aut\u00f3noma de Andaluc\u00eda, se regulan determinados aspectos de la atenci\u00f3n a la diversidad y a las diferencias individuales se establece la ordenaci\u00f3n de la evaluaci\u00f3n del proceso de aprendizaje del alumnado y se determina el proceso de tr\u00e1nsito entre las diferentes etapas educativas. <\/a><\/li>\n<\/ul>\n<\/td>\n<\/tr>\n<\/tbody>\n<\/table>\n<\/div>\n<\/div>\n<\/section>\n<\/div>\n<\/div>\n<\/div>\n<\/div>\n<\/div>\n<\/div>\n<\/div>\n<\/section>\n<\/div>\n","protected":false},"excerpt":{"rendered":"<p>Educaci\u00f3n Secundaria Obligatoria: Descripci\u00f3n de la etapa &nbsp; Normativa &nbsp; Reales Decretos Real Decreto 217\/2022, de 29 de marzo, por el que se establece la ordenaci\u00f3n y las ense\u00f1anzas m\u00ednimas de la Educaci\u00f3n Secundaria&#46;&#46;&#46;<\/p>\n","protected":false},"author":5102,"featured_media":0,"parent":237,"menu_order":0,"comment_status":"closed","ping_status":"closed","template":"","meta":{"ngg_post_thumbnail":0,"footnotes":""},"aioseo_notices":[],"_links":{"self":[{"href":"https:\/\/blogsaverroes.juntadeandalucia.es\/iesmediterraneo\/wp-json\/wp\/v2\/pages\/239"}],"collection":[{"href":"https:\/\/blogsaverroes.juntadeandalucia.es\/iesmediterraneo\/wp-json\/wp\/v2\/pages"}],"about":[{"href":"https:\/\/blogsaverroes.juntadeandalucia.es\/iesmediterraneo\/wp-json\/wp\/v2\/types\/page"}],"author":[{"embeddable":true,"href":"https:\/\/blogsaverroes.juntadeandalucia.es\/iesmediterraneo\/wp-json\/wp\/v2\/users\/5102"}],"replies":[{"embeddable":true,"href":"https:\/\/blogsaverroes.juntadeandalucia.es\/iesmediterraneo\/wp-json\/wp\/v2\/comments?post=239"}],"version-history":[{"count":6,"href":"https:\/\/blogsaverroes.juntadeandalucia.es\/iesmediterraneo\/wp-json\/wp\/v2\/pages\/239\/revisions"}],"predecessor-version":[{"id":2352,"href":"https:\/\/blogsaverroes.juntadeandalucia.es\/iesmediterraneo\/wp-json\/wp\/v2\/pages\/239\/revisions\/2352"}],"up":[{"embeddable":true,"href":"https:\/\/blogsaverroes.juntadeandalucia.es\/iesmediterraneo\/wp-json\/wp\/v2\/pages\/237"}],"wp:attachment":[{"href":"https:\/\/blogsaverroes.juntadeandalucia.es\/iesmediterraneo\/wp-json\/wp\/v2\/media?parent=239"}],"curies":[{"name":"wp","href":"https:\/\/api.w.org\/{rel}","templated":true}]}}