{"id":325,"date":"2017-06-24T11:59:06","date_gmt":"2017-06-24T11:59:06","guid":{"rendered":"https:\/\/blogsaverroes.juntadeandalucia.es\/iesmediterraneo\/?page_id=325"},"modified":"2024-03-11T09:48:26","modified_gmt":"2024-03-11T09:48:26","slug":"admision-y-matriculacion","status":"publish","type":"page","link":"https:\/\/blogsaverroes.juntadeandalucia.es\/iesmediterraneo\/secrataria\/admision-y-matriculacion\/","title":{"rendered":"Admisi\u00f3n y Matriculaci\u00f3n"},"content":{"rendered":"<table style=\"width: 889px\">\n<tbody>\n<tr style=\"height: 22px\">\n<td style=\"width: 907px;height: 22px\" colspan=\"2\">\n<h2><strong><span style=\"color: #008080\">Documentos y enlaces Escolarizaci\u00f3n 2023-2024 Junta de Andaluc\u00eda<\/span><\/strong><\/h2>\n<\/td>\n<\/tr>\n<tr style=\"height: 22px\">\n<td style=\"width: 32px;height: 22px\">&nbsp;<\/td>\n<td style=\"width: 875px;height: 22px;text-align: left;vertical-align: middle\"><a href=\"https:\/\/www.juntadeandalucia.es\/educacion\/secretariavirtual\/accesoTramite\/439\/\">Secretar\u00eda Virtual. Acceso a Admisi\u00f3n en centros docentes<\/a><\/td>\n<\/tr>\n<tr style=\"height: 34px\">\n<td style=\"width: 32px;height: 34px\"><a href=\"https:\/\/blogsaverroes.juntadeandalucia.es\/iesmediterraneo\/files\/2017\/06\/pdf.png\"><img loading=\"lazy\" decoding=\"async\" class=\"alignleft size-large wp-image-255\" src=\"https:\/\/blogsaverroes.juntadeandalucia.es\/iesmediterraneo\/files\/2017\/06\/pdf-825x1024.png\" alt=\"\" width=\"825\" height=\"1024\" srcset=\"https:\/\/blogsaverroes.juntadeandalucia.es\/iesmediterraneo\/files\/2017\/06\/pdf-825x1024.png 825w, https:\/\/blogsaverroes.juntadeandalucia.es\/iesmediterraneo\/files\/2017\/06\/pdf-242x300.png 242w, https:\/\/blogsaverroes.juntadeandalucia.es\/iesmediterraneo\/files\/2017\/06\/pdf-768x953.png 768w, https:\/\/blogsaverroes.juntadeandalucia.es\/iesmediterraneo\/files\/2017\/06\/pdf-19x24.png 19w, https:\/\/blogsaverroes.juntadeandalucia.es\/iesmediterraneo\/files\/2017\/06\/pdf-29x36.png 29w, https:\/\/blogsaverroes.juntadeandalucia.es\/iesmediterraneo\/files\/2017\/06\/pdf-39x48.png 39w, https:\/\/blogsaverroes.juntadeandalucia.es\/iesmediterraneo\/files\/2017\/06\/pdf.png 1280w\" sizes=\"(max-width: 825px) 100vw, 825px\" \/><\/a><\/td>\n<td style=\"width: 875px;height: 34px;text-align: left;vertical-align: middle\"><a href=\"https:\/\/blogsaverroes.juntadeandalucia.es\/iesmediterraneo\/files\/2017\/06\/ANEXO-III-1.pdf\">ANEXO III (1)<\/a> Impresos de admisi\u00f3n y matriculaci\u00f3n. Descarga del impreso<\/td>\n<\/tr>\n<tr style=\"height: 35px\">\n<td style=\"width: 32px;height: 35px\"><img decoding=\"async\" src=\"https:\/\/blogsaverroes.juntadeandalucia.es\/iesmediterraneo\/files\/2017\/06\/Webpage-icon-300x300.png\"><\/td>\n<td style=\"width: 875px;height: 35px;text-align: left;vertical-align: middle\">&nbsp;<a href=\"http:\/\/www.juntadeandalucia.es\/educacion\/portals\/web\/escolarizacion\/infantil-a-bachillerato\/normativa\" target=\"_blank\" rel=\"noopener noreferrer\">Normativa<\/a><\/td>\n<\/tr>\n<tr style=\"height: 33px\">\n<td style=\"width: 32px;height: 33px\"><img decoding=\"async\" src=\"https:\/\/blogsaverroes.juntadeandalucia.es\/iesmediterraneo\/files\/2017\/06\/Webpage-icon-300x300.png\"><\/td>\n<td style=\"width: 875px;height: 33px;text-align: left;vertical-align: middle\">&nbsp;<a href=\"http:\/\/www.juntadeandalucia.es\/educacion\/portals\/web\/escolarizacion\/infantil-a-bachillerato\/calendario\" target=\"_blank\" rel=\"noopener noreferrer\">Calendario<\/a><\/td>\n<\/tr>\n<tr style=\"height: 33px\">\n<td style=\"width: 32px;height: 33px\"><img decoding=\"async\" src=\"https:\/\/blogsaverroes.juntadeandalucia.es\/iesmediterraneo\/files\/2017\/06\/Webpage-icon-300x300.png\"><\/td>\n<td style=\"width: 875px;height: 33px;text-align: left;vertical-align: middle\"><a href=\"http:\/\/www.juntadeandalucia.es\/educacion\/portals\/web\/escolarizacion\/infantil-a-bachillerato\/autobaremo\" target=\"_blank\" rel=\"noopener noreferrer\">Autobaremo<\/a><\/td>\n<\/tr>\n<tr style=\"height: 33px\">\n<td style=\"width: 32px;height: 33px\"><img decoding=\"async\" src=\"https:\/\/blogsaverroes.juntadeandalucia.es\/iesmediterraneo\/files\/2017\/06\/Webpage-icon-300x300.png\"><\/td>\n<td style=\"width: 875px;height: 33px;text-align: left;vertical-align: middle\"><a href=\"http:\/\/www.juntadeandalucia.es\/educacion\/portals\/web\/escolarizacion\/infantil-a-bachillerato\/preguntas-frecuentes\" target=\"_blank\" rel=\"noopener noreferrer\">Preguntas frecuentes<\/a><\/td>\n<\/tr>\n<tr style=\"height: 33px\">\n<td style=\"width: 32px;height: 33px\"><img decoding=\"async\" src=\"https:\/\/blogsaverroes.juntadeandalucia.es\/iesmediterraneo\/files\/2017\/06\/Webpage-icon-300x300.png\"><\/td>\n<td style=\"width: 875px;height: 33px;text-align: left;vertical-align: middle\"><a href=\"http:\/\/www.juntadeandalucia.es\/educacion\/portals\/web\/escolarizacion\/infantil-a-bachillerato\/consultas\" target=\"_blank\" rel=\"noopener noreferrer\">Consulta del \u00e1rea de influencia para la admisi\u00f3n en un centro educativo<\/a><\/td>\n<\/tr>\n<\/tbody>\n<\/table>\n<header class=\"portlet-topper\">\n<h3 class=\"portlet-title\"><span class=\"portlet-title-text\" style=\"color: #008000\">Presentaci\u00f3n telem\u00e1tica de la solicitud<\/span><\/h3>\n<menu id=\"portlet-topper-toolbar_ABACO_WEB_WAR_abacoportlet_INSTANCE_xVpOgh34quyL\" class=\"portlet-topper-toolbar\" type=\"toolbar\"><\/menu>\n<\/header>\n<div class=\"portlet-content\">\n<div class=\" portlet-content-container\">\n<div class=\"portlet-body\">\n<div class=\"contenido_portlet \">\n<div class=\"portlet_web\">\n<div class=\"detalle web\">\n<div class=\"contenido_detalle\">\n<section class=\"cuerpo detalle_html\">\n<div class=\"inner_cuerpo\">\n<h3 class=\"tituloCajaColor\">SECRETAR\u00cdA VIRTUAL<\/h3>\n<p>La solicitud de admisi\u00f3n podr\u00e1 realizarse a trav\u00e9s de la <strong>Secretar\u00eda Virtual<\/strong>&nbsp;de conformidad con lo establecido en el <strong>art\u00edculo 49 del Decreto 40\/2011, de 22 de febrero.<\/strong><\/p>\n<p>Para realizar la presentaci\u00f3n telem\u00e1tica se requiere un certificado digital reconocido para cada uno de los miembros de la unidad familiar que deban firmar la solicitud.<\/p>\n<p>La persona que tramita la solicitud no podr\u00e1 realizar la presentaci\u00f3n telem\u00e1tica de la misma y obtener el correspondiente recibo electr\u00f3nico, hasta&nbsp;que todos los miembros de la unidad familiar que deban firmar alguna autorizaci\u00f3n,&nbsp;la hayan firmado electr\u00f3nicamente.<\/p>\n<\/div>\n<\/section>\n<section class=\"section_widget_abaco enlaces links_relacionados_web\">\n<header>\n<h3 class=\"titulo\">Tramitaci\u00f3n telem\u00e1tica<\/h3>\n<\/header>\n<div class=\"wrapper-listado\">\n<ul class=\"listado\">\n<li class=\"item item_listado\">\n<div class=\"inner-item\"><a class=\"ico_enlaceExt\" title=\"Se abre en una nueva ventana\" href=\"https:\/\/www.juntadeandalucia.es\/educacion\/secretariavirtual\/\" target=\"_blank\" rel=\"noopener noreferrer\">Acceso a la Secretar\u00eda Virtual<\/a><\/div>\n<\/li>\n<\/ul>\n<\/div>\n<\/section>\n<\/div>\n<\/div>\n<\/div>\n<\/div>\n<\/div>\n<\/div>\n<\/div>\n","protected":false},"excerpt":{"rendered":"<p>Documentos y enlaces Escolarizaci\u00f3n 2023-2024 Junta de Andaluc\u00eda &nbsp; Secretar\u00eda Virtual. Acceso a Admisi\u00f3n en centros docentes ANEXO III (1) Impresos de admisi\u00f3n y matriculaci\u00f3n. Descarga del impreso &nbsp;Normativa &nbsp;Calendario Autobaremo Preguntas frecuentes Consulta&#46;&#46;&#46;<\/p>\n","protected":false},"author":5102,"featured_media":0,"parent":139,"menu_order":0,"comment_status":"closed","ping_status":"closed","template":"page-template-full.php","meta":{"ngg_post_thumbnail":0,"footnotes":""},"aioseo_notices":[],"_links":{"self":[{"href":"https:\/\/blogsaverroes.juntadeandalucia.es\/iesmediterraneo\/wp-json\/wp\/v2\/pages\/325"}],"collection":[{"href":"https:\/\/blogsaverroes.juntadeandalucia.es\/iesmediterraneo\/wp-json\/wp\/v2\/pages"}],"about":[{"href":"https:\/\/blogsaverroes.juntadeandalucia.es\/iesmediterraneo\/wp-json\/wp\/v2\/types\/page"}],"author":[{"embeddable":true,"href":"https:\/\/blogsaverroes.juntadeandalucia.es\/iesmediterraneo\/wp-json\/wp\/v2\/users\/5102"}],"replies":[{"embeddable":true,"href":"https:\/\/blogsaverroes.juntadeandalucia.es\/iesmediterraneo\/wp-json\/wp\/v2\/comments?post=325"}],"version-history":[{"count":9,"href":"https:\/\/blogsaverroes.juntadeandalucia.es\/iesmediterraneo\/wp-json\/wp\/v2\/pages\/325\/revisions"}],"predecessor-version":[{"id":2368,"href":"https:\/\/blogsaverroes.juntadeandalucia.es\/iesmediterraneo\/wp-json\/wp\/v2\/pages\/325\/revisions\/2368"}],"up":[{"embeddable":true,"href":"https:\/\/blogsaverroes.juntadeandalucia.es\/iesmediterraneo\/wp-json\/wp\/v2\/pages\/139"}],"wp:attachment":[{"href":"https:\/\/blogsaverroes.juntadeandalucia.es\/iesmediterraneo\/wp-json\/wp\/v2\/media?parent=325"}],"curies":[{"name":"wp","href":"https:\/\/api.w.org\/{rel}","templated":true}]}}

Admisión y Matriculación

<table style="width: 889px">
<tbody>
<tr style="height: 22px">
<td style="width: 907px;height: 22px" colspan="2">
<h2><strong><span style="color: #008080">Documentos y enlaces Escolarización 2023-2024 Junta de Andalucía</span></strong></h2>
</td>
</tr>
<tr style="height: 22px">
<td style="width: 32px;height: 22px">&nbsp;</td>
<td style="width: 875px;height: 22px;text-align: left;vertical-align: middle"><a href="https://www.juntadeandalucia.es/educacion/secretariavirtual/accesoTramite/439/">Secretaría Virtual. Acceso a Admisión en centros docentes</a></td>
</tr>
<tr style="height: 34px">
<td style="width: 32px;height: 34px"><a href="https://blogsaverroes.juntadeandalucia.es/iesmediterraneo/files/2017/06/pdf.png"><img loading="lazy" decoding="async" class="alignleft size-large wp-image-255" src="https://blogsaverroes.juntadeandalucia.es/iesmediterraneo/files/2017/06/pdf-825x1024.png" alt="" width="825" height="1024" srcset="https://blogsaverroes.juntadeandalucia.es/iesmediterraneo/files/2017/06/pdf-825x1024.png 825w, https://blogsaverroes.juntadeandalucia.es/iesmediterraneo/files/2017/06/pdf-242x300.png 242w, https://blogsaverroes.juntadeandalucia.es/iesmediterraneo/files/2017/06/pdf-768x953.png 768w, https://blogsaverroes.juntadeandalucia.es/iesmediterraneo/files/2017/06/pdf-19x24.png 19w, https://blogsaverroes.juntadeandalucia.es/iesmediterraneo/files/2017/06/pdf-29x36.png 29w, https://blogsaverroes.juntadeandalucia.es/iesmediterraneo/files/2017/06/pdf-39x48.png 39w, https://blogsaverroes.juntadeandalucia.es/iesmediterraneo/files/2017/06/pdf.png 1280w" sizes="(max-width: 825px) 100vw, 825px" /></a></td>
<td style="width: 875px;height: 34px;text-align: left;vertical-align: middle"><a href="https://blogsaverroes.juntadeandalucia.es/iesmediterraneo/files/2017/06/ANEXO-III-1.pdf">ANEXO III (1)</a> Impresos de admisión y matriculación. Descarga del impreso</td>
</tr>
<tr style="height: 35px">
<td style="width: 32px;height: 35px"><img decoding="async" src="https://blogsaverroes.juntadeandalucia.es/iesmediterraneo/files/2017/06/Webpage-icon-300x300.png"></td>
<td style="width: 875px;height: 35px;text-align: left;vertical-align: middle">&nbsp;<a href="http://www.juntadeandalucia.es/educacion/portals/web/escolarizacion/infantil-a-bachillerato/normativa" target="_blank" rel="noopener noreferrer">Normativa</a></td>
</tr>
<tr style="height: 33px">
<td style="width: 32px;height: 33px"><img decoding="async" src="https://blogsaverroes.juntadeandalucia.es/iesmediterraneo/files/2017/06/Webpage-icon-300x300.png"></td>
<td style="width: 875px;height: 33px;text-align: left;vertical-align: middle">&nbsp;<a href="http://www.juntadeandalucia.es/educacion/portals/web/escolarizacion/infantil-a-bachillerato/calendario" target="_blank" rel="noopener noreferrer">Calendario</a></td>
</tr>
<tr style="height: 33px">
<td style="width: 32px;height: 33px"><img decoding="async" src="https://blogsaverroes.juntadeandalucia.es/iesmediterraneo/files/2017/06/Webpage-icon-300x300.png"></td>
<td style="width: 875px;height: 33px;text-align: left;vertical-align: middle"><a href="http://www.juntadeandalucia.es/educacion/portals/web/escolarizacion/infantil-a-bachillerato/autobaremo" target="_blank" rel="noopener noreferrer">Autobaremo</a></td>
</tr>
<tr style="height: 33px">
<td style="width: 32px;height: 33px"><img decoding="async" src="https://blogsaverroes.juntadeandalucia.es/iesmediterraneo/files/2017/06/Webpage-icon-300x300.png"></td>
<td style="width: 875px;height: 33px;text-align: left;vertical-align: middle"><a href="http://www.juntadeandalucia.es/educacion/portals/web/escolarizacion/infantil-a-bachillerato/preguntas-frecuentes" target="_blank" rel="noopener noreferrer">Preguntas frecuentes</a></td>
</tr>
<tr style="height: 33px">
<td style="width: 32px;height: 33px"><img decoding="async" src="https://blogsaverroes.juntadeandalucia.es/iesmediterraneo/files/2017/06/Webpage-icon-300x300.png"></td>
<td style="width: 875px;height: 33px;text-align: left;vertical-align: middle"><a href="http://www.juntadeandalucia.es/educacion/portals/web/escolarizacion/infantil-a-bachillerato/consultas" target="_blank" rel="noopener noreferrer">Consulta del área de influencia para la admisión en un centro educativo</a></td>
</tr>
</tbody>
</table>
<header class="portlet-topper">
<h3 class="portlet-title"><span class="portlet-title-text" style="color: #008000">Presentación telemática de la solicitud</span></h3>
<menu id="portlet-topper-toolbar_ABACO_WEB_WAR_abacoportlet_INSTANCE_xVpOgh34quyL" class="portlet-topper-toolbar" type="toolbar"></menu>
</header>
<div class="portlet-content">
<div class=" portlet-content-container">
<div class="portlet-body">
<div class="contenido_portlet ">
<div class="portlet_web">
<div class="detalle web">
<div class="contenido_detalle">
<section class="cuerpo detalle_html">
<div class="inner_cuerpo">
<h3 class="tituloCajaColor">SECRETARÍA VIRTUAL</h3>
<p>La solicitud de admisión podrá realizarse a través de la <strong>Secretaría Virtual</strong>&nbsp;de conformidad con lo establecido en el <strong>artículo 49 del Decreto 40/2011, de 22 de febrero.</strong></p>
<p>Para realizar la presentación telemática se requiere un certificado digital reconocido para cada uno de los miembros de la unidad familiar que deban firmar la solicitud.</p>
<p>La persona que tramita la solicitud no podrá realizar la presentación telemática de la misma y obtener el correspondiente recibo electrónico, hasta&nbsp;que todos los miembros de la unidad familiar que deban firmar alguna autorización,&nbsp;la hayan firmado electrónicamente.</p>
</div>
</section>
<section class="section_widget_abaco enlaces links_relacionados_web">
<header>
<h3 class="titulo">Tramitación telemática</h3>
</header>
<div class="wrapper-listado">
<ul class="listado">
<li class="item item_listado">
<div class="inner-item"><a class="ico_enlaceExt" title="Se abre en una nueva ventana" href="https://www.juntadeandalucia.es/educacion/secretariavirtual/" target="_blank" rel="noopener noreferrer">Acceso a la Secretaría Virtual</a></div>
</li>
</ul>
</div>
</section>
</div>
</div>
</div>
</div>
</div>
</div>
</div>

<p>Documentos y enlaces Escolarización 2023-2024 Junta de Andalucía &nbsp; Secretaría Virtual. Acceso a Admisión en centros docentes ANEXO III (1) Impresos de admisión y matriculación. Descarga del impreso &nbsp;Normativa &nbsp;Calendario Autobaremo Preguntas frecuentes Consulta&#46;&#46;&#46;</p>
