{"id":345,"date":"2017-06-25T11:38:29","date_gmt":"2017-06-25T11:38:29","guid":{"rendered":"https:\/\/blogsaverroes.juntadeandalucia.es\/iesmediterraneo\/?page_id=345"},"modified":"2026-04-09T11:57:15","modified_gmt":"2026-04-09T11:57:15","slug":"profesorado","status":"publish","type":"page","link":"https:\/\/blogsaverroes.juntadeandalucia.es\/iesmediterraneo\/profesorado\/","title":{"rendered":"PROFESORADO"},"content":{"rendered":"<h1>PROFESORADO<\/h1>\n<hr>\n<h2><span style=\"color: #008080\">Correos corporativos del profesorado del IES Mediterr\u00e1neo<\/span><\/h2>\n<ul>\n<li style=\"list-style-type: none\">\n<ul>\n<li style=\"list-style-type: none\">\n<ul>\n<li><strong><span style=\"color: #0000ff\">Alejandro Carmona Carmona: <\/span><\/strong><a href=\"mailto:alejandro.carmona@iesmediterraneo.org\">alejandro.carmona@iesmediterraneo.org<\/a><\/li>\n<li><span style=\"color: #0000ff\"><strong>\u00c1lvaro Aguilar Borrego<\/strong><\/span>: <a href=\"mailto:alvaro.aguilar@iesmediterraneo.org\">alvaro.aguilar@iesmediterraneo.org<\/a><\/li>\n<li><span style=\"color: #0000ff\"><strong>Andr\u00e9s Parra Mart\u00edn<\/strong><\/span>:&nbsp; <a href=\"mailto:andres.parra@iesmediterraneo.org\"><span class=\"SViKve OLQ4of\"><span class=\"zf5Qv\">andres.parra@iesmediterraneo.org<\/span><\/span><\/a><\/li>\n<li><span style=\"color: #0000ff\"><strong>Antonio Jim\u00e9nez Mu\u00f1oz<\/strong><\/span>: <span class=\"SViKve OLQ4of\"><span class=\"zf5Qv\"><a href=\"mailto:antonio.jimenez@iesmediterraneo.org\">antonio.jimenez@iesmediterraneo.org<\/a><\/span><\/span><\/li>\n<li><span style=\"color: #0000ff\"><strong>Atenea Briones Garc\u00eda:<\/strong><\/span>&nbsp;<a href=\"mailto:atenea.briones@iesmediterraneo.org\">atenea.briones@iesmediterraneo.org<\/a><\/li>\n<li><span style=\"color: #0000ff\"><strong>Aurora \u00c1ngeles Mil\u00e1n Mart\u00edn:<\/strong><\/span><a href=\"mailto:aurora.milan@iesmediterraneo.org\"> aurora.milan@iesmediterraneo.org<\/a><\/li>\n<li><span style=\"color: #0000ff\"><strong>Carmen Herrera Quero<\/strong>. <a href=\"mailto:carmen.herrera@iesmediterraneo.org\">carmen.herrera@iesmediterraneo.org<\/a><\/span><\/li>\n<li><span style=\"color: #0000ff\"><strong>Concepci\u00f3n Romero Ruiz<\/strong><\/span>: <a href=\"mailto:concepcion.romero@iesmediterraneo.org\">concepcion.romero@iesmediterraneo.org<\/a><\/li>\n<li><span style=\"color: #0000ff\"><strong>Constantino Soriano Valc\u00e1rcel<\/strong><\/span>:<a href=\"mailto:constantino.soriano@iesmediterraneo.org\"> <span class=\"zf5Qv\">constantino.soriano@iesmediterraneo.org<\/span><\/a><\/li>\n<li><strong><span style=\"color: #0000ff\">Eduardo Romero Ariza<\/span>:<\/strong> <a href=\"mailto:eduardo.romero@iesmediterraneo.org\">eduardo.romero@iesmediterraneo.org<\/a><\/li>\n<li><span style=\"color: #0000ff\"><strong>Elisa Molina Due\u00f1as<\/strong><\/span>: <span class=\"zf5Qv\"><a href=\"mailto:elisa.molina@iesmediterraneo.org\">elisa.molina@iesmediterraneo.org<\/a><\/span><\/li>\n<li><span style=\"color: #0000ff\"><strong>Encarnaci\u00f3n G\u00f3mez Galera<\/strong><\/span>. <a href=\"mailto:encarni.gomez@iesmediterraneo.org\">encarni.gomez@iesmediterraneo.org<\/a><\/li>\n<li><strong><span style=\"color: #0000ff\">Enrique G\u00f3mez L\u00f3pez<\/span><\/strong>: <a href=\"mailto:enrique.gomez@iesmediterraneo.org\">enrique.gomez@iesmediterraneo.org<\/a><\/li>\n<li><span style=\"color: #0000ff\"><strong>Estela Mart\u00ednez Garc\u00eda<\/strong><\/span>: <a href=\"mailto:estela.martinez@iesmediterraneo.org\">estela.martinez@iesmediterraneo.org<\/a><\/li>\n<li><strong><span style=\"color: #0000ff\">Estela de Mar Palma Arrebola<\/span>:<\/strong> <a href=\"mailto:estela.palma@iesmediterraneo.org\">estela.palma@iesmediterraneo.org<\/a><\/li>\n<li><span style=\"color: #0000ff\"><strong>Eva Mar\u00eda Mart\u00ednez Cano:<\/strong><a href=\"mailto:evamaria.martinez@iesmediterraneo.org\"> evamaria.martinez@iesmediterraneo.org<\/a><\/span><\/li>\n<li><strong><span style=\"color: #0000ff\">Francisco Javier J\u00f3dar Rodr\u00edguez<\/span>:<\/strong> <a href=\"mailto:rocio.gonzalez@iesmediterraneo.org\">javier.jodar@iesmediterraneo.org<\/a><\/li>\n<li><strong><span style=\"color: #0000ff\">Francisco Jos\u00e9 Cervera Villena<\/span>: <\/strong><a href=\"mailto:franciscojose.cervera@iesmediterraneo.org\">franciscojose.cervera@iesmediterraneo.org<\/a><\/li>\n<li><span class=\"zf5Qv\"><span style=\"color: #0000ff\"><strong>Gerardo Pe\u00f1a Gonz\u00e1lez<\/strong><\/span>: <\/span><span class=\"zf5Qv\"><a href=\"mailto:gerardo.pgonzalez@iesmediterraneo.org\">gerardo.pgonzalez@iesmediterraneo.org<\/a><\/span><\/li>\n<li><span style=\"color: #0000ff\"><strong>Germ\u00e1n Morales P\u00e9rez<\/strong><\/span>: <a href=\"mailto:german.morales@iesmediterraneo.org\">german.morales@iesmediterraneo.org<\/a><\/li>\n<li><span style=\"color: #0000ff\"><strong>Gustavo Pretel Vallejo<\/strong><\/span>: <span class=\"zf5Qv\"><a href=\"mailto:gustavo.pretel@iesmediterraneo.org\">gustavo.pretel@iesmediterraneo.org<\/a><\/span><\/li>\n<li><span style=\"color: #0000ff\"><strong>Irene Calvente<\/strong><\/span>:<a href=\"mailto:irene.calvente@iesmediterraneo.org\"> irene.calvente@iesmediterraneo.org<\/a><\/li>\n<li><span style=\"color: #0000ff\"><strong>J\u00e9ssica Padial<\/strong><\/span>: <span class=\"zf5Qv\"><a href=\"mailto:jessica.padial@iesmediterraneo.org\">direccion@iesmediterraneo.org<\/a><\/span><\/li>\n<li><strong><span style=\"color: #0000ff\">Jes\u00fas Daniel Laguna Reche<\/span><\/strong>: <a href=\"mailto:jesusdaniel.laguna@iesmediterraneo.org\">jesusdaniel.laguna@iesmediterraneo.org<\/a><\/li>\n<li><span style=\"color: #0000ff\"><strong>Jos\u00e9 Alberto Romero Garc\u00eda<\/strong><\/span>: <span class=\"zf5Qv\"><a href=\"mailto:josealberto.romero@iesmediterraneo.org\">josealberto.romero@iesmediterraneo.org<\/a><\/span><\/li>\n<li><span style=\"color: #0000ff\"><strong>Jos\u00e9 Luis Fern\u00e1ndez Moreno<\/strong><\/span>: <a href=\"mailto:joseluis.fernandez@iesmediterraneo.org\">joseluis.fernandez@iesmediterraneo.org<\/a><\/li>\n<li><span style=\"color: #0000ff\"><strong>Jos\u00e9 Manuel Pe\u00f1a Gil<\/strong><\/span>: <a href=\"mailto:j.manuel@iesmediterraneo.org\">j.manuel@iesmediterraneo.org<\/a><\/li>\n<li><span style=\"color: #0000ff\"><strong>Juan Antonio Flores<\/strong><\/span>: <span class=\"zf5Qv\"><a href=\"mailto:juanantonio.flores@iesmediterraneo.org\">jefaturaestudios.adjunta@iesmediterraneo.org<\/a><\/span><\/li>\n<li><strong><span style=\"color: #0000ff\">Juan Francisco Rodr\u00edguez Codes<\/span><\/strong>: <a href=\"mailto:juanfrancisco.rodriguez@iesmediterraneo.org\">juanfrancisco.rodriguez@iesmediterraneo.org<\/a><\/li>\n<li><span style=\"color: #0000ff\"><strong>Juan Jos\u00e9 Puga Arag\u00f3n<\/strong><\/span>: <span class=\"zf5Qv\"><a href=\"mailto:juanjose.puga@iesmediterraneo.org\">juanjose.puga@iesmediterraneo.org<\/a><\/span><\/li>\n<li><strong><span style=\"color: #0000ff\">Juan Pedro Rodr\u00edguez Montalvo:<\/span><\/strong><a href=\"mailto:juanpedro.rodriguez@iesmediterraneo.org\"> juanpedro.rodriguez@iesmediterraneo.org<\/a><\/li>\n<li><span style=\"color: #0000ff\"><strong>Leila Padial Rodr\u00edguez<\/strong><\/span>: <a href=\"mailto:jefa.estudios@iesmediterraneo.org\">jefa.estudios@iesmediterraneo.org<\/a><\/li>\n<li><span style=\"color: #0000ff\"><strong>Leonardo Maldonado Molina<\/strong><\/span>: <a href=\"mailto:leonardo.maldonado@iesmediterraneo.org\">leonardo.maldonado@iesmediterraneo.org<\/a><\/li>\n<li><span style=\"color: #0000ff\"><strong>Leticia Mateos Asenjo:<\/strong><\/span> <a href=\"mailto:leticia.mateos@iesmediterraneo.org\">leticia.mateos@iesmediterraneo.org<\/a><\/li>\n<li><strong><span style=\"color: #0000ff\">Marcos Antonio Moreno Salas<\/span><\/strong>: <a href=\"mailto:marcos.moreno@iesmediterraneo.org\">marcos.moreno@iesmediterraneo.org<\/a><\/li>\n<li><span style=\"color: #0000ff\"><strong>Mar\u00eda \u00c1ngeles S\u00e1nchez Escobosa<\/strong><\/span>: <span class=\"zf5Qv\"><a href=\"mailto:mariaangeles.sanchez@iesmediterraneo.org\">mariaangeles.sanchez@iesmediterraneo.org<\/a><\/span><\/li>\n<li><span style=\"color: #0000ff\"><strong>Mar\u00eda \u00c1ngeles Hern\u00e1ndez Garc\u00eda<\/strong><\/span>. <a class=\"VL8GHd\" href=\"mailto:mariaangeles.hernandez@iesmediterraneo.org\" target=\"_blank\" rel=\"noopener noreferrer\"><span dir=\"ltr\" data-tooltip=\"Enviar un correo electr\u00f3nico\">mariaangeles.hernandez@iesmediterraneo.org<\/span><\/a><\/li>\n<li><strong><span style=\"color: #0000ff\">Mar\u00eda del Carmen P\u00e9rez Dom\u00ednguez:<\/span><\/strong><a href=\"mailto:mcarmen.perez@iesmediterraneo.org\"> mcarmen.perez@iesmediterraneo.org<\/a><\/li>\n<li><span style=\"color: #0000ff\"><strong>Mar\u00eda de la luz Lucena Garc\u00eda:<\/strong><\/span> <a href=\"mailto:marialuz.lucena@iesmediterraneo.org\">marialuz.lucena@iesmediterraneo.org<\/a><\/li>\n<li><span style=\"color: #0000ff\"><strong>Mar\u00eda Gloria Fern\u00e1ndez Garc\u00eda:<\/strong><\/span><a href=\"mailto:mariagloria.fernandez@iesmediterraneo.org\"> mariagloria.fernandez@iesmediterraneo.org<\/a><\/li>\n<li><span style=\"color: #0000ff\"><strong>Mar\u00eda Dolores Morales Ruano<\/strong><\/span>: <span class=\"zf5Qv\"><a href=\"mailto:mariadolores.morales@iesmediterraneo.org\">mariadolores.morales@iesmediterraneo.org<\/a><\/span><\/li>\n<li><span style=\"color: #0000ff\"><strong>Mar\u00eda Jos\u00e9 Alonso Ortega<\/strong>:<\/span> <a href=\"mailto:mariajose.alonso@iesmediterraneo.org\">mariajose.alonso@iesmediterraneo.org<\/a><\/li>\n<li><span style=\"color: #0000ff\"><strong>Mar\u00eda Jos\u00e9 Puertas Bonachela:<\/strong> <a href=\"mailto:mariajose.puertas@iesmediterraneo.org\">mariajose.puertas@iesmediterraneo.org<\/a><\/span><\/li>\n<li><strong><span style=\"color: #0000ff\">Mar\u00eda Jos\u00e9 Ruiz<\/span><\/strong> <span style=\"color: #0000ff\"><strong>Contreras:<\/strong><\/span> <a href=\"mailto:mariajose.puertas@iesmediterraneo.org\">mariajose.ruiz@iesmediterraneo.org<\/a><\/li>\n<li><span style=\"color: #0000ff\"><strong>Miguel \u00c1ngel Gil S\u00e1nchez:<\/strong><\/span> <a href=\"mailto:miguelangel.gil@iesmediterraneo.org\">miguelangel.gil@iesmediterraneo.org<\/a><\/li>\n<li><strong><span style=\"color: #0000ff\">Miguel Rodr\u00edguez Rodr\u00edguez<\/span>:<\/strong> <a href=\"mailto:miguel.rodriguez@iesmediterraneo.org\">miguel.rodriguez@iesmediterraneo.org<\/a><\/li>\n<li><strong><span style=\"color: #0000ff\">M\u00f3nica Arnedo Ruiz<\/span><\/strong>: <a href=\"mailto:monica.arnedo@iesmediterraneo.org\">monica.arnedo@iesmediterraneo.org<\/a>&nbsp;<\/li>\n<li><strong><span style=\"color: #0000ff\">M\u00f3nica Garc\u00eda Vargas<\/span><\/strong>: <a href=\"mailto:monica.garcia@iesmediterraneo.org\">monica.garcia@iesmediterraneo.org<\/a><\/li>\n<li><span style=\"color: #0000ff\"><strong>M\u00f3nica Rico:<\/strong><\/span> <a href=\"mailto:monica.rico@iesmediterraneo.org\">monica.rico@iesmediterraneo.org<\/a><\/li>\n<li><span style=\"color: #0000ff\"><strong>Naomi Alba Almendros<\/strong><\/span>: <a href=\"mailto:naomi.alba@iesmediterraneo.org\">naomi.alba@iesmediterraneo.org<\/a><\/li>\n<li><span style=\"color: #0000ff\"><strong>Nuria Mar\u00eda Ruiz Guti\u00e9rrez<\/strong><\/span>: <span class=\"zf5Qv\"><a href=\"mailto:nuria.ruiz@iesmediterraneo.org\">nuria.ruiz@iesmediterraneo.org<\/a><\/span><\/li>\n<li><span style=\"color: #0000ff\"><strong>Pablo Manuel L\u00f3pez S\u00e1nchez:<\/strong><\/span> <a href=\"mailto:pablomanuel.lopez@iesmediterraneo.org\">pablomanuel.lopez@iesmediterraneo.org<\/a><\/li>\n<li><span style=\"color: #0000ff\"><strong>Paula Mir\u00f3n Cordo<\/strong><\/span>: <span class=\"zf5Qv\"><a href=\"mailto:paula.miron@iesmediterraneo.org\">paula.miron@iesmediterraneo.org<\/a><\/span><\/li>\n<li><strong><span style=\"color: #0000ff\">Pilar Mart\u00edn Ojeda<\/span>:<\/strong><a href=\"mailto:pilar.martin@iesmediterraneo.org\"> pilar.martin@iesmediterraneo.org<\/a><\/li>\n<li><span style=\"color: #3366ff\"><strong><span style=\"color: #0000ff\">Rafaela Muelas Ant\u00fanez<\/span>:<\/strong><\/span> <a href=\"mailto:rafaela.muelas@iesmediterraneo.org\">rafaela.muelas@iesmediterraneo.org<\/a><\/li>\n<li><span style=\"color: #0000ff\"><strong>Roc\u00edo Gonz\u00e1lez Vidal:<\/strong><\/span> <a href=\"mailto:rocio.gonzalez@iesmediterraneo.org\">rocio.gonzalez@iesmediterraneo.org<\/a><\/li>\n<li><span style=\"color: #0000ff\"><strong>Rosa Mar\u00eda L\u00f3pez Mora:<\/strong> <\/span><a href=\"mailto:rosamaria.lopez@iesmediterraneo.org\">rosamaria.lopez@iesmediterraneo.org<\/a><\/li>\n<li><strong><span class=\"zf5Qv\"><span style=\"color: #0000ff\">Salvador Alonso<\/span>: <\/span><\/strong><span class=\"zf5Qv\"><a href=\"mailto:salvador.alonso@iesmediterraneo.org\">salvador.alonso@iesmediterraneo.org<\/a><\/span><\/li>\n<li><strong><span class=\"zf5Qv\"><span style=\"color: #0000ff\">Sonia Jim\u00e9nez Ballesteros<\/span>: <\/span><\/strong><span class=\"zf5Qv\"><a href=\"mailto:sonia.jimenez@iesmediterraneo.org\">sonia.jimenez@iesmediterraneo.org<\/a><\/span><\/li>\n<li><strong><span style=\"color: #0000ff\">Virginia Mar\u00eda Pay\u00e1n Almendros:<\/span><\/strong> <a href=\"mailto:virginiamaria.payan@iesmediterraneo.org\">virginiamaria.payan@iesmediterraneo.org<\/a><\/li>\n<\/ul>\n<\/li>\n<\/ul>\n<\/li>\n<\/ul>\n<div class=\"mjgDwc bQo5W\">\n<div class=\"mjgDwc bQo5W\">\n<div class=\"mjgDwc bQo5W\">\n<ul>\n<li style=\"list-style-type: none\">&nbsp;<\/li>\n<\/ul>\n<div>\n<div class=\"mjgDwc bQo5W\">\n<div class=\"mjgDwc bQo5W\">\n<div class=\"mjgDwc bQo5W\">\n<div class=\"mjgDwc bQo5W\">\n<div class=\"mjgDwc bQo5W\">\n<div class=\"mjgDwc bQo5W\">\n<div class=\"mjgDwc bQo5W\">\n<div class=\"mjgDwc bQo5W\">\n<div class=\"mjgDwc bQo5W\">\n<div class=\"mjgDwc bQo5W\">\n<div class=\"mjgDwc bQo5W\">\n<div class=\"mjgDwc bQo5W\">\n<div class=\"mjgDwc bQo5W\">\n<div class=\"mjgDwc bQo5W\">\n<div class=\"mjgDwc bQo5W\">\n<div class=\"mjgDwc bQo5W\">\n<div class=\"mjgDwc bQo5W\">\n<div class=\"mjgDwc bQo5W\">\n<div class=\"mjgDwc bQo5W\">\n<div class=\"mjgDwc bQo5W\">\n<div class=\"mjgDwc bQo5W\">\n<div class=\"mjgDwc bQo5W\">\n<div class=\"mjgDwc bQo5W\">\n<div class=\"mjgDwc bQo5W\">\n<div class=\"mjgDwc bQo5W\">\n<div class=\"mjgDwc bQo5W\">\n<div class=\"mjgDwc bQo5W\">\n<div class=\"mjgDwc bQo5W\">\n<div class=\"mjgDwc bQo5W\">\n<div class=\"mjgDwc bQo5W\">\n<div class=\"mjgDwc bQo5W\">\n<div class=\"mjgDwc bQo5W\">&nbsp;<\/div>\n<\/div>\n<\/div>\n<\/div>\n<\/div>\n<\/div>\n<\/div>\n<\/div>\n<\/div>\n<\/div>\n<\/div>\n<\/div>\n<\/div>\n<\/div>\n<\/div>\n<\/div>\n<\/div>\n<\/div>\n<\/div>\n<\/div>\n<\/div>\n<\/div>\n<\/div>\n<\/div>\n<\/div>\n<\/div>\n<\/div>\n<\/div>\n<\/div>\n<\/div>\n<\/div>\n<\/div>\n<\/div>\n<\/div>\n<\/div>\n<\/div>\n","protected":false},"excerpt":{"rendered":"<p>PROFESORADO Correos corporativos del profesorado del IES Mediterr\u00e1neo Alejandro Carmona Carmona: alejandro.carmona@iesmediterraneo.org \u00c1lvaro Aguilar Borrego: alvaro.aguilar@iesmediterraneo.org Andr\u00e9s Parra Mart\u00edn:&nbsp; andres.parra@iesmediterraneo.org Antonio Jim\u00e9nez Mu\u00f1oz: antonio.jimenez@iesmediterraneo.org Atenea Briones Garc\u00eda:&nbsp;atenea.briones@iesmediterraneo.org Aurora \u00c1ngeles Mil\u00e1n Mart\u00edn: aurora.milan@iesmediterraneo.org Carmen Herrera&#46;&#46;&#46;<\/p>\n","protected":false},"author":5102,"featured_media":0,"parent":0,"menu_order":0,"comment_status":"closed","ping_status":"closed","template":"","meta":{"ngg_post_thumbnail":0,"footnotes":""},"aioseo_notices":[],"_links":{"self":[{"href":"https:\/\/blogsaverroes.juntadeandalucia.es\/iesmediterraneo\/wp-json\/wp\/v2\/pages\/345"}],"collection":[{"href":"https:\/\/blogsaverroes.juntadeandalucia.es\/iesmediterraneo\/wp-json\/wp\/v2\/pages"}],"about":[{"href":"https:\/\/blogsaverroes.juntadeandalucia.es\/iesmediterraneo\/wp-json\/wp\/v2\/types\/page"}],"author":[{"embeddable":true,"href":"https:\/\/blogsaverroes.juntadeandalucia.es\/iesmediterraneo\/wp-json\/wp\/v2\/users\/5102"}],"replies":[{"embeddable":true,"href":"https:\/\/blogsaverroes.juntadeandalucia.es\/iesmediterraneo\/wp-json\/wp\/v2\/comments?post=345"}],"version-history":[{"count":48,"href":"https:\/\/blogsaverroes.juntadeandalucia.es\/iesmediterraneo\/wp-json\/wp\/v2\/pages\/345\/revisions"}],"predecessor-version":[{"id":2518,"href":"https:\/\/blogsaverroes.juntadeandalucia.es\/iesmediterraneo\/wp-json\/wp\/v2\/pages\/345\/revisions\/2518"}],"wp:attachment":[{"href":"https:\/\/blogsaverroes.juntadeandalucia.es\/iesmediterraneo\/wp-json\/wp\/v2\/media?parent=345"}],"curies":[{"name":"wp","href":"https:\/\/api.w.org\/{rel}","templated":true}]}}