{"id":363,"date":"2017-06-25T17:12:25","date_gmt":"2017-06-25T17:12:25","guid":{"rendered":"https:\/\/blogsaverroes.juntadeandalucia.es\/iesmediterraneo\/?page_id=363"},"modified":"2017-07-10T09:06:07","modified_gmt":"2017-07-10T09:06:07","slug":"justificacion-de-ausencias","status":"publish","type":"page","link":"https:\/\/blogsaverroes.juntadeandalucia.es\/iesmediterraneo\/familias\/documentos\/justificacion-de-ausencias\/","title":{"rendered":"Justificaci\u00f3n de ausencias"},"content":{"rendered":"<h2><span style=\"color: #008080\">Justificaci\u00f3n de ausencias<\/span><\/h2>\n<hr>\n<div>Cuando un alumno o alumna se ausente por diferentes motivos, los Padres y\/o Tutores Legales, deber\u00e1n aportar la documentaci\u00f3n que permita la justificaci\u00f3n de la falta <span style=\"text-decoration: underline\">el mismo d\u00eda en el que el alumno o alumna se reincorpore a clase<\/span>.<\/div>\n<div>El responsable de considerar o no que la documentaci\u00f3n que se aporta es suficiente para entender que la ausencia se ha producido por una causa ajena a la voluntad del alumno o alumna y\/o de los Padres o Tutores Legales es, en primera instancia, el Tutor o Tutora, en segundo lugar el\/la Jefe\/a de Estudios y por \u00faltimo el\/la Director\/a del centro.<\/div>\n<div>Es importante tener en cuenta que la ausencia reiterada e injustificada, adem\u00e1s de poder perjudicar el aprendizaje del alumnado, puede afectar a la calificaci\u00f3n final del alumno\/a y a los criterios de evaluaci\u00f3n que se le apliquen, tal y como se recoge en el ROF del centro, y en aquellas programaciones did\u00e1cticas que expl\u00edcitamente recojan medidas de este tipo.<\/div>\n<h2><span style=\"color: #339966\">Modelos de solicitud&nbsp;<\/span><\/h2>\n<div>\n<table>\n<tbody>\n<tr>\n<td><a href=\"https:\/\/blogsaverroes.juntadeandalucia.es\/iesmediterraneo\/files\/2017\/06\/Microsoft_Word_logo.png\"><img loading=\"lazy\" decoding=\"async\" class=\"alignnone wp-image-307\" src=\"https:\/\/blogsaverroes.juntadeandalucia.es\/iesmediterraneo\/files\/2017\/06\/Microsoft_Word_logo.png\" alt=\"\" width=\"38\" height=\"38\" srcset=\"https:\/\/blogsaverroes.juntadeandalucia.es\/iesmediterraneo\/files\/2017\/06\/Microsoft_Word_logo.png 256w, https:\/\/blogsaverroes.juntadeandalucia.es\/iesmediterraneo\/files\/2017\/06\/Microsoft_Word_logo-150x150.png 150w, https:\/\/blogsaverroes.juntadeandalucia.es\/iesmediterraneo\/files\/2017\/06\/Microsoft_Word_logo-100x100.png 100w, https:\/\/blogsaverroes.juntadeandalucia.es\/iesmediterraneo\/files\/2017\/06\/Microsoft_Word_logo-24x24.png 24w, https:\/\/blogsaverroes.juntadeandalucia.es\/iesmediterraneo\/files\/2017\/06\/Microsoft_Word_logo-36x36.png 36w, https:\/\/blogsaverroes.juntadeandalucia.es\/iesmediterraneo\/files\/2017\/06\/Microsoft_Word_logo-48x48.png 48w\" sizes=\"(max-width: 38px) 100vw, 38px\" \/><\/a><\/td>\n<td><a href=\"https:\/\/blogsaverroes.juntadeandalucia.es\/iesmediterraneo\/files\/2017\/06\/solicitud_justificaci\u00f3n_ausencias-1.docx\">Justificaci\u00f3n de ausencias<\/a><\/td>\n<\/tr>\n<tr>\n<td><a href=\"https:\/\/blogsaverroes.juntadeandalucia.es\/iesmediterraneo\/files\/2017\/06\/pdf.png\"><img loading=\"lazy\" decoding=\"async\" class=\"alignnone wp-image-255\" src=\"https:\/\/blogsaverroes.juntadeandalucia.es\/iesmediterraneo\/files\/2017\/06\/pdf-242x300.png\" alt=\"\" width=\"39\" height=\"49\" srcset=\"https:\/\/blogsaverroes.juntadeandalucia.es\/iesmediterraneo\/files\/2017\/06\/pdf-242x300.png 242w, https:\/\/blogsaverroes.juntadeandalucia.es\/iesmediterraneo\/files\/2017\/06\/pdf-768x953.png 768w, https:\/\/blogsaverroes.juntadeandalucia.es\/iesmediterraneo\/files\/2017\/06\/pdf-825x1024.png 825w, https:\/\/blogsaverroes.juntadeandalucia.es\/iesmediterraneo\/files\/2017\/06\/pdf-19x24.png 19w, https:\/\/blogsaverroes.juntadeandalucia.es\/iesmediterraneo\/files\/2017\/06\/pdf-29x36.png 29w, https:\/\/blogsaverroes.juntadeandalucia.es\/iesmediterraneo\/files\/2017\/06\/pdf-39x48.png 39w, https:\/\/blogsaverroes.juntadeandalucia.es\/iesmediterraneo\/files\/2017\/06\/pdf.png 1280w\" sizes=\"(max-width: 39px) 100vw, 39px\" \/><\/a><\/td>\n<td><a href=\"https:\/\/blogsaverroes.juntadeandalucia.es\/iesmediterraneo\/files\/2017\/06\/solicitud_justificaci\u00f3n_ausencias-1.pdf\">Justificaci\u00f3n de ausencias<\/a><\/td>\n<\/tr>\n<tr>\n<td><img loading=\"lazy\" decoding=\"async\" class=\"\" src=\"https:\/\/blogsaverroes.juntadeandalucia.es\/iesmediterraneo\/files\/2017\/06\/pdf-242x300.png\" width=\"39\" height=\"48\"><\/td>\n<td><a href=\"https:\/\/blogsaverroes.juntadeandalucia.es\/iesmediterraneo\/files\/2017\/06\/solicitud_justificaci\u00f3n_ausencias_auto.pdf\">Justificaci\u00f3n de ausencias (autorrellenable)<\/a><\/td>\n<\/tr>\n<\/tbody>\n<\/table>\n<\/div>\n","protected":false},"excerpt":{"rendered":"<p>Justificaci\u00f3n de ausencias Cuando un alumno o alumna se ausente por diferentes motivos, los Padres y\/o Tutores Legales, deber\u00e1n aportar la documentaci\u00f3n que permita la justificaci\u00f3n de la falta el mismo d\u00eda en el&#46;&#46;&#46;<\/p>\n","protected":false},"author":5102,"featured_media":0,"parent":226,"menu_order":0,"comment_status":"closed","ping_status":"closed","template":"","meta":{"ngg_post_thumbnail":0,"footnotes":""},"aioseo_notices":[],"_links":{"self":[{"href":"https:\/\/blogsaverroes.juntadeandalucia.es\/iesmediterraneo\/wp-json\/wp\/v2\/pages\/363"}],"collection":[{"href":"https:\/\/blogsaverroes.juntadeandalucia.es\/iesmediterraneo\/wp-json\/wp\/v2\/pages"}],"about":[{"href":"https:\/\/blogsaverroes.juntadeandalucia.es\/iesmediterraneo\/wp-json\/wp\/v2\/types\/page"}],"author":[{"embeddable":true,"href":"https:\/\/blogsaverroes.juntadeandalucia.es\/iesmediterraneo\/wp-json\/wp\/v2\/users\/5102"}],"replies":[{"embeddable":true,"href":"https:\/\/blogsaverroes.juntadeandalucia.es\/iesmediterraneo\/wp-json\/wp\/v2\/comments?post=363"}],"version-history":[{"count":3,"href":"https:\/\/blogsaverroes.juntadeandalucia.es\/iesmediterraneo\/wp-json\/wp\/v2\/pages\/363\/revisions"}],"predecessor-version":[{"id":414,"href":"https:\/\/blogsaverroes.juntadeandalucia.es\/iesmediterraneo\/wp-json\/wp\/v2\/pages\/363\/revisions\/414"}],"up":[{"embeddable":true,"href":"https:\/\/blogsaverroes.juntadeandalucia.es\/iesmediterraneo\/wp-json\/wp\/v2\/pages\/226"}],"wp:attachment":[{"href":"https:\/\/blogsaverroes.juntadeandalucia.es\/iesmediterraneo\/wp-json\/wp\/v2\/media?parent=363"}],"curies":[{"name":"wp","href":"https:\/\/api.w.org\/{rel}","templated":true}]}}

Justificación de ausencias

<h2><span style="color: #008080">Justificación de ausencias</span></h2>
<hr>
<div>Cuando un alumno o alumna se ausente por diferentes motivos, los Padres y/o Tutores Legales, deberán aportar la documentación que permita la justificación de la falta <span style="text-decoration: underline">el mismo día en el que el alumno o alumna se reincorpore a clase</span>.</div>
<div>El responsable de considerar o no que la documentación que se aporta es suficiente para entender que la ausencia se ha producido por una causa ajena a la voluntad del alumno o alumna y/o de los Padres o Tutores Legales es, en primera instancia, el Tutor o Tutora, en segundo lugar el/la Jefe/a de Estudios y por último el/la Director/a del centro.</div>
<div>Es importante tener en cuenta que la ausencia reiterada e injustificada, además de poder perjudicar el aprendizaje del alumnado, puede afectar a la calificación final del alumno/a y a los criterios de evaluación que se le apliquen, tal y como se recoge en el ROF del centro, y en aquellas programaciones didácticas que explícitamente recojan medidas de este tipo.</div>
<h2><span style="color: #339966">Modelos de solicitud&nbsp;</span></h2>
<div>
<table>
<tbody>
<tr>
<td><a href="https://blogsaverroes.juntadeandalucia.es/iesmediterraneo/files/2017/06/Microsoft_Word_logo.png"><img loading="lazy" decoding="async" class="alignnone wp-image-307" src="https://blogsaverroes.juntadeandalucia.es/iesmediterraneo/files/2017/06/Microsoft_Word_logo.png" alt="" width="38" height="38" srcset="https://blogsaverroes.juntadeandalucia.es/iesmediterraneo/files/2017/06/Microsoft_Word_logo.png 256w, https://blogsaverroes.juntadeandalucia.es/iesmediterraneo/files/2017/06/Microsoft_Word_logo-150x150.png 150w, https://blogsaverroes.juntadeandalucia.es/iesmediterraneo/files/2017/06/Microsoft_Word_logo-100x100.png 100w, https://blogsaverroes.juntadeandalucia.es/iesmediterraneo/files/2017/06/Microsoft_Word_logo-24x24.png 24w, https://blogsaverroes.juntadeandalucia.es/iesmediterraneo/files/2017/06/Microsoft_Word_logo-36x36.png 36w, https://blogsaverroes.juntadeandalucia.es/iesmediterraneo/files/2017/06/Microsoft_Word_logo-48x48.png 48w" sizes="(max-width: 38px) 100vw, 38px" /></a></td>
<td><a href="https://blogsaverroes.juntadeandalucia.es/iesmediterraneo/files/2017/06/solicitud_justificación_ausencias-1.docx">Justificación de ausencias</a></td>
</tr>
<tr>
<td><a href="https://blogsaverroes.juntadeandalucia.es/iesmediterraneo/files/2017/06/pdf.png"><img loading="lazy" decoding="async" class="alignnone wp-image-255" src="https://blogsaverroes.juntadeandalucia.es/iesmediterraneo/files/2017/06/pdf-242x300.png" alt="" width="39" height="49" srcset="https://blogsaverroes.juntadeandalucia.es/iesmediterraneo/files/2017/06/pdf-242x300.png 242w, https://blogsaverroes.juntadeandalucia.es/iesmediterraneo/files/2017/06/pdf-768x953.png 768w, https://blogsaverroes.juntadeandalucia.es/iesmediterraneo/files/2017/06/pdf-825x1024.png 825w, https://blogsaverroes.juntadeandalucia.es/iesmediterraneo/files/2017/06/pdf-19x24.png 19w, https://blogsaverroes.juntadeandalucia.es/iesmediterraneo/files/2017/06/pdf-29x36.png 29w, https://blogsaverroes.juntadeandalucia.es/iesmediterraneo/files/2017/06/pdf-39x48.png 39w, https://blogsaverroes.juntadeandalucia.es/iesmediterraneo/files/2017/06/pdf.png 1280w" sizes="(max-width: 39px) 100vw, 39px" /></a></td>
<td><a href="https://blogsaverroes.juntadeandalucia.es/iesmediterraneo/files/2017/06/solicitud_justificación_ausencias-1.pdf">Justificación de ausencias</a></td>
</tr>
<tr>
<td><img loading="lazy" decoding="async" class="" src="https://blogsaverroes.juntadeandalucia.es/iesmediterraneo/files/2017/06/pdf-242x300.png" width="39" height="48"></td>
<td><a href="https://blogsaverroes.juntadeandalucia.es/iesmediterraneo/files/2017/06/solicitud_justificación_ausencias_auto.pdf">Justificación de ausencias (autorrellenable)</a></td>
</tr>
</tbody>
</table>
</div>

<p>Justificación de ausencias Cuando un alumno o alumna se ausente por diferentes motivos, los Padres y/o Tutores Legales, deberán aportar la documentación que permita la justificación de la falta el mismo día en el&#46;&#46;&#46;</p>
