{"id":582,"date":"2017-10-05T19:11:54","date_gmt":"2017-10-05T19:11:54","guid":{"rendered":"https:\/\/blogsaverroes.juntadeandalucia.es\/iesmediterraneo\/?page_id=582"},"modified":"2019-05-21T15:58:28","modified_gmt":"2019-05-21T15:58:28","slug":"historia-de-la-filosofia","status":"publish","type":"page","link":"https:\/\/blogsaverroes.juntadeandalucia.es\/iesmediterraneo\/departamentos\/filosofia\/criterios-de-evaluacion\/historia-de-la-filosofia\/","title":{"rendered":"Historia de la Filosof\u00eda"},"content":{"rendered":"<h1><span style=\"color: #008080\">TEMPORIZACI\u00d3N E INSTRUMENTOS DE EVALUACI\u00d3N<\/span><\/h1>\n<hr>\n<p><span style=\"font-size: 14pt\">Para conocer m\u00e1s detenidamente los criterios de evaluaci\u00f3n y los est\u00e1ndares de aprendizaje en las asignaturas de bachillerato deber\u00e1n remitirse a la programaci\u00f3n general del departamento<\/span>.<\/p>\n<h2><span style=\"color: #008000\"><strong>Historia de la Filosof\u00eda<\/strong><\/span><\/h2>\n<table>\n<tbody>\n<tr>\n<td width=\"120\"><strong>TEMPORIZACI\u00d3N<\/strong><\/td>\n<td style=\"width: 461px;text-align: center\" colspan=\"5\" width=\"461\"><strong>CONTENIDOS<\/strong><\/td>\n<\/tr>\n<tr>\n<td style=\"background-color: #88e5f7;width: 120px\" rowspan=\"5\" width=\"120\"><strong>1\u00aa Evaluaci\u00f3n<\/strong><\/td>\n<td colspan=\"5\" width=\"461\">\n<ol>\n<li><strong>Bloque 1.Filosofia Griega<\/strong><\/li>\n<\/ol>\n<p><strong>Bloque transversal: comentario del libro VII de la <em>Rep\u00fablica<\/em> de Plat\u00f3n<\/strong><\/p>\n<ol>\n<li style=\"list-style-type: none\">\n<ol>\n<li>La Filosof\u00eda Presocr\u00e1tica. De Tales a los Sofistas<\/li>\n<li>S\u00f3crates y \u00a8Plat\u00f3n.&nbsp; Ontolog\u00eda, epistemolog\u00eda y pol\u00edtica.<\/li>\n<li>Arist\u00f3teles. Metaf\u00edsica, Filosof\u00eda de la naturaleza y \u00e9tica.<\/li>\n<li>Las Escuelas Helen\u00edsticas.<\/li>\n<\/ol>\n<\/li>\n<\/ol>\n<\/td>\n<\/tr>\n<tr>\n<td style=\"background-color: #8df7ed;width: 360px\" colspan=\"4\" width=\"360\"><strong>Instrumentos de evaluaci\u00f3n y ponderaci\u00f3n<\/strong><\/td>\n<td style=\"background-color: #8df7ed;width: 102px\" width=\"102\"><strong>CRITERIOS DE CALIFICACI\u00d3N<\/strong><\/td>\n<\/tr>\n<tr>\n<td width=\"160\">GRUPO A (ciencias)<\/td>\n<td colspan=\"3\" width=\"199\">GRUPO B (letras)<\/td>\n<td rowspan=\"2\" width=\"102\">100% DEL TRIMESTRE<\/td>\n<\/tr>\n<tr>\n<td width=\"160\">-Examen con comentario de texto&nbsp; de Plat\u00f3n (50%)<\/p>\n<p>-Apuntes sobre fil\u00f3sofos presocr\u00e1ticos usando Goconqr (25%)<\/p>\n<p>-Mapa de conceptos sobre la F\u00aa Helen\u00edstica usando herramientas TIC (25%)<\/td>\n<td colspan=\"3\" width=\"199\">&nbsp;-Examen con comentario de texto (60%) de Plat\u00f3n<\/p>\n<p>&#8211; Examen de tipo test de los presocr\u00e1ticos y algunas cuestiones sobre sofistas y S\u00f3crates (25%)<\/p>\n<p>-Mapa de conceptos sobre la F\u00aa Helen\u00edstica usando herramientas TIC (15%)<\/td>\n<\/tr>\n<tr>\n<td colspan=\"5\" width=\"461\">COMPETENCIAS: CCL, CD, CAA, CSC, CEC<\/td>\n<\/tr>\n<tr>\n<td style=\"background-color: #83b9f2;width: 120px\" rowspan=\"10\" width=\"120\"><strong>2\u00aa Evaluaci\u00f3n<\/strong><\/td>\n<td colspan=\"5\" width=\"461\">\n<ol>\n<li><strong>Bloque 2. Filosof\u00eda medieval<\/strong><\/li>\n<\/ol>\n<p><strong>Bloque transversal: comentario de texto de T. Aquino<\/strong><\/p>\n<ol>\n<li style=\"list-style-type: none\">\n<ol>\n<li>Del origen del cristianismo a S Agust\u00edn<\/li>\n<li>Tom\u00e1s de Aquino y la escol\u00e1stica.<\/li>\n<li>Guillermo de Occam y la nueva ciencia.<\/li>\n<\/ol>\n<\/li>\n<\/ol>\n<\/td>\n<\/tr>\n<tr>\n<td style=\"background-color: #8df7ed;width: 360px\" colspan=\"4\" width=\"360\"><strong>Instrumentos de evaluaci\u00f3n y ponderaci\u00f3n<\/strong><\/td>\n<td style=\"background-color: #8df7ed;width: 102px\" width=\"102\"><strong>CRITERIOS DE CALIFICACI\u00d3N<\/strong><\/td>\n<\/tr>\n<tr>\n<td colspan=\"2\" width=\"163\">GRUPO A<\/td>\n<td colspan=\"2\" width=\"197\">GRUPO B<\/td>\n<td rowspan=\"2\" width=\"102\">50%<\/td>\n<\/tr>\n<tr>\n<td colspan=\"2\" width=\"163\">-Examen con comentario de texto (80%)<\/p>\n<p>&#8211; Elaboraci\u00f3n de una presentaci\u00f3n sobre G. Occam utilizando alguna app (20%)<\/td>\n<td colspan=\"2\" width=\"197\">-Examen de Aquino &nbsp;con comentario de texto (80%)<\/p>\n<p>-Test: Tom\u00e1s de Aquino (20%)<\/td>\n<\/tr>\n<tr>\n<td colspan=\"5\" width=\"461\">COMPETENCIAS: CCL, CD, CAA, CSC, CEC<\/td>\n<\/tr>\n<tr>\n<td colspan=\"5\" width=\"461\">\n<ol>\n<li><strong>Bloque 3. Filosof\u00eda moderna<\/strong><\/li>\n<\/ol>\n<p><strong>Bloque transversal: comentario de texto de Descartes. Parte II y IV del \u201cDiscurso del m\u00e9todo\u201d<\/strong><\/p>\n<ol>\n<li style=\"list-style-type: none\">\n<ol>\n<li>El renacimiento y la revoluci\u00f3n cient\u00edfica<\/li>\n<li>El racionalismo continental: Descartes<\/li>\n<\/ol>\n<\/li>\n<\/ol>\n<\/td>\n<\/tr>\n<tr>\n<td colspan=\"4\" width=\"360\"><strong>Instrumentos de evaluaci\u00f3n y ponderaci\u00f3n<\/strong><\/td>\n<td width=\"102\"><strong>CRITERIOS DE CALIFICACI\u00d3N<\/strong><\/td>\n<\/tr>\n<tr>\n<td colspan=\"2\" width=\"163\"><strong>GRUPO A<\/strong><\/td>\n<td colspan=\"2\" width=\"197\"><strong>GRUPO B<\/strong><\/td>\n<td rowspan=\"2\" width=\"102\"><strong>50%<\/strong><\/td>\n<\/tr>\n<tr>\n<td colspan=\"2\" width=\"163\">-Examen de Descartes con comentario (60%)<\/p>\n<p>-Infograf\u00eda sobre la ciencia moderna (40%)<\/td>\n<td colspan=\"2\" width=\"197\">-Examen con comentario de Descartes (80%)<\/p>\n<p>-Test sobre la filosof\u00eda de Descartes(20%)<\/td>\n<\/tr>\n<tr>\n<td colspan=\"5\" width=\"461\">COMPETENCIAS: CCL, CD, CAA, CSC, CEC<\/td>\n<\/tr>\n<tr>\n<td style=\"background-color: #f2b98d;width: 120px\" rowspan=\"5\" width=\"120\">3\u00aa Evaluaci\u00f3n<\/td>\n<td colspan=\"5\" width=\"461\"><strong>2&nbsp;&nbsp;&nbsp;&nbsp;&nbsp;&nbsp;&nbsp;&nbsp; <\/strong><strong>Bloque 3 (Continuaci\u00f3n). <\/strong><\/p>\n<p><strong>Bloque transversal: comentario de texto de Kant. \u201cRespuesta a la pregunta qu\u00e9 es la Ilustraci\u00f3n\u201d<\/strong><\/p>\n<p><strong>c. La filosof\u00eda empirista de Hume<\/strong><\/p>\n<p><strong>d. La filosof\u00eda de la Ilustraci\u00f3n: de Rousseau a Kant<\/strong><\/p>\n<p><strong>3&nbsp;&nbsp;&nbsp;&nbsp;&nbsp;&nbsp;&nbsp;&nbsp; <\/strong><strong>Bloque 4. Filosof\u00eda Contempor\u00e1nea.<\/strong><\/p>\n<p>4.1. La filosof\u00eda marxista: Carlos Marx<\/p>\n<p>4.2. La crisis de la raz\u00f3n ilustrada: Nietzsche<\/p>\n<p>4.3. Otras corrientes filos\u00f3ficas del siglo XX<\/td>\n<\/tr>\n<tr>\n<td style=\"background-color: #8df7ed;width: 360px\" colspan=\"4\" width=\"360\"><strong>Herramientas de evaluaci\u00f3n<\/strong><\/td>\n<td style=\"background-color: #8df7ed;width: 102px\" width=\"102\"><strong>CRITERIOS DE CALIFICACI\u00d3N<\/strong><\/td>\n<\/tr>\n<tr>\n<td colspan=\"3\" width=\"164\"><strong>GRUPO A<\/strong><\/td>\n<td width=\"196\"><strong>GRUPO B<\/strong><\/td>\n<td rowspan=\"2\" width=\"102\"><strong>100%<\/strong><\/td>\n<\/tr>\n<tr>\n<td colspan=\"3\" width=\"164\">&#8211; Examen de Kant (40%)<\/p>\n<p>-Trabajo sobre la \u201cCr\u00edtica de la raz\u00f3n pura\u201d de Kant con herramienta TIC (30%)<\/p>\n<p>-L\u00ednea de tiempo de C. Marx (30%)<\/td>\n<td width=\"196\">-Examen con comentario de Kant (70%)<\/p>\n<p>-Test sobre la filosof\u00eda de Kant (20%)<\/p>\n<p>-Trabajo sobre la \u201cCr\u00edtica de la raz\u00f3n pura\u201d de Kant con herramienta TIC (10%)<\/p>\n<p>&nbsp;<\/td>\n<\/tr>\n<tr>\n<td colspan=\"5\" width=\"461\">COMPETENCIAS: CCL, CD, CAA, CSC, CEC<\/td>\n<\/tr>\n<tr>\n<td colspan=\"6\" width=\"581\"><strong>RECUPERACI\u00d3N<\/strong>. Los alumnos\/as recuperar\u00e1n durante el mes de mayo aquellos autores que han suspendido durante el curso. El examen ser\u00e1 s\u00f3lo de uno de los autores y no habr\u00e1 posibilidad de elegir entre distintas opciones. S\u00f3lo los alumnos\/as que tengan un solo autor suspenso se examinar\u00e1n del mismo.<\/td>\n<\/tr>\n<tr>\n<td colspan=\"6\" width=\"581\"><strong>PRUEBA EXTRAORDINARIA. <\/strong>Aquellos alumnos\/as que no hubieran superado la asignatura en la convocatoria ordinaria de mayo, deber\u00e1n presentarse a una prueba en el mes de septiembre. Para la preparaci\u00f3n de esta prueba se les facilitar\u00e1 a los alumnos\/as unas indicaciones en el informe final del curso.<\/p>\n<p>&nbsp;<\/td>\n<\/tr>\n<\/tbody>\n<\/table>\n","protected":false},"excerpt":{"rendered":"<p>TEMPORIZACI\u00d3N E INSTRUMENTOS DE EVALUACI\u00d3N Para conocer m\u00e1s detenidamente los criterios de evaluaci\u00f3n y los est\u00e1ndares de aprendizaje en las asignaturas de bachillerato deber\u00e1n remitirse a la programaci\u00f3n general del departamento. Historia de la&#46;&#46;&#46;<\/p>\n","protected":false},"author":5102,"featured_media":0,"parent":90,"menu_order":0,"comment_status":"closed","ping_status":"closed","template":"page-template-full.php","meta":{"ngg_post_thumbnail":0,"footnotes":""},"aioseo_notices":[],"_links":{"self":[{"href":"https:\/\/blogsaverroes.juntadeandalucia.es\/iesmediterraneo\/wp-json\/wp\/v2\/pages\/582"}],"collection":[{"href":"https:\/\/blogsaverroes.juntadeandalucia.es\/iesmediterraneo\/wp-json\/wp\/v2\/pages"}],"about":[{"href":"https:\/\/blogsaverroes.juntadeandalucia.es\/iesmediterraneo\/wp-json\/wp\/v2\/types\/page"}],"author":[{"embeddable":true,"href":"https:\/\/blogsaverroes.juntadeandalucia.es\/iesmediterraneo\/wp-json\/wp\/v2\/users\/5102"}],"replies":[{"embeddable":true,"href":"https:\/\/blogsaverroes.juntadeandalucia.es\/iesmediterraneo\/wp-json\/wp\/v2\/comments?post=582"}],"version-history":[{"count":5,"href":"https:\/\/blogsaverroes.juntadeandalucia.es\/iesmediterraneo\/wp-json\/wp\/v2\/pages\/582\/revisions"}],"predecessor-version":[{"id":969,"href":"https:\/\/blogsaverroes.juntadeandalucia.es\/iesmediterraneo\/wp-json\/wp\/v2\/pages\/582\/revisions\/969"}],"up":[{"embeddable":true,"href":"https:\/\/blogsaverroes.juntadeandalucia.es\/iesmediterraneo\/wp-json\/wp\/v2\/pages\/90"}],"wp:attachment":[{"href":"https:\/\/blogsaverroes.juntadeandalucia.es\/iesmediterraneo\/wp-json\/wp\/v2\/media?parent=582"}],"curies":[{"name":"wp","href":"https:\/\/api.w.org\/{rel}","templated":true}]}}

Historia de la Filosofía

<h1><span style="color: #008080">TEMPORIZACIÓN E INSTRUMENTOS DE EVALUACIÓN</span></h1>
<hr>
<p><span style="font-size: 14pt">Para conocer más detenidamente los criterios de evaluación y los estándares de aprendizaje en las asignaturas de bachillerato deberán remitirse a la programación general del departamento</span>.</p>
<h2><span style="color: #008000"><strong>Historia de la Filosofía</strong></span></h2>
<table>
<tbody>
<tr>
<td width="120"><strong>TEMPORIZACIÓN</strong></td>
<td style="width: 461px;text-align: center" colspan="5" width="461"><strong>CONTENIDOS</strong></td>
</tr>
<tr>
<td style="background-color: #88e5f7;width: 120px" rowspan="5" width="120"><strong>1ª Evaluación</strong></td>
<td colspan="5" width="461">
<ol>
<li><strong>Bloque 1.Filosofia Griega</strong></li>
</ol>
<p><strong>Bloque transversal: comentario del libro VII de la <em>República</em> de Platón</strong></p>
<ol>
<li style="list-style-type: none">
<ol>
<li>La Filosofía Presocrática. De Tales a los Sofistas</li>
<li>Sócrates y ¨Platón.&nbsp; Ontología, epistemología y política.</li>
<li>Aristóteles. Metafísica, Filosofía de la naturaleza y ética.</li>
<li>Las Escuelas Helenísticas.</li>
</ol>
</li>
</ol>
</td>
</tr>
<tr>
<td style="background-color: #8df7ed;width: 360px" colspan="4" width="360"><strong>Instrumentos de evaluación y ponderación</strong></td>
<td style="background-color: #8df7ed;width: 102px" width="102"><strong>CRITERIOS DE CALIFICACIÓN</strong></td>
</tr>
<tr>
<td width="160">GRUPO A (ciencias)</td>
<td colspan="3" width="199">GRUPO B (letras)</td>
<td rowspan="2" width="102">100% DEL TRIMESTRE</td>
</tr>
<tr>
<td width="160">-Examen con comentario de texto&nbsp; de Platón (50%)</p>
<p>-Apuntes sobre filósofos presocráticos usando Goconqr (25%)</p>
<p>-Mapa de conceptos sobre la Fª Helenística usando herramientas TIC (25%)</td>
<td colspan="3" width="199">&nbsp;-Examen con comentario de texto (60%) de Platón</p>
<p>&#8211; Examen de tipo test de los presocráticos y algunas cuestiones sobre sofistas y Sócrates (25%)</p>
<p>-Mapa de conceptos sobre la Fª Helenística usando herramientas TIC (15%)</td>
</tr>
<tr>
<td colspan="5" width="461">COMPETENCIAS: CCL, CD, CAA, CSC, CEC</td>
</tr>
<tr>
<td style="background-color: #83b9f2;width: 120px" rowspan="10" width="120"><strong>2ª Evaluación</strong></td>
<td colspan="5" width="461">
<ol>
<li><strong>Bloque 2. Filosofía medieval</strong></li>
</ol>
<p><strong>Bloque transversal: comentario de texto de T. Aquino</strong></p>
<ol>
<li style="list-style-type: none">
<ol>
<li>Del origen del cristianismo a S Agustín</li>
<li>Tomás de Aquino y la escolástica.</li>
<li>Guillermo de Occam y la nueva ciencia.</li>
</ol>
</li>
</ol>
</td>
</tr>
<tr>
<td style="background-color: #8df7ed;width: 360px" colspan="4" width="360"><strong>Instrumentos de evaluación y ponderación</strong></td>
<td style="background-color: #8df7ed;width: 102px" width="102"><strong>CRITERIOS DE CALIFICACIÓN</strong></td>
</tr>
<tr>
<td colspan="2" width="163">GRUPO A</td>
<td colspan="2" width="197">GRUPO B</td>
<td rowspan="2" width="102">50%</td>
</tr>
<tr>
<td colspan="2" width="163">-Examen con comentario de texto (80%)</p>
<p>&#8211; Elaboración de una presentación sobre G. Occam utilizando alguna app (20%)</td>
<td colspan="2" width="197">-Examen de Aquino &nbsp;con comentario de texto (80%)</p>
<p>-Test: Tomás de Aquino (20%)</td>
</tr>
<tr>
<td colspan="5" width="461">COMPETENCIAS: CCL, CD, CAA, CSC, CEC</td>
</tr>
<tr>
<td colspan="5" width="461">
<ol>
<li><strong>Bloque 3. Filosofía moderna</strong></li>
</ol>
<p><strong>Bloque transversal: comentario de texto de Descartes. Parte II y IV del “Discurso del método”</strong></p>
<ol>
<li style="list-style-type: none">
<ol>
<li>El renacimiento y la revolución científica</li>
<li>El racionalismo continental: Descartes</li>
</ol>
</li>
</ol>
</td>
</tr>
<tr>
<td colspan="4" width="360"><strong>Instrumentos de evaluación y ponderación</strong></td>
<td width="102"><strong>CRITERIOS DE CALIFICACIÓN</strong></td>
</tr>
<tr>
<td colspan="2" width="163"><strong>GRUPO A</strong></td>
<td colspan="2" width="197"><strong>GRUPO B</strong></td>
<td rowspan="2" width="102"><strong>50%</strong></td>
</tr>
<tr>
<td colspan="2" width="163">-Examen de Descartes con comentario (60%)</p>
<p>-Infografía sobre la ciencia moderna (40%)</td>
<td colspan="2" width="197">-Examen con comentario de Descartes (80%)</p>
<p>-Test sobre la filosofía de Descartes(20%)</td>
</tr>
<tr>
<td colspan="5" width="461">COMPETENCIAS: CCL, CD, CAA, CSC, CEC</td>
</tr>
<tr>
<td style="background-color: #f2b98d;width: 120px" rowspan="5" width="120">3ª Evaluación</td>
<td colspan="5" width="461"><strong>2&nbsp;&nbsp;&nbsp;&nbsp;&nbsp;&nbsp;&nbsp;&nbsp; </strong><strong>Bloque 3 (Continuación). </strong></p>
<p><strong>Bloque transversal: comentario de texto de Kant. “Respuesta a la pregunta qué es la Ilustración”</strong></p>
<p><strong>c. La filosofía empirista de Hume</strong></p>
<p><strong>d. La filosofía de la Ilustración: de Rousseau a Kant</strong></p>
<p><strong>3&nbsp;&nbsp;&nbsp;&nbsp;&nbsp;&nbsp;&nbsp;&nbsp; </strong><strong>Bloque 4. Filosofía Contemporánea.</strong></p>
<p>4.1. La filosofía marxista: Carlos Marx</p>
<p>4.2. La crisis de la razón ilustrada: Nietzsche</p>
<p>4.3. Otras corrientes filosóficas del siglo XX</td>
</tr>
<tr>
<td style="background-color: #8df7ed;width: 360px" colspan="4" width="360"><strong>Herramientas de evaluación</strong></td>
<td style="background-color: #8df7ed;width: 102px" width="102"><strong>CRITERIOS DE CALIFICACIÓN</strong></td>
</tr>
<tr>
<td colspan="3" width="164"><strong>GRUPO A</strong></td>
<td width="196"><strong>GRUPO B</strong></td>
<td rowspan="2" width="102"><strong>100%</strong></td>
</tr>
<tr>
<td colspan="3" width="164">&#8211; Examen de Kant (40%)</p>
<p>-Trabajo sobre la “Crítica de la razón pura” de Kant con herramienta TIC (30%)</p>
<p>-Línea de tiempo de C. Marx (30%)</td>
<td width="196">-Examen con comentario de Kant (70%)</p>
<p>-Test sobre la filosofía de Kant (20%)</p>
<p>-Trabajo sobre la “Crítica de la razón pura” de Kant con herramienta TIC (10%)</p>
<p>&nbsp;</td>
</tr>
<tr>
<td colspan="5" width="461">COMPETENCIAS: CCL, CD, CAA, CSC, CEC</td>
</tr>
<tr>
<td colspan="6" width="581"><strong>RECUPERACIÓN</strong>. Los alumnos/as recuperarán durante el mes de mayo aquellos autores que han suspendido durante el curso. El examen será sólo de uno de los autores y no habrá posibilidad de elegir entre distintas opciones. Sólo los alumnos/as que tengan un solo autor suspenso se examinarán del mismo.</td>
</tr>
<tr>
<td colspan="6" width="581"><strong>PRUEBA EXTRAORDINARIA. </strong>Aquellos alumnos/as que no hubieran superado la asignatura en la convocatoria ordinaria de mayo, deberán presentarse a una prueba en el mes de septiembre. Para la preparación de esta prueba se les facilitará a los alumnos/as unas indicaciones en el informe final del curso.</p>
<p>&nbsp;</td>
</tr>
</tbody>
</table>

<p>TEMPORIZACIÓN E INSTRUMENTOS DE EVALUACIÓN Para conocer más detenidamente los criterios de evaluación y los estándares de aprendizaje en las asignaturas de bachillerato deberán remitirse a la programación general del departamento. Historia de la&#46;&#46;&#46;</p>
