{"id":815,"date":"2018-02-21T17:54:58","date_gmt":"2018-02-21T17:54:58","guid":{"rendered":"https:\/\/blogsaverroes.juntadeandalucia.es\/iesmediterraneo\/?page_id=815"},"modified":"2019-03-30T16:37:04","modified_gmt":"2019-03-30T16:37:04","slug":"andalucia-profundiza","status":"publish","type":"page","link":"https:\/\/blogsaverroes.juntadeandalucia.es\/iesmediterraneo\/planes-y-proyectos\/andalucia-profundiza\/","title":{"rendered":"Andaluc\u00eda Profundiza"},"content":{"rendered":"<h2><span style=\"color: #339966\">Andaluc\u00eda Profundiza. Curso 2017-2018<\/span><\/h2>\n<h2><span style=\"color: #339966\">Andaluc\u00eda Profundiza. Curso 2018-2019<\/span><\/h2>\n<h2><strong><span style=\"color: #008080\">Centro sede para el desarrollo del programa \u00abAndaluc\u00eda Profundiza 2018\u00bb<\/span><\/strong><\/h2>\n<hr>\n<p><span style=\"font-size: 18pt\"><img loading=\"lazy\" decoding=\"async\" class=\"alignleft \" src=\"https:\/\/equipotecnicoorientaciongranada.files.wordpress.com\/2018\/01\/profundiza-2018-01.png?w=1400&amp;h=9999\" width=\"473\" height=\"662\">Proyecto que se desarrolla:<\/span><\/p>\n<p><span style=\"font-size: 18pt\">Impresi\u00f3n 3D y construcci\u00f3n de un brazo rob\u00f3tico<\/span><\/p>\n<p>D\u00cdA DE DESARROLLO MI\u00c9RCOLES<br \/>\nHORA 16:30-19:30<br \/>\nPRIMERA SESI\u00d3N 14\/03\/2018<br \/>\n<strong>PROFESOR RESPONSABLE<\/strong>: GUSTAVO PRETEL VALLEJO<\/p>\n<p><strong>ALUMNOS\/AS ADMITIDOS<\/strong><br \/>\n1 S\u00c1NCHEZ PRADOS, MATIAS&nbsp; 2\u00ba ESO<br \/>\n2 PEINADO TORRES, SARA&nbsp; 1\u00ba ESO<br \/>\n3 PEINADO TORRES ,RAQUEL&nbsp; 1\u00ba ESO<br \/>\n4 PAEZ RODRIGUEZ , JOAQUIN&nbsp; 1\u00ba ESO<br \/>\n5 MOLINA MARTIN , ALVARO&nbsp; 1\u00ba ESO<br \/>\n6 MINGO HARO , NICOLAS&nbsp; 1\u00ba ESO<br \/>\n7 MART\u00cdN LOZANO, JOEL&nbsp; 2\u00ba ESO<br \/>\n8 LOZANO ESPARRELL , IDAIRA&nbsp; 1\u00ba ESO<br \/>\n9 IZQUIERDO BOTEZATU, DRAGOS&nbsp; 1\u00ba ESO<br \/>\n10 GARC\u00cdA P\u00c9REZ, LUC\u00cdA&nbsp;2\u00ba ESO&nbsp;<br \/>\n11 FLORES FUNES , PABLO JAVIER 1\u00ba ESO<br \/>\n12 ESPINOSA B\u00c9JAR, LUC\u00cdA&nbsp; 2\u00ba ESO<br \/>\n13 DEL POZO QUESADA, DANIEL&nbsp; 2\u00ba ESO<br \/>\n14 BAUTISTA RODR\u00cdGUEZ, LIDIA&nbsp; 1\u00ba ESO<br \/>\n15 BACAS POSADAS, MARTA&nbsp; 1\u00ba ESO<br \/>\n16 BACAS POSADAS, DAVID&nbsp; 2\u00ba ESO<br \/>\n17 ARELLANO MINGORANCE , ALBA&nbsp; 1\u00ba ESO<br \/>\n18 ALMENDROS NAVAS, EVA PATRICIA 1\u00ba ESO<\/p>\n","protected":false},"excerpt":{"rendered":"<p>Andaluc\u00eda Profundiza. Curso 2017-2018 Andaluc\u00eda Profundiza. Curso 2018-2019 Centro sede para el desarrollo del programa \u00abAndaluc\u00eda Profundiza 2018\u00bb Proyecto que se desarrolla: Impresi\u00f3n 3D y construcci\u00f3n de un brazo rob\u00f3tico D\u00cdA DE DESARROLLO MI\u00c9RCOLES&#46;&#46;&#46;<\/p>\n","protected":false},"author":5102,"featured_media":0,"parent":188,"menu_order":1,"comment_status":"closed","ping_status":"closed","template":"page-template-full.php","meta":{"ngg_post_thumbnail":0,"footnotes":""},"aioseo_notices":[],"_links":{"self":[{"href":"https:\/\/blogsaverroes.juntadeandalucia.es\/iesmediterraneo\/wp-json\/wp\/v2\/pages\/815"}],"collection":[{"href":"https:\/\/blogsaverroes.juntadeandalucia.es\/iesmediterraneo\/wp-json\/wp\/v2\/pages"}],"about":[{"href":"https:\/\/blogsaverroes.juntadeandalucia.es\/iesmediterraneo\/wp-json\/wp\/v2\/types\/page"}],"author":[{"embeddable":true,"href":"https:\/\/blogsaverroes.juntadeandalucia.es\/iesmediterraneo\/wp-json\/wp\/v2\/users\/5102"}],"replies":[{"embeddable":true,"href":"https:\/\/blogsaverroes.juntadeandalucia.es\/iesmediterraneo\/wp-json\/wp\/v2\/comments?post=815"}],"version-history":[{"count":3,"href":"https:\/\/blogsaverroes.juntadeandalucia.es\/iesmediterraneo\/wp-json\/wp\/v2\/pages\/815\/revisions"}],"predecessor-version":[{"id":948,"href":"https:\/\/blogsaverroes.juntadeandalucia.es\/iesmediterraneo\/wp-json\/wp\/v2\/pages\/815\/revisions\/948"}],"up":[{"embeddable":true,"href":"https:\/\/blogsaverroes.juntadeandalucia.es\/iesmediterraneo\/wp-json\/wp\/v2\/pages\/188"}],"wp:attachment":[{"href":"https:\/\/blogsaverroes.juntadeandalucia.es\/iesmediterraneo\/wp-json\/wp\/v2\/media?parent=815"}],"curies":[{"name":"wp","href":"https:\/\/api.w.org\/{rel}","templated":true}]}}

Andalucía Profundiza

<h2><span style="color: #339966">Andalucía Profundiza. Curso 2017-2018</span></h2>
<h2><span style="color: #339966">Andalucía Profundiza. Curso 2018-2019</span></h2>
<h2><strong><span style="color: #008080">Centro sede para el desarrollo del programa «Andalucía Profundiza 2018»</span></strong></h2>
<hr>
<p><span style="font-size: 18pt"><img loading="lazy" decoding="async" class="alignleft " src="https://equipotecnicoorientaciongranada.files.wordpress.com/2018/01/profundiza-2018-01.png?w=1400&amp;h=9999" width="473" height="662">Proyecto que se desarrolla:</span></p>
<p><span style="font-size: 18pt">Impresión 3D y construcción de un brazo robótico</span></p>
<p>DÍA DE DESARROLLO MIÉRCOLES<br />
HORA 16:30-19:30<br />
PRIMERA SESIÓN 14/03/2018<br />
<strong>PROFESOR RESPONSABLE</strong>: GUSTAVO PRETEL VALLEJO</p>
<p><strong>ALUMNOS/AS ADMITIDOS</strong><br />
1 SÁNCHEZ PRADOS, MATIAS&nbsp; 2º ESO<br />
2 PEINADO TORRES, SARA&nbsp; 1º ESO<br />
3 PEINADO TORRES ,RAQUEL&nbsp; 1º ESO<br />
4 PAEZ RODRIGUEZ , JOAQUIN&nbsp; 1º ESO<br />
5 MOLINA MARTIN , ALVARO&nbsp; 1º ESO<br />
6 MINGO HARO , NICOLAS&nbsp; 1º ESO<br />
7 MARTÍN LOZANO, JOEL&nbsp; 2º ESO<br />
8 LOZANO ESPARRELL , IDAIRA&nbsp; 1º ESO<br />
9 IZQUIERDO BOTEZATU, DRAGOS&nbsp; 1º ESO<br />
10 GARCÍA PÉREZ, LUCÍA&nbsp;2º ESO&nbsp;<br />
11 FLORES FUNES , PABLO JAVIER 1º ESO<br />
12 ESPINOSA BÉJAR, LUCÍA&nbsp; 2º ESO<br />
13 DEL POZO QUESADA, DANIEL&nbsp; 2º ESO<br />
14 BAUTISTA RODRÍGUEZ, LIDIA&nbsp; 1º ESO<br />
15 BACAS POSADAS, MARTA&nbsp; 1º ESO<br />
16 BACAS POSADAS, DAVID&nbsp; 2º ESO<br />
17 ARELLANO MINGORANCE , ALBA&nbsp; 1º ESO<br />
18 ALMENDROS NAVAS, EVA PATRICIA 1º ESO</p>

<p>Andalucía Profundiza. Curso 2017-2018 Andalucía Profundiza. Curso 2018-2019 Centro sede para el desarrollo del programa «Andalucía Profundiza 2018» Proyecto que se desarrolla: Impresión 3D y construcción de un brazo robótico DÍA DE DESARROLLO MIÉRCOLES&#46;&#46;&#46;</p>
