{"id":823,"date":"2018-05-26T07:45:02","date_gmt":"2018-05-26T07:45:02","guid":{"rendered":"https:\/\/blogsaverroes.juntadeandalucia.es\/iesmediterraneo\/?page_id=823"},"modified":"2018-05-26T07:45:02","modified_gmt":"2018-05-26T07:45:02","slug":"proa","status":"publish","type":"page","link":"https:\/\/blogsaverroes.juntadeandalucia.es\/iesmediterraneo\/planes-y-proyectos\/proa\/","title":{"rendered":"PROA"},"content":{"rendered":"<h1><span style=\"color: #008000\">Programa de Refuerzo, Orientaci\u00f3n y Apoyo<\/span><\/h1>\n<hr>\n<p><a href=\"https:\/\/blogsaverroes.juntadeandalucia.es\/iesmediterraneo\/files\/2018\/05\/colegio.gif\"><img loading=\"lazy\" decoding=\"async\" class=\"alignleft  wp-image-824\" src=\"https:\/\/blogsaverroes.juntadeandalucia.es\/iesmediterraneo\/files\/2018\/05\/colegio.gif\" alt=\"\" width=\"388\" height=\"194\"><\/a><span style=\"font-size: 14pt\"><em>El PROA es un programa destinado a mejorar los rendimientos escolares de los alumnos que presentan dificultades en la Educaci\u00f3n Secundaria Obligatoria, proporcionando apoyo y refuerzo organizado en horario extraescolar. El objetivo \u00faltimo del PROA es \u00abgarantizar el derecho de la ciudadan\u00eda a una educaci\u00f3n permanente y de car\u00e1cter compensatorio, as\u00ed como garantizar la igualdad efectiva de oportunidades, las condiciones que permitan su aprendizaje y ejercicio y la inclusi\u00f3n educativa de todos los colectivos que puedan tener dificultades en el acceso y permanencia en el sistema educativo.<\/em><\/span><\/p>\n<h3>El programa se dirige a alumnos\/as que puedan presentar:<\/h3>\n<ul style=\"list-style-type: square\">\n<li><span style=\"font-family: arial, helvetica, sans-serif\">Dificultades en el proceso de aprendizaje de las \u00e1reas instrumentales b\u00e1sicas.<\/span><\/li>\n<li><span style=\"font-family: arial, helvetica, sans-serif\">Carencia de h\u00e1bitos de trabajo.<\/span><\/li>\n<li><span style=\"font-family: arial, helvetica, sans-serif\">Baja motivaci\u00f3n por el estudio.<\/span><\/li>\n<li><span style=\"font-family: arial, helvetica, sans-serif\">Retraso en el proceso de maduraci\u00f3n personal.<\/span><\/li>\n<li><span style=\"font-family: arial, helvetica, sans-serif\">Problemas de integraci\u00f3n en el grupo y en el centro.<\/span><\/li>\n<\/ul>\n<h3>Los objetivos del programa son:<\/h3>\n<ul style=\"list-style-type: disc\">\n<li><span style=\"font-family: arial, helvetica, sans-serif\">Potenciar el aprendizaje y el rendimiento escolar de los alumnos<\/span><\/li>\n<li><span style=\"font-family: arial, helvetica, sans-serif\">Ayudarles a adquirir h\u00e1bitos de organizaci\u00f3n en el estudio<\/span><\/li>\n<li><span style=\"font-family: arial, helvetica, sans-serif\">Ense\u00f1arles a trabajar con constancia<\/span><\/li>\n<li><span style=\"font-family: arial, helvetica, sans-serif\">Asentar conocimientos&nbsp; y destrezas en las competencias clave<\/span><\/li>\n<li><span style=\"font-family: arial, helvetica, sans-serif\">conseguir un nivel adecuado de uso del espa\u00f1ol como lengua vehicular en el caso del alumnado extranjero<\/span><\/li>\n<li><span style=\"font-family: arial, helvetica, sans-serif\">Motivar a los alumnos\/as y facilitar su integraci\u00f3n en el grupo y en el centro<\/span><\/li>\n<\/ul>\n<h3>Compromisos del centro:<\/h3>\n<ul style=\"list-style-type: disc\">\n<li><span style=\"font-family: arial, helvetica, sans-serif\">Contribuir a la organizaci\u00f3n y a la integraci\u00f3n del programa en los documentos oficiales de planificaci\u00f3n del<\/span><br \/>\n<span style=\"font-family: arial, helvetica, sans-serif\">centro.<\/span><\/li>\n<li><span style=\"font-family: arial, helvetica, sans-serif\">Llevar a cabo la selecci\u00f3n de los alumnos y alumnas participantes de acuerdo con los criterios&nbsp;expuestos y acordar con las familias dicha incorporaci\u00f3n.<\/span><\/li>\n<li><span style=\"font-family: arial, helvetica, sans-serif\">Seleccionar al profesorado.<\/span><\/li>\n<li><span style=\"font-family: arial, helvetica, sans-serif\">Garantizar el estricto cumplimiento de todas las gestiones que requiere el programa.<\/span><\/li>\n<li><span style=\"font-family: arial, helvetica, sans-serif\">Cumplir los requisitos que, a efectos de publicidad y difusi\u00f3n, se establecen en estas instrucciones recogidas por la Junta de Andaluc\u00eda<\/span><\/li>\n<li><span style=\"font-family: arial, helvetica, sans-serif\">Colaborar en la valoraci\u00f3n de los resultados.<\/span><\/li>\n<\/ul>\n<h3>Compromisos de las Familias<\/h3>\n<ul style=\"list-style-type: disc\">\n<li><span style=\"font-family: arial, helvetica, sans-serif\">Apoyar la asistencia de los alumnos y alumnas a las actividades del programa en el que participa.<\/span><\/li>\n<li><span style=\"font-family: arial, helvetica, sans-serif\">Mejorar en cantidad y calidad su relaci\u00f3n con el centro docente, adquiriendo el compromiso de asistir a las<\/span><br \/>\n<span style=\"font-family: arial, helvetica, sans-serif\">reuniones y citas individuales que se convoquen.<\/span><\/li>\n<li><span style=\"font-family: arial, helvetica, sans-serif\">Colaborar en la valoraci\u00f3n del programa correspondiente.<\/span><\/li>\n<\/ul>\n<table style=\"width: 976px\">\n<tbody>\n<tr>\n<td style=\"width: 970px;background-color: #8ff2d1\"><span style=\"font-size: 24pt;color: #008080\"><strong>El PROA en nuestro centro<\/strong><\/span><\/td>\n<\/tr>\n<\/tbody>\n<\/table>\n<table class=\" alignleft\" style=\"width: 363px\">\n<tbody>\n<tr>\n<td style=\"background-color: #7ecdf2;width: 551px\"><strong>Profesores\/as responsables del PROA<\/strong><\/td>\n<\/tr>\n<tr>\n<td style=\"width: 551px\">\n<ul>\n<li>D. Francisco Aranda<\/li>\n<li>D\u00aa Esperanza Nieto<\/li>\n<\/ul>\n<\/td>\n<\/tr>\n<tr>\n<td style=\"background-color: #7cd6f7;width: 551px\"><strong>Horario<\/strong><\/td>\n<\/tr>\n<tr>\n<td style=\"width: 551px\">\n<ul style=\"list-style-type: disc\">\n<li>Lunes y martes de 16:30 a 18:30<\/li>\n<\/ul>\n<\/td>\n<\/tr>\n<tr>\n<td style=\"background-color: #7cd6f7;width: 551px\"><strong>Grupos destinatarios<\/strong><\/td>\n<\/tr>\n<tr>\n<td style=\"width: 551px\">\n<ul style=\"list-style-type: disc\">\n<li>1\u00ba y 2\u00ba de ESO<\/li>\n<\/ul>\n<\/td>\n<\/tr>\n<\/tbody>\n<\/table>\n<h3>&nbsp;<\/h3>\n<h3>&nbsp;<\/h3>\n<h3>&nbsp;<\/h3>\n<h3>&nbsp;<\/h3>\n<h3>&nbsp;<\/h3>\n<h3>&nbsp;<\/h3>\n<h3>&nbsp;<\/h3>\n<h3>&nbsp;<\/h3>\n<h3><span style=\"color: #008080\">M\u00e1s informaci\u00f3n<\/span><\/h3>\n<p><a href=\"http:\/\/www.juntadeandalucia.es\/educacion\/portals\/web\/ced\/novedades\/-\/contenidos\/detalle\/proa-andalucia-publicadas-las-instrucciones-de-9-de-noviembre-de-2017-por-la-que-se-establece-la-organizacion-y\">Instrucciones del 9 de noviembre de 2017 en la que se establece el PROA<\/a><\/p>\n","protected":false},"excerpt":{"rendered":"<p>Programa de Refuerzo, Orientaci\u00f3n y Apoyo El PROA es un programa destinado a mejorar los rendimientos escolares de los alumnos que presentan dificultades en la Educaci\u00f3n Secundaria Obligatoria, proporcionando apoyo y refuerzo organizado en&#46;&#46;&#46;<\/p>\n","protected":false},"author":5102,"featured_media":0,"parent":188,"menu_order":0,"comment_status":"closed","ping_status":"closed","template":"page-template-full.php","meta":{"ngg_post_thumbnail":0,"footnotes":""},"aioseo_notices":[],"_links":{"self":[{"href":"https:\/\/blogsaverroes.juntadeandalucia.es\/iesmediterraneo\/wp-json\/wp\/v2\/pages\/823"}],"collection":[{"href":"https:\/\/blogsaverroes.juntadeandalucia.es\/iesmediterraneo\/wp-json\/wp\/v2\/pages"}],"about":[{"href":"https:\/\/blogsaverroes.juntadeandalucia.es\/iesmediterraneo\/wp-json\/wp\/v2\/types\/page"}],"author":[{"embeddable":true,"href":"https:\/\/blogsaverroes.juntadeandalucia.es\/iesmediterraneo\/wp-json\/wp\/v2\/users\/5102"}],"replies":[{"embeddable":true,"href":"https:\/\/blogsaverroes.juntadeandalucia.es\/iesmediterraneo\/wp-json\/wp\/v2\/comments?post=823"}],"version-history":[{"count":6,"href":"https:\/\/blogsaverroes.juntadeandalucia.es\/iesmediterraneo\/wp-json\/wp\/v2\/pages\/823\/revisions"}],"predecessor-version":[{"id":830,"href":"https:\/\/blogsaverroes.juntadeandalucia.es\/iesmediterraneo\/wp-json\/wp\/v2\/pages\/823\/revisions\/830"}],"up":[{"embeddable":true,"href":"https:\/\/blogsaverroes.juntadeandalucia.es\/iesmediterraneo\/wp-json\/wp\/v2\/pages\/188"}],"wp:attachment":[{"href":"https:\/\/blogsaverroes.juntadeandalucia.es\/iesmediterraneo\/wp-json\/wp\/v2\/media?parent=823"}],"curies":[{"name":"wp","href":"https:\/\/api.w.org\/{rel}","templated":true}]}}