{"id":988,"date":"2019-09-07T16:56:14","date_gmt":"2019-09-07T16:56:14","guid":{"rendered":"https:\/\/blogsaverroes.juntadeandalucia.es\/iesmediterraneo\/?page_id=988"},"modified":"2019-09-07T16:56:14","modified_gmt":"2019-09-07T16:56:14","slug":"politica-de-uso-de-g-suite","status":"publish","type":"page","link":"https:\/\/blogsaverroes.juntadeandalucia.es\/iesmediterraneo\/politica-de-uso-de-g-suite\/","title":{"rendered":"Pol\u00edtica de uso de G Suite"},"content":{"rendered":"<h1><span style=\"color: #008080\">POL\u00cdTICA DEL USO DE CUENTAS G SUITE PARA CENTROS EDUCATIVOS<\/span><\/h1>\n<p><span style=\"color: #008080;font-size: 18pt\"><strong>DESCRIPCI\u00d3N DEL SERVICIO<\/strong><\/span><\/p>\n<p>G Suite para Educaci\u00f3n es un conjunto de soluciones de software que Google ofrece gratuitamente a los centros educativos bajo el modelo de \u201cinformaci\u00f3n alojada en la nube\u201d (Aplicaciones como Servicio). Las cuentas de G Suite para Centros Educativos son proporcionadas con el \u00fanico objeto de apoyar el proceso de aprendizaje del alumnado del y facilitar la comunicaci\u00f3n entre los miembros de la comunidad escolar del IES Mediterr\u00e1neo <strong>conforme al acuerdo establecido con Google<\/strong>.<\/p>\n<p>Los servicios bajo el dominio del centro educativo (iesmediterraneo.org) son servicios administrados por el IES Mediterr\u00e1neo. El acceso a estos recursos est\u00e1 condicionado a la aceptaci\u00f3n de la <u>Pol\u00edtica de Uso<\/u>por parte del alumno\/a al que se le proporcione una cuenta y de las familias.<\/p>\n<p>Las cuentas institucionales se encuentran bajo la plataforma dotada por G Suite, que incluye los siguientes <strong>Servicios Principales<\/strong>:<\/p>\n<ul>\n<li><strong>Gmail <\/strong>es un servicio web de correo gracias al cual las organizaciones pueden utilizar su sistema de correo electr\u00f3nico mediante los sistemas de Google. Permite acceder a la bandeja de entrada de los Usuarios Finales desde un navegador web compatible y leer, redactar, reenviar y buscar correos, adem\u00e1s de responder a los mensajes y organizarlos por etiquetas. Este servicio cuenta con filtros contra spam y virus, y los Administradores pueden crear reglas para gestionar los mensajes con archivos adjuntos o un contenido especifico, y para enrutar mensajes a otros servidores de correo. Las reglas se pueden configurar por grupo o por Cliente (todos los dominios).<\/li>\n<li><strong>Google Calendar <\/strong>es un servicio basado en la Web para administrar calendarios personales, de empresa u organizaci\u00f3n y de equipo. Ofrece una interfaz para que los Usuarios Finales puedan ver sus calendarios, programar reuniones con otros Usuarios Finales, consultar la disponibilidad de otros Usuarios Finales, y reservar salas y recursos.<\/li>\n<li><strong>Contactos de Google <\/strong>es un servicio web que permite a los Usuarios Finales importar, almacenar y ver la informaci\u00f3n de los contactos, as\u00ed\u0301 como crear grupos de contactos personales para poder comunicarse con muchas personas con un solo correo electr\u00f3nico.<\/li>\n<li><strong>Documentos de Google<\/strong>, <strong>Hojas de Calculo de Google<\/strong>, <strong>Presentaciones de Google <\/strong>y <strong>Formularios de Google <\/strong>son servicios web que permiten a los Usuarios Finales crear, editar, compartir, colaborar, dibujar, insertar contenido y exportar documentos, hojas de c\u00e1lculo, presentaciones y formularios.<\/li>\n<li><strong>Google Drive <\/strong>proporciona herramientas basadas en la Web que permiten a los Usuarios Finales almacenar, transferir y compartir archivos, as\u00ed\u0301 como ver v\u00eddeos.<\/li>\n<li><strong>Grupos de Google <\/strong>es un servicio web que permite a los Usuarios Finales y los propietarios de sitios web crear y gestionar grupos colaborativos. Los Usuarios Finales pueden mantener conversaciones por correo electr\u00f3nico y compartir documentos, calendarios, sitios web y carpetas con los miembros de un grupo, as\u00ed como acceder al archivo de las conversaciones del grupo y realizar b\u00fasquedas en \u00e9l.<\/li>\n<li><strong>Hangouts de Google <\/strong>es un servicio web que permiten la comunicaci\u00f3n en tiempo real entre usuarios finales. Hangouts de Google permite mantener conversaciones de grupo y entre dos personas mediante mensajes de chat, llamadas de voz y video-llamadas sencillas.<\/li>\n<li><strong>Google Jamboard <\/strong>es un servicio web que permite a los Usuarios Finales crear, editar, compartir, colaborar, dibujar, exportar e insertar contenido en un documento.<\/li>\n<li><strong>Google Keep <\/strong>es un servicio web que permite a los Usuarios Finales crear, modificar y compartir notas, listas y dibujos, as\u00ed\u0301 como colaborar en su elaboraci\u00f3n.<\/li>\n<\/ul>\n<ul>\n<li><strong>Google Sites <\/strong>permite a los Usuarios Finales crear sitios web en el dominio de G Suite Basic para que se compartan o publiquen. Un Usuario Final puede crear un sitio web mediante una herramienta web y, a continuaci\u00f3n, compartirlo con un grupo de Usuarios Finales o bien publicarlo para el resto de la comunidad educativa.<\/li>\n<li><strong>Tareas de Google <\/strong>es un servicio web con el que los usuarios finales pueden crear, editar y gestionar tareas.<\/li>\n<li><strong>Google Vault <\/strong>es un servicio web que proporciona funciones de b\u00fasqueda y exportaci\u00f3n en Google Drive y Gmail.<\/li>\n<li><strong>Classroom<\/strong>. En principio, el IES Mediterr\u00e1neo no va a hacer uso de este servicio.<\/li>\n<\/ul>\n<p>El conjunto de aplicaciones principales de G Suite queda descrito en:<\/p>\n<p>http:\/\/www.google.com\/enterprise\/apps\/education\/products.html<\/p>\n<p><span style=\"font-size: 18pt;color: #008080\"><strong>CONDICIONES DEL SERVICIO<\/strong><\/span><\/p>\n<p><span style=\"color: #008080;font-size: 14pt\"><strong>CONDICIONES GENERALES <\/strong><\/span><\/p>\n<ol>\n<li>Las cuentas G Suite del IES Mediterr\u00e1neo constituyen un servicio que el centro proporciona al personal docente y personal de administraci\u00f3n y servicios que trabajan en \u00e9l, y al alumnado que cursa sus ense\u00f1anzas regladas en el mismo.<\/li>\n<li>Las cuentas G Suite del IES Mediterr\u00e1neo ser\u00e1n creadas y utilizadas de acuerdo con las condiciones establecidas en el acuerdo suscrito entre el IES Mediterr\u00e1neo y Google. Los t\u00e9rminos del acuerdo gen\u00e9rico \u00abG Suite\u00bb pueden consultarse en el sitio Web de G Suite, en la direcci\u00f3n: http:\/\/www.google.com\/apps\/intl\/es\/terms\/education_terms.html<\/li>\n<li><strong>Las cuentas G Suite del IES Mediterr\u00e1neo solo podr\u00e1n ser utilizadas por el centro, docentes y personal de administraci\u00f3n y servicios que trabajan en \u00e9l, y el alumnado que cursa sus ense\u00f1anzas regladas, en tareas relacionadas con su actividad educativa<\/strong>.<\/li>\n<li>La publicaci\u00f3n y distribuci\u00f3n de cualquier tipo de contenido mediante los servicios y aplicaciones vinculados a las cuentas G Suite del IES Mediterr\u00e1neo deber\u00e1\u0301 realizarse de acuerdo con la legislaci\u00f3n vigente sobre protecci\u00f3n de datos de car\u00e1cter personal.<\/li>\n<li><strong>Queda estrictamente prohibido el uso de las cuentas G Suite del IES Mediterr\u00e1neo, y de todos los servicios y aplicaciones vinculados a ellas, para actividades comerciales o publicitarias o cualquiera otras no vinculadas a la actividad educativa del centro<\/strong>.<\/li>\n<li>Las cuentas G Suite del IES Mediterr\u00e1neo ser\u00e1n, salvo excepciones, nominales, y responder\u00e1n siempre a una persona f\u00edsica, pudiendo gestionarse \u00abAlias\u00bb para asignar otras direcciones por cargo o grupo de personas.<\/li>\n<li>Los usuarios o representantes legales son responsables de todas las actividades realizadas con sus cuentas de acceso y su buz\u00f3n asociado al IES Mediterr\u00e1neo.<\/li>\n<li><strong>Es una falta grave facilitar y ofrecer acceso a la propia cuenta a personas no autorizadas; la cuenta es personal e intransferible<\/strong>.<\/li>\n<li><strong>Es responsabilidad de cada usuario procurar la salvaguarda de los datos contenidos en las aplicaciones de G Suite<\/strong>.<\/li>\n<li>El IES Mediterr\u00e1neo podr\u00e1 crear cuentas para la administraci\u00f3n de <em>backups<\/em>(copiasde seguridad), as\u00ed como habilitar LDAP y Single Sign On para la autentificaci\u00f3n con servicios de terceros.<\/li>\n<\/ol>\n<p><span style=\"color: #008080;font-size: 14pt\"><strong>CONDICIONES DE LAS CUENTAS DEL ALUMNADO <\/strong><\/span><\/p>\n<ol>\n<li>El centro educativo IES Mediterr\u00e1neo podr\u00e1\u0301 dar de alta cuentas para sus alumnos, para lo cual deber\u00e1\u0301 seguir el procedimiento que en su momento se determine.<\/li>\n<li>El uso de las cuentas por parte del alumnado requiere manifestar la conformidad con la Pol\u00edtica de Uso de Cuentas G Suite del IES Mediterr\u00e1neo por parte del alumnado y de sus familias, <strong>haci\u00e9ndose responsables de las consecuencias derivadas del mal uso del servicio<\/strong>.<\/li>\n<li>El IES Mediterr\u00e1neo podr\u00e1 suspender del uso de este servicio a los alumnos\/as que no cumplan con lo establecido en la Pol\u00edtica de Uso de Cuentas.<\/li>\n<li>Cada alumno solo podr\u00e1\u0301 tener una \u00fanica cuenta G Suite del IES Mediterr\u00e1neo y su <strong>uso es exclusivo para el \u00e1mbito escolar y educativo<\/strong>.<\/li>\n<li><u>Cuando un alumno deje de estar matriculado en el centro IES Mediterr\u00e1neo se proceder\u00e1\u0301 a suspender y\/o eliminar su cuenta<\/u>.<\/li>\n<li>El uso de la cuenta deber\u00e1\u0301 respetar en todo momento las normas de convivencia del centro y su incumplimiento puede llevar aparejado la limitaci\u00f3n de acceso a la misma (adem\u00e1s de la correspondiente medida correctora).<\/li>\n<li>El IES Mediterr\u00e1neo se reserva el derecho a condicionar el despliegue de las aplicaciones seg\u00fan criterios pedag\u00f3gicos y de edad del alumnado.<\/li>\n<li><strong>En el caso de que haya indicios de que la cuenta asignada a un alumno est\u00e9 involucrada en casos graves de disciplina o mala conducta podr\u00e1\u0301 ser intervenida, suspendida y\/o supervisada por la Direcci\u00f3n del Centro<\/strong>.<\/li>\n<\/ol>\n<p><span style=\"font-size: 14pt;color: #008080\"><strong>CL\u00c1USULA GENERAL <\/strong><\/span><\/p>\n<p>En caso de que se advierta un incumplimiento de las condiciones antedichas sobre prestaci\u00f3n del servicio, el Centro se reserva la potestad de desactivar o dar de baja cualquier cuenta de G Suite del IES Mediterr\u00e1neo, incluso sin previo aviso.<\/p>\n<p><span style=\"font-size: 14pt;color: #008080\"><strong>PRIVACIDAD, SEGURIDAD Y TRATAMIENTO DE DATOS<\/strong><\/span><\/p>\n<p>G Suite posee desde mayo 2012, la certificaci\u00f3n ISO 27001, adem\u00e1s de la ya existente SSAE 16\/SAE 3402 y el certificado FISMA de G Suite para Gobiernos. Adem\u00e1s Google ha sido la primera empresa en adoptar el primer est\u00e1ndar global de privacidad para Cloud Computing ISO\/IEC 27018.<\/p>\n<p>Google ofrece una Enmienda para el Procesamiento de Datos y las Cl\u00e1usulas del Contrato Modelo como un m\u00e9todo adicional de seguridad y protecci\u00f3n de datos que permite cumplir los requisitos de idoneidad y seguridad de la Directiva de Protecci\u00f3n de Datos del Parlamento Europeo y del Consejo de la Uni\u00f3n Europea.<\/p>\n<p>Google cumple con el nuevo Reglamento General de Protecci\u00f3n de datos de la UE de 27 de abril de 2016, que comenzar\u00e1 a aplicarse en Mayo de 2018.<\/p>\n","protected":false},"excerpt":{"rendered":"<p>POL\u00cdTICA DEL USO DE CUENTAS G SUITE PARA CENTROS EDUCATIVOS DESCRIPCI\u00d3N DEL SERVICIO G Suite para Educaci\u00f3n es un conjunto de soluciones de software que Google ofrece gratuitamente a los centros educativos bajo el&#46;&#46;&#46;<\/p>\n","protected":false},"author":5102,"featured_media":0,"parent":0,"menu_order":0,"comment_status":"closed","ping_status":"closed","template":"page-template-full.php","meta":{"ngg_post_thumbnail":0,"footnotes":""},"aioseo_notices":[],"_links":{"self":[{"href":"https:\/\/blogsaverroes.juntadeandalucia.es\/iesmediterraneo\/wp-json\/wp\/v2\/pages\/988"}],"collection":[{"href":"https:\/\/blogsaverroes.juntadeandalucia.es\/iesmediterraneo\/wp-json\/wp\/v2\/pages"}],"about":[{"href":"https:\/\/blogsaverroes.juntadeandalucia.es\/iesmediterraneo\/wp-json\/wp\/v2\/types\/page"}],"author":[{"embeddable":true,"href":"https:\/\/blogsaverroes.juntadeandalucia.es\/iesmediterraneo\/wp-json\/wp\/v2\/users\/5102"}],"replies":[{"embeddable":true,"href":"https:\/\/blogsaverroes.juntadeandalucia.es\/iesmediterraneo\/wp-json\/wp\/v2\/comments?post=988"}],"version-history":[{"count":1,"href":"https:\/\/blogsaverroes.juntadeandalucia.es\/iesmediterraneo\/wp-json\/wp\/v2\/pages\/988\/revisions"}],"predecessor-version":[{"id":989,"href":"https:\/\/blogsaverroes.juntadeandalucia.es\/iesmediterraneo\/wp-json\/wp\/v2\/pages\/988\/revisions\/989"}],"wp:attachment":[{"href":"https:\/\/blogsaverroes.juntadeandalucia.es\/iesmediterraneo\/wp-json\/wp\/v2\/media?parent=988"}],"curies":[{"name":"wp","href":"https:\/\/api.w.org\/{rel}","templated":true}]}}