{"id":991,"date":"2019-09-07T17:05:11","date_gmt":"2019-09-07T17:05:11","guid":{"rendered":"https:\/\/blogsaverroes.juntadeandalucia.es\/iesmediterraneo\/?page_id=991"},"modified":"2019-09-07T17:05:11","modified_gmt":"2019-09-07T17:05:11","slug":"preguntas-sobre-g-suite","status":"publish","type":"page","link":"https:\/\/blogsaverroes.juntadeandalucia.es\/iesmediterraneo\/preguntas-sobre-g-suite\/","title":{"rendered":"Preguntas sobre G Suite"},"content":{"rendered":"<h1><span style=\"color: #008000\">Preguntas sobre el servicio de la cuenta G Suite para centro educativos<\/span><\/h1>\n<p><span style=\"font-size: 18pt\"><strong>\u00bfQu\u00e9 informaci\u00f3n personal recoge Google?<\/strong><\/span><\/p>\n<p>Al crear una cuenta de alumno, el IES Mediterr\u00e1neo puede proporcionar a Google determinada informaci\u00f3n personal sobre el alumno (p. ej., el nombre, la direcci\u00f3n de correo electr\u00f3nico y la contrase\u00f1a). Google tambi\u00e9n puede recabar informaci\u00f3n personal directamente de los alumnos, como el n\u00famero de tel\u00e9fono para recuperar la cuenta o una foto de perfil que se a\u00f1ada a la cuenta de G&nbsp;Suite para el Centro Educativo. Cuando un alumno use los servicios de Google, tambi\u00e9n recabar\u00e1 la informaci\u00f3n basada en el uso de esos servicios. Algunas de sus responsabilidades son:<\/p>\n<ul>\n<li>Informaci\u00f3n del dispositivo como, por ejemplo, el modelo de hardware, la versi\u00f3n del sistema operativo, los identificadores exclusivos del dispositivo y la informaci\u00f3n de la red m\u00f3vil, incluido el n\u00famero de tel\u00e9fono<\/li>\n<li>Informaci\u00f3n del registro, incluidos los detalles de c\u00f3mo ha utilizado el usuario los servicios de Google, los datos de los eventos del dispositivo y la direcci\u00f3n del protocolo de Internet del usuario (IP)<\/li>\n<li>Informaci\u00f3n de la ubicaci\u00f3n, seg\u00fan determinen distintas tecnolog\u00edas (p. ej., la direcci\u00f3n IP, el GPS y otros sensores)<\/li>\n<li>N\u00fameros exclusivos de la aplicaci\u00f3n (como el n\u00famero de la versi\u00f3n de la aplicaci\u00f3n)<\/li>\n<li>Cookies o tecnolog\u00edas similares que se utilizan para recabar y almacenar informaci\u00f3n sobre un navegador o un dispositivo (p. ej., el idioma preferido y otros ajustes)<\/li>\n<\/ul>\n<p><span style=\"font-size: 14pt\"><strong>\u00bfUtiliza Google la informaci\u00f3n personal de los alumnos para los usuarios de centros educativos de ense\u00f1anza primaria y secundaria con el fin de orientar la publicidad?<\/strong><\/span><\/p>\n<p><strong>No<\/strong>, cuando los usuarios de G&nbsp;Suite para Centros Educativos sean alumnos de centros de ense\u00f1anza primaria o secundaria, Google no utilizar\u00e1 ninguna informaci\u00f3n personal (ni ninguna informaci\u00f3n asociada a una cuenta de G&nbsp;Suite para Centros Educativos) con el fin de orientar los anuncios, ya sea en los servicios principales o en otros servicios adicionales a los que se acceda al utilizar una cuenta de G&nbsp;Suite para Centros Educativos.<\/p>\n<p><span style=\"font-size: 14pt\"><strong>\u00bfDivulgar\u00e1 Google la informaci\u00f3n personal de mi hijo?<\/strong><\/span><\/p>\n<p><strong>Google no compartir\u00e1 informaci\u00f3n personal<\/strong> con empresas, organizaciones y particulares fuera de Google a menos que se d\u00e9 una de las circunstancias siguientes:<\/p>\n<ul>\n<li><strong>Con el consentimiento del padre, madre o tutor.<\/strong>&nbsp;Google compartir\u00e1 informaci\u00f3n personal con empresas, organizaciones o particulares no relacionados con Google cuando disponga del consentimiento de los padres (para los usuarios cuya edad requiera el consentimiento), que se podr\u00e1 obtener a trav\u00e9s de los centros educativos de G&nbsp;Suite para Centros Educativos.<\/li>\n<li>Al tratarse de cuentas gestionadas por los centros, las cuentas de G&nbsp;Suite para Centros Educativos proporcionan a los administradores acceso a la informaci\u00f3n almacenada en ellas.<\/li>\n<li><strong>Para el procesamiento externo:<\/strong>&nbsp;Google puede proporcionar informaci\u00f3n personal a los afiliados o a otras personas o empresas de confianza para que la procesen en nombre de Google, siguiendo nuestras instrucciones de Google y de conformidad con el Aviso de Privacidad de G&nbsp;Suite para Centros Educativos y otras medidas de seguridad y confidencialidad adecuadas.<\/li>\n<li><strong>Por motivos legales:<\/strong>&nbsp;Google compartir\u00e1 la informaci\u00f3n personal con empresas, organizaciones o personas ajenas a Google si cree de buena fe que acceder, utilizar, preservar o divulgar informaci\u00f3n es razonablemente necesario para:\n<ul>\n<li>Cumplir cualquier requisito previsto en la legislaci\u00f3n o normativa aplicable o atender cualquier requerimiento de un \u00f3rgano administrativo o judicial.<\/li>\n<li>Cumplir lo previsto en las condiciones de servicio vigentes, incluida la investigaci\u00f3n de posibles infracciones.<\/li>\n<li>Detectar o impedir cualquier fraude o incidencia t\u00e9cnica o de seguridad, o hacerles frente de otro modo.<\/li>\n<li>Proteger los derechos, los bienes o la seguridad de Google, de nuestros usuarios o del p\u00fablico en general en la medida exigida o permitida por la legislaci\u00f3n vigente.<\/li>\n<\/ul>\n<\/li>\n<\/ul>\n<p>Google tambi\u00e9n comparte informaci\u00f3n no personal (como las tendencias sobre el uso de sus servicios) de forma p\u00fablica y con nuestros partners.<\/p>\n<p><span style=\"font-size: 14pt\"><strong>\u00bfQu\u00e9 opciones tengo como padre, madre o tutor?<\/strong><\/span><\/p>\n<p>En primer lugar, puedes dar tu consentimiento para que Google recabe y utilice informaci\u00f3n de tu hijo. Si no das tu consentimiento, no crearemos una cuenta de G&nbsp;Suite para Centros Educativos para tu hijo, y Google no recabar\u00e1 ni utilizar\u00e1 informaci\u00f3n de \u00e9ste, tal y como se describe en este aviso. Si das tu consentimiento para que tu hijo utilice G&nbsp;Suite para Centros Educativos, puedes ponerte en contacto con el IES Mariana Pineda&nbsp;para acceder o solicitar la eliminaci\u00f3n de la cuenta de G&nbsp;Suite para Centros Educativos de tu hijo. Si no quieres que se siga recabando informaci\u00f3n de tu hijo, puedes solicitar que utilicemos los controles de servicio disponibles para limitar el acceso de tu hijo a las funciones o servicios, o bien eliminar por completo la cuenta de tu hijo. Tanto t\u00fa como tu hijo pod\u00e9is visitar&nbsp;<a href=\"https:\/\/myaccount.google.com\/\">https:\/\/myaccount.google.com<\/a>&nbsp;mientras est\u00e1is conectados a la cuenta de G&nbsp;Suite para Centros Educativos para ver y gestionar la informaci\u00f3n personal y la configuraci\u00f3n de la cuenta.<\/p>\n<p><span style=\"font-size: 14pt\"><strong>\u00bfQu\u00e9 pasa si tienes m\u00e1s preguntas o te gustar\u00eda leer m\u00e1s?<\/strong><\/span><\/p>\n<p>Si tiene alguna pregunta sobre c\u00f3mo utilizamos las cuentas de G&nbsp;Suite para Centros Educativos de Google o las opciones con las que cuentas, ponte en contacto con el IES Mediterr\u00e1neo.&nbsp;Para obtener m\u00e1s informaci\u00f3n, puede consultar:<\/p>\n<ul>\n<li><a href=\"https:\/\/www.google.com\/work\/apps\/terms\/education_privacy.html\">Aviso de Privacidad de G&nbsp;Suite para Centros Educativos<\/a>, se describe c\u00f3mo recaban y utilizan la informaci\u00f3n los productos y servicios de Google cuando se usan con cuentas de G&nbsp;Suite para Centros Educativos.<\/li>\n<li>Centro de Ayuda, puedes consultar los&nbsp;<a href=\"https:\/\/support.google.com\/a\/answer\/6356441\">compromisos jur\u00eddicos de Google respecto a los servicios principales y adicionales de G&nbsp;Suite para Centros Educativos<\/a>.<\/li>\n<li>En la&nbsp;<a href=\"https:\/\/www.google.com\/intl\/es\/policies\/technologies\/product-privacy\/\">Gu\u00eda sobre privacidad en los productos de Google<\/a>&nbsp;se describen los mecanismos de protecci\u00f3n de la privacidad utilizados en nuestros productos, que tambi\u00e9n se explican en&nbsp;<a href=\"https:\/\/privacy.google.com\/\">privacy.google.com<\/a>. Ten en cuenta que Google no utiliza informaci\u00f3n personal (ni informaci\u00f3n asociada a una cuenta de G&nbsp;Suite para Centros Educativos) para orientar los anuncios a los usuarios de este servicio de los centros de ense\u00f1anza primaria y secundaria. Asimismo, esta restricci\u00f3n de nuestro&nbsp;<a href=\"https:\/\/gsuite.google.com\/terms\/education_privacy.html\">Aviso de Privacidad<\/a>&nbsp;reemplazar\u00e1 a cualquier declaraci\u00f3n sobre el uso de esas p\u00e1ginas.<\/li>\n<li>La informaci\u00f3n sobre el cumplimiento de Google con las obligaciones legales internacionales sobre protecci\u00f3n de datos se puede ver en la&nbsp;<a href=\"https:\/\/gsuite.google.com\/terms\/dpa_terms.html\">Adenda sobre Tratamiento de Datos del acuerdo de G&nbsp;Suite o de producto complementario<\/a>, donde se describen las exhaustivas medidas para proteger la seguridad de los datos que Google y sus clientes han acordado.<\/li>\n<li>En la&nbsp;<a href=\"https:\/\/www.google.com\/edu\/trust\/\">p\u00e1gina de informaci\u00f3n sobre privacidad y seguridad de Google for Education<\/a>&nbsp;(en ingl\u00e9s), encontrar\u00e1s las respuestas a las preguntas m\u00e1s frecuentes sobre estos temas.<\/li>\n<li>Los padres pueden visitar&nbsp;<a href=\"https:\/\/myaccount.google.com\/\">myaccount.google.com<\/a>&nbsp;cuando hayan iniciado sesi\u00f3n en la cuenta de G&nbsp;Suite para Centros Educativos de sus hijos para ver y gestionar la informaci\u00f3n personal y la configuraci\u00f3n de la cuenta.<\/li>\n<\/ul>\n","protected":false},"excerpt":{"rendered":"<p>Preguntas sobre el servicio de la cuenta G Suite para centro educativos \u00bfQu\u00e9 informaci\u00f3n personal recoge Google? Al crear una cuenta de alumno, el IES Mediterr\u00e1neo puede proporcionar a Google determinada informaci\u00f3n personal sobre&#46;&#46;&#46;<\/p>\n","protected":false},"author":5102,"featured_media":0,"parent":0,"menu_order":0,"comment_status":"closed","ping_status":"closed","template":"page-template-full.php","meta":{"ngg_post_thumbnail":0,"footnotes":""},"aioseo_notices":[],"_links":{"self":[{"href":"https:\/\/blogsaverroes.juntadeandalucia.es\/iesmediterraneo\/wp-json\/wp\/v2\/pages\/991"}],"collection":[{"href":"https:\/\/blogsaverroes.juntadeandalucia.es\/iesmediterraneo\/wp-json\/wp\/v2\/pages"}],"about":[{"href":"https:\/\/blogsaverroes.juntadeandalucia.es\/iesmediterraneo\/wp-json\/wp\/v2\/types\/page"}],"author":[{"embeddable":true,"href":"https:\/\/blogsaverroes.juntadeandalucia.es\/iesmediterraneo\/wp-json\/wp\/v2\/users\/5102"}],"replies":[{"embeddable":true,"href":"https:\/\/blogsaverroes.juntadeandalucia.es\/iesmediterraneo\/wp-json\/wp\/v2\/comments?post=991"}],"version-history":[{"count":1,"href":"https:\/\/blogsaverroes.juntadeandalucia.es\/iesmediterraneo\/wp-json\/wp\/v2\/pages\/991\/revisions"}],"predecessor-version":[{"id":992,"href":"https:\/\/blogsaverroes.juntadeandalucia.es\/iesmediterraneo\/wp-json\/wp\/v2\/pages\/991\/revisions\/992"}],"wp:attachment":[{"href":"https:\/\/blogsaverroes.juntadeandalucia.es\/iesmediterraneo\/wp-json\/wp\/v2\/media?parent=991"}],"curies":[{"name":"wp","href":"https:\/\/api.w.org\/{rel}","templated":true}]}}