{"id":1302,"date":"2021-01-30T23:36:04","date_gmt":"2021-01-30T22:36:04","guid":{"rendered":"https:\/\/blogsaverroes.juntadeandalucia.es\/iesmencialopezdeharo\/?page_id=1302"},"modified":"2021-08-21T10:09:35","modified_gmt":"2021-08-21T09:09:35","slug":"programa-forma-joven","status":"publish","type":"page","link":"https:\/\/blogsaverroes.juntadeandalucia.es\/iesmencialopezdeharo\/programa-forma-joven\/","title":{"rendered":"Programa Forma Joven"},"content":{"rendered":"<p>[et_pb_section fb_built=&#8221;1&#8243; _builder_version=&#8221;3.22&#8243;][et_pb_row _builder_version=&#8221;3.25&#8243; background_size=&#8221;initial&#8221; background_position=&#8221;top_left&#8221; background_repeat=&#8221;repeat&#8221;][et_pb_column type=&#8221;4_4&#8243; _builder_version=&#8221;3.25&#8243; custom_padding=&#8221;|||&#8221; custom_padding__hover=&#8221;|||&#8221;][et_pb_image src=&#8221;https:\/\/blogsaverroes.juntadeandalucia.es\/iesmencialopezdeharo\/files\/2021\/08\/Forma-Joven-2.png&#8221; title_text=&#8221;Forma Joven 2&#8243; align=&#8221;center&#8221; _builder_version=&#8221;4.5.0&#8243; _module_preset=&#8221;default&#8221; custom_margin=&#8221;-60px||||false|false&#8221; hover_enabled=&#8221;0&#8243;][\/et_pb_image][et_pb_text _builder_version=&#8221;4.5.0&#8243; background_size=&#8221;initial&#8221; background_position=&#8221;top_left&#8221; background_repeat=&#8221;repeat&#8221;]<\/p>\n<p style=\"text-align: left\"><span style=\"font-size: 12pt;text-align: left\">Programa de Promoci\u00f3n de H\u00e1bitos de Vida Saludable dirigido a j\u00f3venes y adolescentes de entre 12 y 18 a\u00f1os de los centros de educaci\u00f3n secundaria de Andaluc\u00eda sostenidos con fondos p\u00fablicos.<\/span><\/p>\n<p><span style=\"font-size: 12pt\">Este programa, tiene un enfoque did\u00e1ctico innovador desde el que se abordan las dimensiones fundamentales en la promoci\u00f3n de salud en los Centros Educativos de Secundaria: el curr\u00edculo, el entorno psicosocial del centro, la familia y la colaboraci\u00f3n con los recursos comunitarios que protegen y promueven el valor salud tanto individual como co<\/span><span style=\"font-size: 12pt\">lectivo.<\/span><\/p>\n<p><span style=\"font-size: 12pt\">El centro educativo es el que establece el tipo de colaboraci\u00f3n que precisa de las y los profesionales sanitarios en el marco del Plan de Actuaci\u00f3n que determine para la promoci\u00f3n y educaci\u00f3n para la salud en su centro, apostando con ello por un modelo de trabajo en el que el centro educativo es el protagonista y todos los recursos con los que puede contar, materiales y humanos, han der sevir de apoyo para desarrollar el proyecto de promoci\u00f3n de la salud de cada centro en particular.<\/span><\/p>\n<p><span style=\"font-size: 12pt\">Las distintas modalidades de intervenci\u00f3n son el eje y motor del programa. El profesorado es el que realiza la labor docente en los centros educativos, y la funci\u00f3n de las y los profesionales de salud es apoyar al personal docente y planificar conjuntamente la manera m\u00e1s adecuada de hacer llegar al alumnado los contenidos de promoci\u00f3n de la salud. El entorno escolar necesita el apoyo de profesionales sanitarios para contribuir a que los contenidos que se desarrollen y transmitan sean rigurosos y con el respaldo de la evidencia.<\/span><\/p>\n<p><span style=\"font-size: 12pt\">Los centros educativos pueden solicitar las dos modalidades de intervenci\u00f3n de Forma Joven:&nbsp;Asesor\u00edas&nbsp;y&nbsp;Actividades Grupales,&nbsp;que incluyen asesoramiento al profesorado, asesoramiento a las familias, actividades de difusi\u00f3n y sensibilizaci\u00f3n.<\/span><\/p>\n<p><span style=\"font-size: 12pt\">En funci\u00f3n de las necesidades de las personas destinatarias y del contexto, se programar\u00e1n unas u otras, de acuerdo y en com\u00fan con el equipo del centro educativo.<\/span><\/p>\n<p><span style=\"font-size: 12pt\">Estos profesionales pueden realizar sesiones de sensibilizaci\u00f3n con el propio profesorado del centro, o con el alumnado para iniciar un debate sobre un tema de su inter\u00e9s que se retome posteriormente en el aula.<\/span><\/p>\n<p><span style=\"font-size: 12pt\">Tambi\u00e9n pueden realizarse actividades grupales (para ayudar a dejar de fumar, sobre alimentaci\u00f3n y actividad f\u00edsica equilibradas, etc\u2026) siempre que sean demandadas por el profesorado, est\u00e9n incluidas en el Plan de Actuaci\u00f3n del centro educativo y existan los recursos para ello en el centro de salud.<\/span><\/p>\n<p><span style=\"font-size: 12pt\">M\u00e1s informaci\u00f3n en la p\u00e1gina de la Consejer\u00eda de Salud y Familias:<\/span><\/p>\n<p><span style=\"font-size: 12pt\"><strong> <a href=\"https:\/\/www.formajoven.org\/forma-joven-en-el-ambito-educativo\/\"><span style=\"color: #0000ff\">https:\/\/www.formajoven.org\/forma-joven-en-el-ambito-educativo\/<\/span><\/a><\/strong><\/span><\/p>\n<p>[\/et_pb_text][\/et_pb_column][\/et_pb_row][\/et_pb_section]<\/p>\n","protected":false},"excerpt":{"rendered":"<p>Programa de Promoci\u00f3n de H\u00e1bitos de Vida Saludable dirigido a j\u00f3venes y adolescentes de entre 12 y 18 a\u00f1os de los centros de educaci\u00f3n secundaria de Andaluc\u00eda sostenidos con fondos p\u00fablicos. Este programa, tiene un enfoque did\u00e1ctico innovador desde el que se abordan las dimensiones fundamentales en la promoci\u00f3n de salud en los Centros Educativos [&hellip;]<\/p>\n","protected":false},"author":11996,"featured_media":0,"parent":0,"menu_order":0,"comment_status":"closed","ping_status":"closed","template":"","meta":{"_et_pb_use_builder":"on","_et_pb_old_content":"<p><img class=\"size-full wp-image-2350 aligncenter\" src=\"https:\/\/blogsaverroes.juntadeandalucia.es\/iesmencialopezdeharo\/files\/2021\/08\/forma-joven-ambito-educativo_2.png\" alt=\"\" width=\"768\" height=\"513\"><\/p><p>\u00a0<\/p><p><span style=\"font-size: 12pt;\">Programa de Promoci\u00f3n de H\u00e1bitos de Vida Saludable dirigido a j\u00f3venes y adolescentes de entre 12 y 18 a\u00f1os de los centros de educaci\u00f3n secundaria de Andaluc\u00eda sostenidos con fondos p\u00fablicos.<\/span><\/p><p><span style=\"font-size: 12pt;\">Este programa, tiene un enfoque did\u00e1ctico innovador desde el que se abordan las dimensiones fundamentales en la promoci\u00f3n de salud en los Centros Educativos de Secundaria: el curr\u00edculo, el entorno psicosocial del centro, la familia y la colaboraci\u00f3n con los recursos comunitarios que protegen y promueven el valor salud tanto individual como colectivo.<\/span><\/p><p><span style=\"font-size: 12pt;\">El centro educativo es el que establece el tipo de colaboraci\u00f3n que precisa de las y los profesionales sanitarios en el marco del Plan de Actuaci\u00f3n que determine para la promoci\u00f3n y educaci\u00f3n para la salud en su centro, apostando con ello por un modelo de trabajo en el que el centro educativo es el protagonista y todos los recursos con los que puede contar, materiales y humanos, han der sevir de apoyo para desarrollar el proyecto de promoci\u00f3n de la salud de cada centro en particular.<\/span><\/p><p><span style=\"font-size: 12pt;\">Las distintas modalidades de intervenci\u00f3n son el eje y motor del programa. El profesorado es el que realiza la labor docente en los centros educativos, y la funci\u00f3n de las y los profesionales de salud es apoyar al personal docente y planificar conjuntamente la manera m\u00e1s adecuada de hacer llegar al alumnado los contenidos de promoci\u00f3n de la salud. El entorno escolar necesita el apoyo de profesionales sanitarios para contribuir a que los contenidos que se desarrollen y transmitan sean rigurosos y con el respaldo de la evidencia.<\/span><\/p><p><span style=\"font-size: 12pt;\">Los centros educativos pueden solicitar las dos modalidades de intervenci\u00f3n de Forma Joven:\u00a0Asesor\u00edas\u00a0y\u00a0Actividades Grupales,\u00a0que incluyen asesoramiento al profesorado, asesoramiento a las familias, actividades de difusi\u00f3n y sensibilizaci\u00f3n.<\/span><\/p><p><span style=\"font-size: 12pt;\">En funci\u00f3n de las necesidades de las personas destinatarias y del contexto, se programar\u00e1n unas u otras, de acuerdo y en com\u00fan con el equipo del centro educativo.<\/span><\/p><p><span style=\"font-size: 12pt;\">Estos profesionales pueden realizar sesiones de sensibilizaci\u00f3n con el propio profesorado del centro, o con el alumnado para iniciar un debate sobre un tema de su inter\u00e9s que se retome posteriormente en el aula.<\/span><\/p><p><span style=\"font-size: 12pt;\">Tambi\u00e9n pueden realizarse actividades grupales (para ayudar a dejar de fumar, sobre alimentaci\u00f3n y actividad f\u00edsica equilibradas, etc\u2026) siempre que sean demandadas por el profesorado, est\u00e9n incluidas en el Plan de Actuaci\u00f3n del centro educativo y existan los recursos para ello en el centro de salud.<\/span><\/p><p><span style=\"font-size: 12pt;\">M\u00e1s informaci\u00f3n en la p\u00e1gina de la Consejer\u00eda de Salud y Familias:<\/span><\/p><p><span style=\"font-size: 12pt;\"><strong> <a href=\"https:\/\/www.formajoven.org\/forma-joven-en-el-ambito-educativo\/\"><span style=\"color: #0000ff;\">https:\/\/www.formajoven.org\/forma-joven-en-el-ambito-educativo\/<\/span><\/a><\/strong><\/span><\/p>","_et_gb_content_width":"","ngg_post_thumbnail":0,"footnotes":""},"aioseo_notices":[],"_links":{"self":[{"href":"https:\/\/blogsaverroes.juntadeandalucia.es\/iesmencialopezdeharo\/wp-json\/wp\/v2\/pages\/1302"}],"collection":[{"href":"https:\/\/blogsaverroes.juntadeandalucia.es\/iesmencialopezdeharo\/wp-json\/wp\/v2\/pages"}],"about":[{"href":"https:\/\/blogsaverroes.juntadeandalucia.es\/iesmencialopezdeharo\/wp-json\/wp\/v2\/types\/page"}],"author":[{"embeddable":true,"href":"https:\/\/blogsaverroes.juntadeandalucia.es\/iesmencialopezdeharo\/wp-json\/wp\/v2\/users\/11996"}],"replies":[{"embeddable":true,"href":"https:\/\/blogsaverroes.juntadeandalucia.es\/iesmencialopezdeharo\/wp-json\/wp\/v2\/comments?post=1302"}],"version-history":[{"count":16,"href":"https:\/\/blogsaverroes.juntadeandalucia.es\/iesmencialopezdeharo\/wp-json\/wp\/v2\/pages\/1302\/revisions"}],"predecessor-version":[{"id":2441,"href":"https:\/\/blogsaverroes.juntadeandalucia.es\/iesmencialopezdeharo\/wp-json\/wp\/v2\/pages\/1302\/revisions\/2441"}],"wp:attachment":[{"href":"https:\/\/blogsaverroes.juntadeandalucia.es\/iesmencialopezdeharo\/wp-json\/wp\/v2\/media?parent=1302"}],"curies":[{"name":"wp","href":"https:\/\/api.w.org\/{rel}","templated":true}]}}

<p>[et_pb_section fb_built=&#8221;1&#8243; _builder_version=&#8221;3.22&#8243;][et_pb_row _builder_version=&#8221;3.25&#8243; background_size=&#8221;initial&#8221; background_position=&#8221;top_left&#8221; background_repeat=&#8221;repeat&#8221;][et_pb_column type=&#8221;4_4&#8243; _builder_version=&#8221;3.25&#8243; custom_padding=&#8221;|||&#8221; custom_padding__hover=&#8221;|||&#8221;][et_pb_image src=&#8221;https://blogsaverroes.juntadeandalucia.es/iesmencialopezdeharo/files/2021/08/Forma-Joven-2.png&#8221; title_text=&#8221;Forma Joven 2&#8243; align=&#8221;center&#8221; _builder_version=&#8221;4.5.0&#8243; _module_preset=&#8221;default&#8221; custom_margin=&#8221;-60px||||false|false&#8221; hover_enabled=&#8221;0&#8243;][/et_pb_image][et_pb_text _builder_version=&#8221;4.5.0&#8243; background_size=&#8221;initial&#8221; background_position=&#8221;top_left&#8221; background_repeat=&#8221;repeat&#8221;]</p>
<p style="text-align: left"><span style="font-size: 12pt;text-align: left">Programa de Promoción de Hábitos de Vida Saludable dirigido a jóvenes y adolescentes de entre 12 y 18 años de los centros de educación secundaria de Andalucía sostenidos con fondos públicos.</span></p>
<p><span style="font-size: 12pt">Este programa, tiene un enfoque didáctico innovador desde el que se abordan las dimensiones fundamentales en la promoción de salud en los Centros Educativos de Secundaria: el currículo, el entorno psicosocial del centro, la familia y la colaboración con los recursos comunitarios que protegen y promueven el valor salud tanto individual como co</span><span style="font-size: 12pt">lectivo.</span></p>
<p><span style="font-size: 12pt">El centro educativo es el que establece el tipo de colaboración que precisa de las y los profesionales sanitarios en el marco del Plan de Actuación que determine para la promoción y educación para la salud en su centro, apostando con ello por un modelo de trabajo en el que el centro educativo es el protagonista y todos los recursos con los que puede contar, materiales y humanos, han der sevir de apoyo para desarrollar el proyecto de promoción de la salud de cada centro en particular.</span></p>
<p><span style="font-size: 12pt">Las distintas modalidades de intervención son el eje y motor del programa. El profesorado es el que realiza la labor docente en los centros educativos, y la función de las y los profesionales de salud es apoyar al personal docente y planificar conjuntamente la manera más adecuada de hacer llegar al alumnado los contenidos de promoción de la salud. El entorno escolar necesita el apoyo de profesionales sanitarios para contribuir a que los contenidos que se desarrollen y transmitan sean rigurosos y con el respaldo de la evidencia.</span></p>
<p><span style="font-size: 12pt">Los centros educativos pueden solicitar las dos modalidades de intervención de Forma Joven:&nbsp;Asesorías&nbsp;y&nbsp;Actividades Grupales,&nbsp;que incluyen asesoramiento al profesorado, asesoramiento a las familias, actividades de difusión y sensibilización.</span></p>
<p><span style="font-size: 12pt">En función de las necesidades de las personas destinatarias y del contexto, se programarán unas u otras, de acuerdo y en común con el equipo del centro educativo.</span></p>
<p><span style="font-size: 12pt">Estos profesionales pueden realizar sesiones de sensibilización con el propio profesorado del centro, o con el alumnado para iniciar un debate sobre un tema de su interés que se retome posteriormente en el aula.</span></p>
<p><span style="font-size: 12pt">También pueden realizarse actividades grupales (para ayudar a dejar de fumar, sobre alimentación y actividad física equilibradas, etc…) siempre que sean demandadas por el profesorado, estén incluidas en el Plan de Actuación del centro educativo y existan los recursos para ello en el centro de salud.</span></p>
<p><span style="font-size: 12pt">Más información en la página de la Consejería de Salud y Familias:</span></p>
<p><span style="font-size: 12pt"><strong> <a href="https://www.formajoven.org/forma-joven-en-el-ambito-educativo/"><span style="color: #0000ff">https://www.formajoven.org/forma-joven-en-el-ambito-educativo/</span></a></strong></span></p>
<p>[/et_pb_text][/et_pb_column][/et_pb_row][/et_pb_section]</p>

<p>Programa de Promoción de Hábitos de Vida Saludable dirigido a jóvenes y adolescentes de entre 12 y 18 años de los centros de educación secundaria de Andalucía sostenidos con fondos públicos. Este programa, tiene un enfoque didáctico innovador desde el que se abordan las dimensiones fundamentales en la promoción de salud en los Centros Educativos [&hellip;]</p>

<p><img class="size-full wp-image-2350 aligncenter" src="https://blogsaverroes.juntadeandalucia.es/iesmencialopezdeharo/files/2021/08/forma-joven-ambito-educativo_2.png" alt="" width="768" height="513"></p><p> </p><p><span style="font-size: 12pt;">Programa de Promoción de Hábitos de Vida Saludable dirigido a jóvenes y adolescentes de entre 12 y 18 años de los centros de educación secundaria de Andalucía sostenidos con fondos públicos.</span></p><p><span style="font-size: 12pt;">Este programa, tiene un enfoque didáctico innovador desde el que se abordan las dimensiones fundamentales en la promoción de salud en los Centros Educativos de Secundaria: el currículo, el entorno psicosocial del centro, la familia y la colaboración con los recursos comunitarios que protegen y promueven el valor salud tanto individual como colectivo.</span></p><p><span style="font-size: 12pt;">El centro educativo es el que establece el tipo de colaboración que precisa de las y los profesionales sanitarios en el marco del Plan de Actuación que determine para la promoción y educación para la salud en su centro, apostando con ello por un modelo de trabajo en el que el centro educativo es el protagonista y todos los recursos con los que puede contar, materiales y humanos, han der sevir de apoyo para desarrollar el proyecto de promoción de la salud de cada centro en particular.</span></p><p><span style="font-size: 12pt;">Las distintas modalidades de intervención son el eje y motor del programa. El profesorado es el que realiza la labor docente en los centros educativos, y la función de las y los profesionales de salud es apoyar al personal docente y planificar conjuntamente la manera más adecuada de hacer llegar al alumnado los contenidos de promoción de la salud. El entorno escolar necesita el apoyo de profesionales sanitarios para contribuir a que los contenidos que se desarrollen y transmitan sean rigurosos y con el respaldo de la evidencia.</span></p><p><span style="font-size: 12pt;">Los centros educativos pueden solicitar las dos modalidades de intervención de Forma Joven: Asesorías y Actividades Grupales, que incluyen asesoramiento al profesorado, asesoramiento a las familias, actividades de difusión y sensibilización.</span></p><p><span style="font-size: 12pt;">En función de las necesidades de las personas destinatarias y del contexto, se programarán unas u otras, de acuerdo y en común con el equipo del centro educativo.</span></p><p><span style="font-size: 12pt;">Estos profesionales pueden realizar sesiones de sensibilización con el propio profesorado del centro, o con el alumnado para iniciar un debate sobre un tema de su interés que se retome posteriormente en el aula.</span></p><p><span style="font-size: 12pt;">También pueden realizarse actividades grupales (para ayudar a dejar de fumar, sobre alimentación y actividad física equilibradas, etc…) siempre que sean demandadas por el profesorado, estén incluidas en el Plan de Actuación del centro educativo y existan los recursos para ello en el centro de salud.</span></p><p><span style="font-size: 12pt;">Más información en la página de la Consejería de Salud y Familias:</span></p><p><span style="font-size: 12pt;"><strong> <a href="https://www.formajoven.org/forma-joven-en-el-ambito-educativo/"><span style="color: #0000ff;">https://www.formajoven.org/forma-joven-en-el-ambito-educativo/</span></a></strong></span></p>
