{"id":64,"date":"2020-01-09T11:41:42","date_gmt":"2020-01-09T10:41:42","guid":{"rendered":"http:\/\/blogsaverroes.juntadeandalucia.es\/pre\/nuevoceipv2\/?page_id=64"},"modified":"2021-08-21T10:39:04","modified_gmt":"2021-08-21T09:39:04","slug":"biblioteca","status":"publish","type":"page","link":"https:\/\/blogsaverroes.juntadeandalucia.es\/iesmencialopezdeharo\/biblioteca\/","title":{"rendered":"Biblioteca"},"content":{"rendered":"<p>[et_pb_section fb_built=&#8221;1&#8243; disabled_on=&#8221;off|off|off&#8221; _builder_version=&#8221;3.23.3&#8243; custom_padding=&#8221;0px||0px|&#8221; z_index_tablet=&#8221;500&#8243; box_shadow_horizontal_tablet=&#8221;0px&#8221; box_shadow_vertical_tablet=&#8221;0px&#8221; box_shadow_blur_tablet=&#8221;40px&#8221; box_shadow_spread_tablet=&#8221;0px&#8221;][et_pb_row _builder_version=&#8221;3.25&#8243; background_size=&#8221;initial&#8221; background_position=&#8221;top_left&#8221; background_repeat=&#8221;repeat&#8221;][et_pb_column type=&#8221;4_4&#8243; _builder_version=&#8221;3.0.47&#8243; custom_padding=&#8221;|||&#8221; custom_padding__hover=&#8221;|||&#8221;][et_pb_image src=&#8221;https:\/\/blogsaverroes.juntadeandalucia.es\/iesmencialopezdeharo\/files\/2021\/08\/Biblioweb.jpeg&#8221; title_text=&#8221;Biblioweb&#8221; align=&#8221;center&#8221; admin_label=&#8221;Imagen de la portada&#8221; _builder_version=&#8221;4.5.0&#8243; vertical_offset_tablet=&#8221;0&#8243; horizontal_offset_tablet=&#8221;0&#8243; custom_margin=&#8221;-80px||50px||false|false&#8221; z_index_tablet=&#8221;500&#8243; box_shadow_horizontal_tablet=&#8221;0px&#8221; box_shadow_vertical_tablet=&#8221;0px&#8221; box_shadow_blur_tablet=&#8221;40px&#8221; box_shadow_spread_tablet=&#8221;0px&#8221;][\/et_pb_image][et_pb_text _builder_version=&#8221;4.5.0&#8243; _module_preset=&#8221;default&#8221; hover_enabled=&#8221;0&#8243;]<\/p>\n<p><span style=\"font-size: 24pt\"><strong><span style=\"color: #0000ff\">Organizaci\u00f3n y funcionamiento de la Biblioteca<\/span><\/strong><\/span><\/p>\n<p><span style=\"color: #0000ff;font-size: 12pt\"><img loading=\"lazy\" decoding=\"async\" class=\"wp-image-1793  alignright\" src=\"https:\/\/blogsaverroes.juntadeandalucia.es\/iesmencialopezdeharo\/files\/2021\/02\/Biblioteca.jpg\" alt=\"\" width=\"292\" height=\"219\"><\/span><\/p>\n<p><span style=\"color: #0000ff;font-size: 12pt\">La biblioteca es <strong>el eje dinamizador del fomento de la lectura en nuestro centro<\/strong> y un espacio f\u00edsico, agradable, cercano, adaptado a las necesidades y exigencias del alumnado actual y donde <strong>es necesario respetar unas normas de uso<\/strong>.<\/span><\/p>\n<p><span style=\"color: #0000ff;font-size: 12pt\">La biblioteca est\u00e1 sometida a una actualizaci\u00f3n de los medios de consulta y<strong> permite el acceso al cat\u00e1logo y a los fondos<\/strong> tanto al alumnado como a sus familias.<\/span><\/p>\n<p><span style=\"color: #0000ff;font-size: 12pt\">Adem\u00e1s, la biblioteca <strong>dispone de un blog que informa de las distintas actividades<\/strong> que se realizan en relaci\u00f3n con distintas conmemoraciones, efem\u00e9rides, concursos literarios, feria del libro, etc&#8230; relacionadas con la dinamizaci\u00f3n lectora.<\/span><\/p>\n<p>[\/et_pb_text][\/et_pb_column][\/et_pb_row][et_pb_row column_structure=&#8221;1_3,1_3,1_3&#8243; _builder_version=&#8221;4.5.0&#8243; _module_preset=&#8221;default&#8221;][et_pb_column type=&#8221;1_3&#8243; _builder_version=&#8221;4.5.0&#8243; _module_preset=&#8221;default&#8221;][et_pb_button button_text=&#8221;Normas de uso de la biblioteca&#8221; admin_label=&#8221;Normas de uso de la biblioteca&#8221; _builder_version=&#8221;4.5.0&#8243; _module_preset=&#8221;default&#8221;][\/et_pb_button][\/et_pb_column][et_pb_column type=&#8221;1_3&#8243; _builder_version=&#8221;4.5.0&#8243; _module_preset=&#8221;default&#8221;][et_pb_button button_url=&#8221;https:\/\/www.juntadeandalucia.es\/educacion\/senecav2\/seneca\/biblioweb\/portal\/14700560&#8243; url_new_window=&#8221;on&#8221; button_text=&#8221;Cat\u00e1logo de libros de la biblioteca&#8221; admin_label=&#8221;Cat\u00e1logo de libros de la biblioteca&#8221; _builder_version=&#8221;4.5.0&#8243; _module_preset=&#8221;default&#8221;][\/et_pb_button][\/et_pb_column][et_pb_column type=&#8221;1_3&#8243; _builder_version=&#8221;4.5.0&#8243; _module_preset=&#8221;default&#8221;][et_pb_button button_url=&#8221;http:\/\/bibliotecaiesmencialopezdeharo.blogspot.com\/&#8221; button_text=&#8221;Blog de la biblioteca&#8221; admin_label=&#8221;Blog de la biblioteca&#8221; _builder_version=&#8221;4.5.0&#8243; _module_preset=&#8221;default&#8221;][\/et_pb_button][\/et_pb_column][\/et_pb_row][\/et_pb_section]<\/p>\n","protected":false},"excerpt":{"rendered":"<p>Organizaci\u00f3n y funcionamiento de la Biblioteca La biblioteca es el eje dinamizador del fomento de la lectura en nuestro centro y un espacio f\u00edsico, agradable, cercano, adaptado a las necesidades y exigencias del alumnado actual y donde es necesario respetar unas normas de uso. La biblioteca est\u00e1 sometida a una actualizaci\u00f3n de los medios de [&hellip;]<\/p>\n","protected":false},"author":7051,"featured_media":0,"parent":0,"menu_order":0,"comment_status":"closed","ping_status":"closed","template":"","meta":{"_et_pb_use_builder":"on","_et_pb_old_content":"","_et_gb_content_width":"","ngg_post_thumbnail":0,"footnotes":""},"aioseo_notices":[],"_links":{"self":[{"href":"https:\/\/blogsaverroes.juntadeandalucia.es\/iesmencialopezdeharo\/wp-json\/wp\/v2\/pages\/64"}],"collection":[{"href":"https:\/\/blogsaverroes.juntadeandalucia.es\/iesmencialopezdeharo\/wp-json\/wp\/v2\/pages"}],"about":[{"href":"https:\/\/blogsaverroes.juntadeandalucia.es\/iesmencialopezdeharo\/wp-json\/wp\/v2\/types\/page"}],"author":[{"embeddable":true,"href":"https:\/\/blogsaverroes.juntadeandalucia.es\/iesmencialopezdeharo\/wp-json\/wp\/v2\/users\/7051"}],"replies":[{"embeddable":true,"href":"https:\/\/blogsaverroes.juntadeandalucia.es\/iesmencialopezdeharo\/wp-json\/wp\/v2\/comments?post=64"}],"version-history":[{"count":20,"href":"https:\/\/blogsaverroes.juntadeandalucia.es\/iesmencialopezdeharo\/wp-json\/wp\/v2\/pages\/64\/revisions"}],"predecessor-version":[{"id":2446,"href":"https:\/\/blogsaverroes.juntadeandalucia.es\/iesmencialopezdeharo\/wp-json\/wp\/v2\/pages\/64\/revisions\/2446"}],"wp:attachment":[{"href":"https:\/\/blogsaverroes.juntadeandalucia.es\/iesmencialopezdeharo\/wp-json\/wp\/v2\/media?parent=64"}],"curies":[{"name":"wp","href":"https:\/\/api.w.org\/{rel}","templated":true}]}}

<p>[et_pb_section fb_built=&#8221;1&#8243; disabled_on=&#8221;off|off|off&#8221; _builder_version=&#8221;3.23.3&#8243; custom_padding=&#8221;0px||0px|&#8221; z_index_tablet=&#8221;500&#8243; box_shadow_horizontal_tablet=&#8221;0px&#8221; box_shadow_vertical_tablet=&#8221;0px&#8221; box_shadow_blur_tablet=&#8221;40px&#8221; box_shadow_spread_tablet=&#8221;0px&#8221;][et_pb_row _builder_version=&#8221;3.25&#8243; background_size=&#8221;initial&#8221; background_position=&#8221;top_left&#8221; background_repeat=&#8221;repeat&#8221;][et_pb_column type=&#8221;4_4&#8243; _builder_version=&#8221;3.0.47&#8243; custom_padding=&#8221;|||&#8221; custom_padding__hover=&#8221;|||&#8221;][et_pb_image src=&#8221;https://blogsaverroes.juntadeandalucia.es/iesmencialopezdeharo/files/2021/08/Biblioweb.jpeg&#8221; title_text=&#8221;Biblioweb&#8221; align=&#8221;center&#8221; admin_label=&#8221;Imagen de la portada&#8221; _builder_version=&#8221;4.5.0&#8243; vertical_offset_tablet=&#8221;0&#8243; horizontal_offset_tablet=&#8221;0&#8243; custom_margin=&#8221;-80px||50px||false|false&#8221; z_index_tablet=&#8221;500&#8243; box_shadow_horizontal_tablet=&#8221;0px&#8221; box_shadow_vertical_tablet=&#8221;0px&#8221; box_shadow_blur_tablet=&#8221;40px&#8221; box_shadow_spread_tablet=&#8221;0px&#8221;][/et_pb_image][et_pb_text _builder_version=&#8221;4.5.0&#8243; _module_preset=&#8221;default&#8221; hover_enabled=&#8221;0&#8243;]</p>
<p><span style="font-size: 24pt"><strong><span style="color: #0000ff">Organización y funcionamiento de la Biblioteca</span></strong></span></p>
<p><span style="color: #0000ff;font-size: 12pt"><img loading="lazy" decoding="async" class="wp-image-1793  alignright" src="https://blogsaverroes.juntadeandalucia.es/iesmencialopezdeharo/files/2021/02/Biblioteca.jpg" alt="" width="292" height="219"></span></p>
<p><span style="color: #0000ff;font-size: 12pt">La biblioteca es <strong>el eje dinamizador del fomento de la lectura en nuestro centro</strong> y un espacio físico, agradable, cercano, adaptado a las necesidades y exigencias del alumnado actual y donde <strong>es necesario respetar unas normas de uso</strong>.</span></p>
<p><span style="color: #0000ff;font-size: 12pt">La biblioteca está sometida a una actualización de los medios de consulta y<strong> permite el acceso al catálogo y a los fondos</strong> tanto al alumnado como a sus familias.</span></p>
<p><span style="color: #0000ff;font-size: 12pt">Además, la biblioteca <strong>dispone de un blog que informa de las distintas actividades</strong> que se realizan en relación con distintas conmemoraciones, efemérides, concursos literarios, feria del libro, etc&#8230; relacionadas con la dinamización lectora.</span></p>
<p>[/et_pb_text][/et_pb_column][/et_pb_row][et_pb_row column_structure=&#8221;1_3,1_3,1_3&#8243; _builder_version=&#8221;4.5.0&#8243; _module_preset=&#8221;default&#8221;][et_pb_column type=&#8221;1_3&#8243; _builder_version=&#8221;4.5.0&#8243; _module_preset=&#8221;default&#8221;][et_pb_button button_text=&#8221;Normas de uso de la biblioteca&#8221; admin_label=&#8221;Normas de uso de la biblioteca&#8221; _builder_version=&#8221;4.5.0&#8243; _module_preset=&#8221;default&#8221;][/et_pb_button][/et_pb_column][et_pb_column type=&#8221;1_3&#8243; _builder_version=&#8221;4.5.0&#8243; _module_preset=&#8221;default&#8221;][et_pb_button button_url=&#8221;https://www.juntadeandalucia.es/educacion/senecav2/seneca/biblioweb/portal/14700560&#8243; url_new_window=&#8221;on&#8221; button_text=&#8221;Catálogo de libros de la biblioteca&#8221; admin_label=&#8221;Catálogo de libros de la biblioteca&#8221; _builder_version=&#8221;4.5.0&#8243; _module_preset=&#8221;default&#8221;][/et_pb_button][/et_pb_column][et_pb_column type=&#8221;1_3&#8243; _builder_version=&#8221;4.5.0&#8243; _module_preset=&#8221;default&#8221;][et_pb_button button_url=&#8221;http://bibliotecaiesmencialopezdeharo.blogspot.com/&#8221; button_text=&#8221;Blog de la biblioteca&#8221; admin_label=&#8221;Blog de la biblioteca&#8221; _builder_version=&#8221;4.5.0&#8243; _module_preset=&#8221;default&#8221;][/et_pb_button][/et_pb_column][/et_pb_row][/et_pb_section]</p>

<p>Organización y funcionamiento de la Biblioteca La biblioteca es el eje dinamizador del fomento de la lectura en nuestro centro y un espacio físico, agradable, cercano, adaptado a las necesidades y exigencias del alumnado actual y donde es necesario respetar unas normas de uso. La biblioteca está sometida a una actualización de los medios de [&hellip;]</p>
