{"id":853,"date":"2020-12-18T08:50:47","date_gmt":"2020-12-18T07:50:47","guid":{"rendered":"https:\/\/blogsaverroes.juntadeandalucia.es\/pre\/plantilla-pencil\/?page_id=853"},"modified":"2025-07-14T11:56:13","modified_gmt":"2025-07-14T10:56:13","slug":"nuestra-historia","status":"publish","type":"page","link":"https:\/\/blogsaverroes.juntadeandalucia.es\/iesmencialopezdeharo\/nuestra-historia\/","title":{"rendered":"Nuestra historia"},"content":{"rendered":"<p>[et_pb_section fb_built=&#8221;1&#8243; _builder_version=&#8221;4.16&#8243; global_colors_info=&#8221;{}&#8221;][et_pb_row _builder_version=&#8221;4.16&#8243; background_size=&#8221;initial&#8221; background_position=&#8221;top_left&#8221; background_repeat=&#8221;repeat&#8221; global_colors_info=&#8221;{}&#8221;][et_pb_column type=&#8221;4_4&#8243; _builder_version=&#8221;4.16&#8243; custom_padding=&#8221;|||&#8221; global_colors_info=&#8221;{}&#8221; custom_padding__hover=&#8221;|||&#8221;][et_pb_image src=&#8221;https:\/\/blogsaverroes.juntadeandalucia.es\/iesmencialopezdeharo\/files\/2021\/02\/HPIM0084-2a.jpg&#8221; title_text=&#8221;My beautiful picture&#8221; admin_label=&#8221;Imagen de la portada&#8221; _builder_version=&#8221;4.16&#8243; custom_margin=&#8221;-70px||||false|false&#8221; z_index_tablet=&#8221;500&#8243; box_shadow_horizontal_tablet=&#8221;0px&#8221; box_shadow_vertical_tablet=&#8221;0px&#8221; box_shadow_blur_tablet=&#8221;40px&#8221; box_shadow_spread_tablet=&#8221;0px&#8221; global_colors_info=&#8221;{}&#8221;][\/et_pb_image][et_pb_text admin_label=&#8221;Texto descriptivo&#8221; _builder_version=&#8221;4.24.2&#8243; hover_enabled=&#8221;0&#8243; z_index_tablet=&#8221;500&#8243; text_text_shadow_horizontal_length_tablet=&#8221;0px&#8221; text_text_shadow_vertical_length_tablet=&#8221;0px&#8221; text_text_shadow_blur_strength_tablet=&#8221;1px&#8221; link_text_shadow_horizontal_length_tablet=&#8221;0px&#8221; link_text_shadow_vertical_length_tablet=&#8221;0px&#8221; link_text_shadow_blur_strength_tablet=&#8221;1px&#8221; ul_text_shadow_horizontal_length_tablet=&#8221;0px&#8221; ul_text_shadow_vertical_length_tablet=&#8221;0px&#8221; ul_text_shadow_blur_strength_tablet=&#8221;1px&#8221; ol_text_shadow_horizontal_length_tablet=&#8221;0px&#8221; ol_text_shadow_vertical_length_tablet=&#8221;0px&#8221; ol_text_shadow_blur_strength_tablet=&#8221;1px&#8221; quote_text_shadow_horizontal_length_tablet=&#8221;0px&#8221; quote_text_shadow_vertical_length_tablet=&#8221;0px&#8221; quote_text_shadow_blur_strength_tablet=&#8221;1px&#8221; header_text_shadow_horizontal_length_tablet=&#8221;0px&#8221; header_text_shadow_vertical_length_tablet=&#8221;0px&#8221; header_text_shadow_blur_strength_tablet=&#8221;1px&#8221; header_2_text_shadow_horizontal_length_tablet=&#8221;0px&#8221; header_2_text_shadow_vertical_length_tablet=&#8221;0px&#8221; header_2_text_shadow_blur_strength_tablet=&#8221;1px&#8221; header_3_text_shadow_horizontal_length_tablet=&#8221;0px&#8221; header_3_text_shadow_vertical_length_tablet=&#8221;0px&#8221; header_3_text_shadow_blur_strength_tablet=&#8221;1px&#8221; header_4_text_shadow_horizontal_length_tablet=&#8221;0px&#8221; header_4_text_shadow_vertical_length_tablet=&#8221;0px&#8221; header_4_text_shadow_blur_strength_tablet=&#8221;1px&#8221; header_5_text_shadow_horizontal_length_tablet=&#8221;0px&#8221; header_5_text_shadow_vertical_length_tablet=&#8221;0px&#8221; header_5_text_shadow_blur_strength_tablet=&#8221;1px&#8221; header_6_text_shadow_horizontal_length_tablet=&#8221;0px&#8221; header_6_text_shadow_vertical_length_tablet=&#8221;0px&#8221; header_6_text_shadow_blur_strength_tablet=&#8221;1px&#8221; box_shadow_horizontal_tablet=&#8221;0px&#8221; box_shadow_vertical_tablet=&#8221;0px&#8221; box_shadow_blur_tablet=&#8221;40px&#8221; box_shadow_spread_tablet=&#8221;0px&#8221; global_colors_info=&#8221;{}&#8221; sticky_enabled=&#8221;0&#8243;]<\/p>\n<p><span style=\"color: #0000ff\"><strong><span style=\"font-size: 18pt\">Nuestra historia<\/span><\/strong><\/span><\/p>\n<p><span style=\"font-size: 12pt\">Nuestro centro empez\u00f3 como Secci\u00f3n del I.E.S. \u201cLuis Carrillo de Sotomayor\u201d de Baena en el curso 1998\/1999, integrado en las instalaciones de la calle Junco del Colegio P\u00fablico de Educaci\u00f3n Infantil y Primaria \u201cLos Alcal\u00e1-Galiano\u201d.<\/span><\/p>\n<p><span style=\"font-size: 12pt\">Durante cinco a\u00f1os, hasta el curso 2002\/2003, el centro estuvo repartido en tres edificios:<\/span><\/p>\n<p><span style=\"font-size: 12pt\">El Colegio de Primaria, mencionado anteriormente.<\/span><br \/><span style=\"font-size: 12pt\">El Centro de Educaci\u00f3n de Adultos (Secundaria daba las clases por la ma\u00f1ana y Adultos las daba por la tarde).<\/span><br \/><span style=\"font-size: 12pt\">Unas aulas port\u00e1tiles instaladas en un solar contiguo al Colegio de Primaria, y a las cuales se acced\u00eda a trav\u00e9s del mismo Colegio de Primaria.<\/span><\/p>\n<p><span style=\"font-size: 12pt\">Para el recreo hab\u00eda que trasladar a todos los alumnos a la pista polideportiva que hay junto al Colegio de Primaria.<\/span><\/p>\n<p><span style=\"font-size: 12pt\">Como sala de profesores se utilizaba la misma del Colegio de Primaria.<\/span><\/p>\n<p><span style=\"font-size: 12pt\">La Direcci\u00f3n, la Jefatura de Estudios, la Secretar\u00eda, la Conserjer\u00eda, todo estaba junto en un mismo despacho. Primero en el Colegio de Primaria y despu\u00e9s en una vivienda unifamiliar de la Avda. El Lader\u00f3n que cedi\u00f3 el Ayuntamiento para este fin, junto al Colegio.<\/span><\/p>\n<p><span style=\"font-size: 12pt\">En Noviembre de 2002 se comienza la construcci\u00f3n del nuevo I.E.S. sobre un solar de 5.700 m<sup>2<\/sup> y tras ser construido en un tiempo r\u00e9cord (s\u00f3lo diez meses) por la empresa constructora Fern\u00e1ndez y Villa, de la localidad cordobesa de Moriles, el alumnado accede a las aulas por primera vez el viernes d\u00eda 26 de Septiembre de 2003 para la presentaci\u00f3n del curso, comenzando las clases en el nuevo edificio el lunes d\u00eda 29 de Septiembre.<\/span><\/p>\n<p><span style=\"font-size: 12pt\"> Desde el d\u00eda 1 de Septiembre de 2003 nuestro Centro se transformaba oficialmente en un Instituto de Educaci\u00f3n Secundaria. En el mes de Febrero, el Consejo Escolar acuerda proponer a la Consejer\u00eda de Educaci\u00f3n y Ciencia la denominaci\u00f3n espec\u00edfica \u201cMenc\u00eda L\u00f3pez de Haro\u201d para el Centro, siendo aceptado por \u00e9sta.<\/span><\/p>\n<p><span style=\"font-size: 12pt\">La adquisici\u00f3n de los terrenos para el nuevo instituto corri\u00f3 a cargo del Ayuntamiento de Do\u00f1a Menc\u00eda, con el apoyo econ\u00f3mico de la Diputaci\u00f3n Provincial de C\u00f3rdoba.<\/span><\/p>\n<p><span style=\"font-size: 12pt\"> Las obras fueron financiadas por la Junta de Andaluc\u00eda, costando m\u00e1s de 2.000.000 \u20ac, siendo recepcionadas por el Ayuntamiento, que hizo entrega del edificio a la Junta de Andaluc\u00eda.<\/span><\/p>\n<p><span style=\"font-size: 12pt\">Por tanto, el d\u00eda 1 de Septiembre de 2003, la Secci\u00f3n del I.E.S. \u201cLuis Carrillo de Sotomayor\u201d se convierte en el I.E.S. &#8220;Menc\u00eda L\u00f3pez de Haro&#8221;, siendo su primer Director el profesor de Matem\u00e1ticas D. Francisco Ruiz Caballero, cargo que ocupar\u00eda hasta su jubilaci\u00f3n en el a\u00f1o 2025.<\/span><\/p>\n<p>[\/et_pb_text][\/et_pb_column][\/et_pb_row][\/et_pb_section]<\/p>\n","protected":false},"excerpt":{"rendered":"<p>Nuestra historia Nuestro centro empez\u00f3 como Secci\u00f3n del I.E.S. \u201cLuis Carrillo de Sotomayor\u201d de Baena en el curso 1998\/1999, integrado en las instalaciones de la calle Junco del Colegio P\u00fablico de Educaci\u00f3n Infantil y Primaria \u201cLos Alcal\u00e1-Galiano\u201d. Durante cinco a\u00f1os, hasta el curso 2002\/2003, el centro estuvo repartido en tres edificios: El Colegio de Primaria, [&hellip;]<\/p>\n","protected":false},"author":7051,"featured_media":0,"parent":0,"menu_order":0,"comment_status":"closed","ping_status":"closed","template":"","meta":{"_et_pb_use_builder":"on","_et_pb_old_content":"","_et_gb_content_width":"","ngg_post_thumbnail":0,"footnotes":""},"aioseo_notices":[],"_links":{"self":[{"href":"https:\/\/blogsaverroes.juntadeandalucia.es\/iesmencialopezdeharo\/wp-json\/wp\/v2\/pages\/853"}],"collection":[{"href":"https:\/\/blogsaverroes.juntadeandalucia.es\/iesmencialopezdeharo\/wp-json\/wp\/v2\/pages"}],"about":[{"href":"https:\/\/blogsaverroes.juntadeandalucia.es\/iesmencialopezdeharo\/wp-json\/wp\/v2\/types\/page"}],"author":[{"embeddable":true,"href":"https:\/\/blogsaverroes.juntadeandalucia.es\/iesmencialopezdeharo\/wp-json\/wp\/v2\/users\/7051"}],"replies":[{"embeddable":true,"href":"https:\/\/blogsaverroes.juntadeandalucia.es\/iesmencialopezdeharo\/wp-json\/wp\/v2\/comments?post=853"}],"version-history":[{"count":24,"href":"https:\/\/blogsaverroes.juntadeandalucia.es\/iesmencialopezdeharo\/wp-json\/wp\/v2\/pages\/853\/revisions"}],"predecessor-version":[{"id":3712,"href":"https:\/\/blogsaverroes.juntadeandalucia.es\/iesmencialopezdeharo\/wp-json\/wp\/v2\/pages\/853\/revisions\/3712"}],"wp:attachment":[{"href":"https:\/\/blogsaverroes.juntadeandalucia.es\/iesmencialopezdeharo\/wp-json\/wp\/v2\/media?parent=853"}],"curies":[{"name":"wp","href":"https:\/\/api.w.org\/{rel}","templated":true}]}}

<p>[et_pb_section fb_built=&#8221;1&#8243; _builder_version=&#8221;4.16&#8243; global_colors_info=&#8221;{}&#8221;][et_pb_row _builder_version=&#8221;4.16&#8243; background_size=&#8221;initial&#8221; background_position=&#8221;top_left&#8221; background_repeat=&#8221;repeat&#8221; global_colors_info=&#8221;{}&#8221;][et_pb_column type=&#8221;4_4&#8243; _builder_version=&#8221;4.16&#8243; custom_padding=&#8221;|||&#8221; global_colors_info=&#8221;{}&#8221; custom_padding__hover=&#8221;|||&#8221;][et_pb_image src=&#8221;https://blogsaverroes.juntadeandalucia.es/iesmencialopezdeharo/files/2021/02/HPIM0084-2a.jpg&#8221; title_text=&#8221;My beautiful picture&#8221; admin_label=&#8221;Imagen de la portada&#8221; _builder_version=&#8221;4.16&#8243; custom_margin=&#8221;-70px||||false|false&#8221; z_index_tablet=&#8221;500&#8243; box_shadow_horizontal_tablet=&#8221;0px&#8221; box_shadow_vertical_tablet=&#8221;0px&#8221; box_shadow_blur_tablet=&#8221;40px&#8221; box_shadow_spread_tablet=&#8221;0px&#8221; global_colors_info=&#8221;{}&#8221;][/et_pb_image][et_pb_text admin_label=&#8221;Texto descriptivo&#8221; _builder_version=&#8221;4.24.2&#8243; hover_enabled=&#8221;0&#8243; z_index_tablet=&#8221;500&#8243; text_text_shadow_horizontal_length_tablet=&#8221;0px&#8221; text_text_shadow_vertical_length_tablet=&#8221;0px&#8221; text_text_shadow_blur_strength_tablet=&#8221;1px&#8221; link_text_shadow_horizontal_length_tablet=&#8221;0px&#8221; link_text_shadow_vertical_length_tablet=&#8221;0px&#8221; link_text_shadow_blur_strength_tablet=&#8221;1px&#8221; ul_text_shadow_horizontal_length_tablet=&#8221;0px&#8221; ul_text_shadow_vertical_length_tablet=&#8221;0px&#8221; ul_text_shadow_blur_strength_tablet=&#8221;1px&#8221; ol_text_shadow_horizontal_length_tablet=&#8221;0px&#8221; ol_text_shadow_vertical_length_tablet=&#8221;0px&#8221; ol_text_shadow_blur_strength_tablet=&#8221;1px&#8221; quote_text_shadow_horizontal_length_tablet=&#8221;0px&#8221; quote_text_shadow_vertical_length_tablet=&#8221;0px&#8221; quote_text_shadow_blur_strength_tablet=&#8221;1px&#8221; header_text_shadow_horizontal_length_tablet=&#8221;0px&#8221; header_text_shadow_vertical_length_tablet=&#8221;0px&#8221; header_text_shadow_blur_strength_tablet=&#8221;1px&#8221; header_2_text_shadow_horizontal_length_tablet=&#8221;0px&#8221; header_2_text_shadow_vertical_length_tablet=&#8221;0px&#8221; header_2_text_shadow_blur_strength_tablet=&#8221;1px&#8221; header_3_text_shadow_horizontal_length_tablet=&#8221;0px&#8221; header_3_text_shadow_vertical_length_tablet=&#8221;0px&#8221; header_3_text_shadow_blur_strength_tablet=&#8221;1px&#8221; header_4_text_shadow_horizontal_length_tablet=&#8221;0px&#8221; header_4_text_shadow_vertical_length_tablet=&#8221;0px&#8221; header_4_text_shadow_blur_strength_tablet=&#8221;1px&#8221; header_5_text_shadow_horizontal_length_tablet=&#8221;0px&#8221; header_5_text_shadow_vertical_length_tablet=&#8221;0px&#8221; header_5_text_shadow_blur_strength_tablet=&#8221;1px&#8221; header_6_text_shadow_horizontal_length_tablet=&#8221;0px&#8221; header_6_text_shadow_vertical_length_tablet=&#8221;0px&#8221; header_6_text_shadow_blur_strength_tablet=&#8221;1px&#8221; box_shadow_horizontal_tablet=&#8221;0px&#8221; box_shadow_vertical_tablet=&#8221;0px&#8221; box_shadow_blur_tablet=&#8221;40px&#8221; box_shadow_spread_tablet=&#8221;0px&#8221; global_colors_info=&#8221;{}&#8221; sticky_enabled=&#8221;0&#8243;]</p>
<p><span style="color: #0000ff"><strong><span style="font-size: 18pt">Nuestra historia</span></strong></span></p>
<p><span style="font-size: 12pt">Nuestro centro empezó como Sección del I.E.S. “Luis Carrillo de Sotomayor” de Baena en el curso 1998/1999, integrado en las instalaciones de la calle Junco del Colegio Público de Educación Infantil y Primaria “Los Alcalá-Galiano”.</span></p>
<p><span style="font-size: 12pt">Durante cinco años, hasta el curso 2002/2003, el centro estuvo repartido en tres edificios:</span></p>
<p><span style="font-size: 12pt">El Colegio de Primaria, mencionado anteriormente.</span><br /><span style="font-size: 12pt">El Centro de Educación de Adultos (Secundaria daba las clases por la mañana y Adultos las daba por la tarde).</span><br /><span style="font-size: 12pt">Unas aulas portátiles instaladas en un solar contiguo al Colegio de Primaria, y a las cuales se accedía a través del mismo Colegio de Primaria.</span></p>
<p><span style="font-size: 12pt">Para el recreo había que trasladar a todos los alumnos a la pista polideportiva que hay junto al Colegio de Primaria.</span></p>
<p><span style="font-size: 12pt">Como sala de profesores se utilizaba la misma del Colegio de Primaria.</span></p>
<p><span style="font-size: 12pt">La Dirección, la Jefatura de Estudios, la Secretaría, la Conserjería, todo estaba junto en un mismo despacho. Primero en el Colegio de Primaria y después en una vivienda unifamiliar de la Avda. El Laderón que cedió el Ayuntamiento para este fin, junto al Colegio.</span></p>
<p><span style="font-size: 12pt">En Noviembre de 2002 se comienza la construcción del nuevo I.E.S. sobre un solar de 5.700 m<sup>2</sup> y tras ser construido en un tiempo récord (sólo diez meses) por la empresa constructora Fernández y Villa, de la localidad cordobesa de Moriles, el alumnado accede a las aulas por primera vez el viernes día 26 de Septiembre de 2003 para la presentación del curso, comenzando las clases en el nuevo edificio el lunes día 29 de Septiembre.</span></p>
<p><span style="font-size: 12pt"> Desde el día 1 de Septiembre de 2003 nuestro Centro se transformaba oficialmente en un Instituto de Educación Secundaria. En el mes de Febrero, el Consejo Escolar acuerda proponer a la Consejería de Educación y Ciencia la denominación específica “Mencía López de Haro” para el Centro, siendo aceptado por ésta.</span></p>
<p><span style="font-size: 12pt">La adquisición de los terrenos para el nuevo instituto corrió a cargo del Ayuntamiento de Doña Mencía, con el apoyo económico de la Diputación Provincial de Córdoba.</span></p>
<p><span style="font-size: 12pt"> Las obras fueron financiadas por la Junta de Andalucía, costando más de 2.000.000 €, siendo recepcionadas por el Ayuntamiento, que hizo entrega del edificio a la Junta de Andalucía.</span></p>
<p><span style="font-size: 12pt">Por tanto, el día 1 de Septiembre de 2003, la Sección del I.E.S. “Luis Carrillo de Sotomayor” se convierte en el I.E.S. &#8220;Mencía López de Haro&#8221;, siendo su primer Director el profesor de Matemáticas D. Francisco Ruiz Caballero, cargo que ocuparía hasta su jubilación en el año 2025.</span></p>
<p>[/et_pb_text][/et_pb_column][/et_pb_row][/et_pb_section]</p>

<p>Nuestra historia Nuestro centro empezó como Sección del I.E.S. “Luis Carrillo de Sotomayor” de Baena en el curso 1998/1999, integrado en las instalaciones de la calle Junco del Colegio Público de Educación Infantil y Primaria “Los Alcalá-Galiano”. Durante cinco años, hasta el curso 2002/2003, el centro estuvo repartido en tres edificios: El Colegio de Primaria, [&hellip;]</p>
