{"id":35,"date":"2015-03-13T08:21:43","date_gmt":"2015-03-13T08:21:43","guid":{"rendered":"http:\/\/blogsaverroes.juntadeandalucia.es\/pre\/ceip\/?page_id=35"},"modified":"2019-04-10T09:31:32","modified_gmt":"2019-04-10T09:31:32","slug":"el-centro-2","status":"publish","type":"page","link":"https:\/\/blogsaverroes.juntadeandalucia.es\/iesmiguelcrespo\/el-centro-2\/","title":{"rendered":"Datos del centro"},"content":{"rendered":"<p>[googlemaps https:\/\/www.google.com\/maps\/embed?pb=!1m18!1m12!1m3!1d3157.9169555254375!2d-4.731276084685236!3d37.67465907977773!2m3!1f0!2f0!3f0!3m2!1i1024!2i768!4f13.1!3m3!1m2!1s0xd6d3d7e35350f43%3A0x3a690719219b9d37!2sInstituto+de+Educaci%C3%B3n+Secundaria+Miguel+Crespo!5e0!3m2!1ses!2ses!4v1554887186965!5m2!1ses!2ses&amp;w=600&amp;h=450]<\/p>\n<p>&nbsp;<\/p>\n<h3 class=\"titulo\" style=\"text-align: left\"><span style=\"font-size: 12pt\">ENSE\u00d1ANZAS<\/span><\/h3>\n<p class=\"titulo\" style=\"text-align: left\"><span style=\"font-size: 10pt\"><a href=\"http:\/\/vscripts.ced.junta-andalucia.es\/centros\/\" target=\"_blank\" rel=\"noopener\">Enlace a Consejer\u00eda de Educaci\u00f3n<\/a>&nbsp;(pincha aqu\u00ed)<\/span><\/p>\n<ul>\n<li><span style=\"color: #008000\"><strong>1\u00ba\/ 2\u00ba\/ 3\u00ba\/ 4\u00ba ESO<\/strong><\/span><\/li>\n<li><strong><span style=\"color: #008000\">1 FPB INFORM\u00c1TICA Y COMUNICACIONES<\/span><\/strong><\/li>\n<\/ul>\n<h3 class=\"titulo\" style=\"text-align: left\"><span style=\"font-size: 12pt\"><strong>DIRECCI\u00d3N <\/strong><\/span><\/h3>\n<ul>\n<li class=\"titulo\"><span style=\"font-size: 10pt\">Ronda de las Erillas, sn. Fern\u00e1n N\u00fa\u00f1ez. 14520 C\u00f3rdoba.<\/span><\/li>\n<\/ul>\n<h3 class=\"titulo\" style=\"text-align: left\"><span style=\"font-size: 12pt\"><strong>EMAIL <\/strong><\/span><\/h3>\n<p class=\"titulo\" style=\"text-align: left\"><span style=\"font-size: 10pt\"><a href=\"mailto:14700365.averroes@juntadeandalucia.es\">14700365.edu@juntadeandalucia.es<\/a><\/span><\/p>\n<ul>\n<li>\n<p class=\"titulo\" style=\"margin-top: 0pt;margin-bottom: 0pt\"><span style=\"font-size: 10pt\">FAX: 957 379722<\/span><\/p>\n<\/li>\n<\/ul>\n<h3 class=\"titulo2\" style=\"text-align: left\"><span style=\"font-size: 10pt\"><strong>TEL\u00c9FONOS DEL I.E.S. MIGUEL CRESPO<\/strong><\/span><\/h3>\n<table style=\"height: 227px;border-color:black\" border=\"2\" width=\"514\" cellspacing=\"0\" cellpadding=\"0\">\n<tbody>\n<tr style=\"height: 59px\">\n<td class=\"titulo2\" style=\"text-align: center;height: 108px\" rowspan=\"2\" width=\"211\">\n<h1><strong><span style=\"color: #008000\"><span style=\"font-size: 10pt\">DIRECCI\u00d3N<\/span><\/span><\/strong><\/h1>\n<\/td>\n<td style=\"text-align: center;height: 59px\" width=\"220\">\n<h2><strong><span style=\"color: #008000\"><span style=\"font-size: 10pt\">N\u00famero<\/span><\/span><\/strong><\/h2>\n<\/td>\n<td style=\"text-align: center;height: 59px\" valign=\"top\" width=\"265\">\n<p style=\"text-align: center\"><strong><span style=\"color: #008000\"><span style=\"font-size: 10pt\">671533218<\/span><\/span><\/strong><\/p>\n<\/td>\n<\/tr>\n<tr style=\"height: 49px\">\n<td style=\"text-align: center;height: 49px\" width=\"220\"><strong><span style=\"color: #008000\"><span style=\"font-size: 10pt\">Extensi\u00f3n (corporativo)<br \/>\n<\/span><\/span><\/strong><\/td>\n<td style=\"text-align: center;height: 49px\" valign=\"top\" width=\"265\">\n<p style=\"text-align: center\"><strong><span style=\"color: #008000\"><span style=\"font-size: 10pt\">633218<\/span><\/span><\/strong><\/p>\n<\/td>\n<\/tr>\n<tr style=\"height: 59px\">\n<td style=\"text-align: center;height: 108px\" rowspan=\"2\" width=\"211\">\n<h1><strong><span style=\"color: #008000\"><span style=\"font-size: 10pt\">JEFATURA DE ESTUDIOS<\/span><\/span><\/strong><\/h1>\n<\/td>\n<td style=\"text-align: center;height: 59px\" width=\"220\"><strong><span style=\"color: #008000\"><span style=\"font-size: 10pt\">N\u00famero<\/span><\/span><\/strong><\/td>\n<td style=\"text-align: center;height: 59px\" valign=\"top\" width=\"265\">\n<p style=\"text-align: center\"><strong><span style=\"color: #008000\"><span style=\"font-size: 10pt\">671533219<\/span><\/span><\/strong><\/p>\n<\/td>\n<\/tr>\n<tr style=\"height: 49px\">\n<td style=\"text-align: center;height: 49px\" width=\"220\"><strong><span style=\"color: #008000\"><span style=\"font-size: 10pt\">Extensi\u00f3n(corporativo)<\/span><\/span><\/strong><\/td>\n<td style=\"text-align: center;height: 49px\" valign=\"top\" width=\"265\">\n<p style=\"text-align: center\"><strong><span style=\"color: #008000\"><span style=\"font-size: 10pt\">633219<\/span><\/span><\/strong><\/p>\n<\/td>\n<\/tr>\n<tr style=\"height: 49px\">\n<td style=\"text-align: center;height: 98px\" rowspan=\"2\" width=\"211\">\n<p style=\"text-align: center\"><strong><span style=\"color: #008000\"><span style=\"font-size: 10pt\">SECRETAR\u00cdA<\/span><\/span><\/strong><\/p>\n<\/td>\n<td style=\"text-align: center;height: 49px\" width=\"220\"><strong><span style=\"color: #008000\"><span style=\"font-size: 10pt\">N\u00famero<\/span><\/span><\/strong><\/td>\n<td style=\"text-align: center;height: 49px\" valign=\"top\" width=\"265\">\n<p style=\"text-align: center\"><strong><span style=\"color: #008000\"><span style=\"font-size: 10pt\">671533217<\/span><\/span><\/strong><\/p>\n<\/td>\n<\/tr>\n<tr style=\"height: 49px\">\n<td style=\"text-align: center;height: 49px\" width=\"220\"><strong><span style=\"color: #008000\"><span style=\"font-size: 10pt\">Extensi\u00f3n <\/span><\/span><\/strong><strong><span style=\"color: #008000\"><span style=\"font-size: 10pt\">(corporativo)<\/span><\/span><\/strong><\/td>\n<td style=\"text-align: center;height: 49px\" valign=\"top\" width=\"265\">\n<p style=\"text-align: center\"><strong><span style=\"color: #008000\"><span style=\"font-size: 10pt\">633217<\/span><\/span><\/strong><\/p>\n<\/td>\n<\/tr>\n<tr style=\"height: 49px\">\n<td style=\"text-align: center;height: 98px\" rowspan=\"2\" width=\"211\">\n<p style=\"text-align: center\"><strong><span style=\"color: #008000\"><span style=\"font-size: 10pt\">ORIENTACI\u00d3N<\/span><\/span><\/strong><\/p>\n<\/td>\n<td style=\"text-align: center;height: 49px\" width=\"220\"><strong><span style=\"color: #008000\"><span style=\"font-size: 10pt\">N\u00famero<\/span><\/span><\/strong><\/td>\n<td style=\"text-align: center;height: 49px\" valign=\"top\" width=\"265\">\n<p style=\"text-align: center\"><strong><span style=\"color: #008000\"><span style=\"font-size: 10pt\">671533220<\/span><\/span><\/strong><\/p>\n<\/td>\n<\/tr>\n<tr style=\"height: 49px\">\n<td style=\"text-align: center;height: 49px\" width=\"220\"><strong><span style=\"color: #008000\"><span style=\"font-size: 10pt\">Extensi\u00f3n <\/span><\/span><\/strong><strong><span style=\"color: #008000\"><span style=\"font-size: 10pt\">(corporativo)<\/span><\/span><\/strong><\/td>\n<td style=\"text-align: center;height: 49px\" valign=\"top\" width=\"265\">\n<p style=\"text-align: center\"><strong><span style=\"color: #008000\"><span style=\"font-size: 10pt\">633220<\/span><\/span><\/strong><\/p>\n<\/td>\n<\/tr>\n<tr style=\"height: 49px\">\n<td style=\"text-align: center;height: 98px\" rowspan=\"2\" width=\"211\">\n<p style=\"text-align: center\"><strong><span style=\"color: #008000\"><span style=\"font-size: 10pt\">CONSERJER\u00cdA<\/span><\/span><\/strong><\/p>\n<\/td>\n<td style=\"text-align: center;height: 49px\" width=\"220\"><strong><span style=\"color: #008000\"><span style=\"font-size: 10pt\">N\u00famero<\/span><\/span><\/strong><\/td>\n<td style=\"text-align: center;height: 49px\" valign=\"top\" width=\"265\">\n<p style=\"text-align: center\"><strong><span style=\"color: #008000\"><span style=\"font-size: 10pt\">671533216 957379716<span style=\"text-decoration: underline\"><br \/>\n<\/span><\/span><\/span><\/strong><\/p>\n<\/td>\n<\/tr>\n<tr style=\"height: 49px\">\n<td style=\"text-align: center;height: 49px\" width=\"220\"><strong><span style=\"color: #008000\"><span style=\"font-size: 10pt\">Extensi\u00f3n<\/span><\/span><\/strong><strong><span style=\"color: #008000\"><span style=\"font-size: 10pt\">(corporativo)<\/span><\/span><\/strong><\/td>\n<td style=\"text-align: center;height: 49px\" valign=\"top\" width=\"265\">\n<p style=\"text-align: center\"><strong><span style=\"color: #008000\"><span style=\"font-size: 10pt\">633216 \/ 582716<br \/>\n<\/span><\/span><\/strong><\/p>\n<\/td>\n<\/tr>\n<\/tbody>\n<\/table>\n<h3 class=\"titulo\" style=\"text-align: left\"><strong style=\"font-size: 12pt\">HORARIO GENERAL DEL CENTRO<\/strong><\/h3>\n<ul>\n<li class=\"titulo\"><span style=\"font-size: 10pt\">Ma\u00f1ana: De 8,30 a 15:00 horas, de Lunes a Viernes<\/span><\/li>\n<li class=\"titulo\"><span style=\"font-size: 10pt\">Tarde : De 16:30 a 19:30 horas los Lunes<\/span><\/li>\n<li class=\"titulo\"><span style=\"font-size: 10pt\">Secretar\u00eda: De 8:30 a 15 h.<\/span><\/li>\n<\/ul>\n<h3 class=\"titulo\" style=\"text-align: left\"><span style=\"font-size: 12pt\"><strong>HORARIO DEL ALUMNADO<\/strong><\/span><\/h3>\n<p class=\"titulo\" style=\"text-align: justify\"><span style=\"font-size: 10pt\">La jornada escolar, asociada a la realizaci\u00f3n de actividades lectivas y complementarias, se desarrollar\u00e1 entre las 8,30 y las 15 horas, de Lunes a Viernes. De este tiempo, 30 minutos se dedicar\u00e1n al recreo. El recreo es de 11,30 a 12 horas.<\/span><\/p>\n<p class=\"titulo\" style=\"text-align: justify\"><span style=\"font-size: 10pt\">El horario de las sesiones de clase se divide en 2 bloques:<\/span><\/p>\n<p class=\"titulo\" style=\"text-align: justify\"><span style=\"font-size: 11pt\"><strong>Bloque I<\/strong>: de 8:30 a 9:30, de 9:30 a 10:30 y de 10:30 a 11:30.<\/span><\/p>\n<p class=\"titulo\" style=\"text-align: justify\"><span style=\"font-size: 11pt\"><strong>RECREO<\/strong><\/span><\/p>\n<p class=\"titulo\" style=\"text-align: justify\"><span style=\"font-size: 11pt\"><strong>Bloque II<\/strong>: de 12 a 13, de 13 a 14 y de 14 a 15.<\/span><\/p>\n<h3 class=\"titulo\" style=\"text-align: left\"><span style=\"font-size: 12pt\"><strong class=\"EST\">EVALUACIONES<\/strong><\/span><\/h3>\n<p class=\"titulo\" style=\"text-align: justify\"><span style=\"font-size: 10pt\">Celebraremos las Sesiones de Evaluaci\u00f3n Inicial durante el mes de septiembre, con el fin de conocer el nivel de partida del alumnado dentro de cada grupo y curso, as\u00ed como su grado de integraci\u00f3n, sociabilidad y dificultades, para adoptar las medidas adecuadas a cada caso.<\/span><\/p>\n<p class=\"titulo\" style=\"text-align: justify\"><span style=\"font-size: 10pt\">Habr\u00e1 tres evaluaciones a lo largo del curso, cuyas sesiones se programar\u00e1n lo m\u00e1s pr\u00f3ximas al fin de cada periodo vacacional, preferiblemente en la \u00faltima semana.<\/span><\/p>\n<p class=\"titulo\" style=\"text-align: justify\"><span style=\"font-size: 10pt\">La entrega de calificaciones se realizar\u00e1 el \u00faltimo d\u00eda lectivo, antes de los periodos vacacionales correspondientes. Las reclamaciones a las calificaciones finales podr\u00e1n realizarse posteriormente, mediante escrito razonado ante la Direcci\u00f3n del Centro, dentro del plazo legal vigente.<\/span><\/p>\n<h3 class=\"titulo\" style=\"text-align: left\"><span style=\"font-size: 12pt\"><strong>HORARIO NO LECTIVO<\/strong><\/span><\/h3>\n<p class=\"titulo\"><span style=\"font-size: 10pt\">Durante el horario de tarde podr\u00e1n desarrollarse actividades extraescolares de distinto tipo:<\/span><\/p>\n<ul>\n<li class=\"titulo\"><span style=\"font-size: 12pt\">Actividades deportivas organizadas por el centro o de libre iniciativa de los alumnos.<\/span><\/li>\n<li class=\"titulo\"><span style=\"font-size: 12pt\">Actividades organizadas por el A.M.P.A.<\/span><\/li>\n<li class=\"titulo\"><span style=\"font-size: 12pt\">Oferta Educativa Municipal.<\/span><\/li>\n<\/ul>\n<p class=\"titulo\" style=\"text-align: justify\"><span style=\"font-size: 10pt\">De la misma forma, se podr\u00e1n llevar a cabo las siguientes actividades docentes no lectivas:<\/span><\/p>\n<ul>\n<li class=\"titulo\"><span style=\"font-size: 10pt\">Tutor\u00edas de Padres.<\/span><\/li>\n<li class=\"titulo\"><span style=\"font-size: 10pt\">Reuniones del E.T.C.P.<\/span><\/li>\n<li class=\"titulo\"><span style=\"font-size: 10pt\">Claustros de profesores.<\/span><\/li>\n<li class=\"titulo\"><span style=\"font-size: 10pt\">Consejos Escolares.<\/span><\/li>\n<li class=\"titulo\"><span style=\"font-size: 10pt\">Formaci\u00f3n en centros y grupos de trabajo.<\/span><\/li>\n<li class=\"titulo\"><span style=\"font-size: 10pt\">Sesiones de Evaluaci\u00f3n.<\/span><\/li>\n<li class=\"titulo\"><span style=\"font-size: 10pt\">Etc.<\/span><\/li>\n<\/ul>\n<p class=\"titulo\" style=\"text-align: justify\"><span style=\"font-size: 10pt\">La utilizaci\u00f3n de las instalaciones y servicios del centro por los alumnos, no programada en el Plan de Actividades Extraescolares,&nbsp; deber\u00e1 ser solicitada por los mismos a trav\u00e9s de los profesores\/as, tutores\/as, jefes\/as de departamento, y autorizadas por el Equipo Directivo, como se contempla en el <a title=\"index.cgi?wid_seccion=1&amp;wid_item=27\" href=\"index.cgi?wid_seccion=1&amp;wid_item=27\">ROF<\/a>.<\/span><\/p>\n<p class=\"titulo\" style=\"text-align: justify\"><span style=\"font-size: 10pt\">De cada actividad habr\u00e1 un responsable que proporcionar\u00e1 una lista de asistentes, en la que figurar\u00e1n sus nombres y apellidos y el grupo al que pertenecen.<\/span><\/p>\n<p class=\"titulo\"><span style=\"font-size: 10pt\">Siempre que la organizaci\u00f3n interna lo permita y la seguridad del centro quede garantizada, se facilitar\u00e1 el uso de las instalaciones, aula de inform\u00e1tica o sal\u00f3n de actos, a instituciones y asociaciones ciudadanas que lo pidan por escrito.<\/span><\/p>\n","protected":false},"excerpt":{"rendered":"<p>[googlemaps https:\/\/www.google.com\/maps\/embed?pb=!1m18!1m12!1m3!1d3157.9169555254375!2d-4.731276084685236!3d37.67465907977773!2m3!1f0!2f0!3f0!3m2!1i1024!2i768!4f13.1!3m3!1m2!1s0xd6d3d7e35350f43%3A0x3a690719219b9d37!2sInstituto+de+Educaci%C3%B3n+Secundaria+Miguel+Crespo!5e0!3m2!1ses!2ses!4v1554887186965!5m2!1ses!2ses&amp;w=600&amp;h=450] &nbsp; ENSE\u00d1ANZAS Enlace a Consejer\u00eda de Educaci\u00f3n&nbsp;(pincha aqu\u00ed) 1\u00ba\/ 2\u00ba\/ 3\u00ba\/ 4\u00ba ESO 1 FPB INFORM\u00c1TICA Y COMUNICACIONES DIRECCI\u00d3N Ronda de las Erillas, sn. Fern\u00e1n N\u00fa\u00f1ez. 14520 C\u00f3rdoba. EMAIL 14700365.edu@juntadeandalucia.es FAX: 957 379722 TEL\u00c9FONOS DEL I.E.S. MIGUEL CRESPO DIRECCI\u00d3N N\u00famero 671533218 Extensi\u00f3n (corporativo) 633218 JEFATURA DE ESTUDIOS N\u00famero 671533219 Extensi\u00f3n(corporativo) 633219 SECRETAR\u00cdA N\u00famero [&hellip;]<\/p>\n","protected":false},"author":1,"featured_media":0,"parent":0,"menu_order":0,"comment_status":"closed","ping_status":"open","template":"template-full-width.php","meta":{"ngg_post_thumbnail":0,"footnotes":"","_mc_calendar":[]},"aioseo_notices":[],"_links":{"self":[{"href":"https:\/\/blogsaverroes.juntadeandalucia.es\/iesmiguelcrespo\/wp-json\/wp\/v2\/pages\/35"}],"collection":[{"href":"https:\/\/blogsaverroes.juntadeandalucia.es\/iesmiguelcrespo\/wp-json\/wp\/v2\/pages"}],"about":[{"href":"https:\/\/blogsaverroes.juntadeandalucia.es\/iesmiguelcrespo\/wp-json\/wp\/v2\/types\/page"}],"author":[{"embeddable":true,"href":"https:\/\/blogsaverroes.juntadeandalucia.es\/iesmiguelcrespo\/wp-json\/wp\/v2\/users\/1"}],"replies":[{"embeddable":true,"href":"https:\/\/blogsaverroes.juntadeandalucia.es\/iesmiguelcrespo\/wp-json\/wp\/v2\/comments?post=35"}],"version-history":[{"count":22,"href":"https:\/\/blogsaverroes.juntadeandalucia.es\/iesmiguelcrespo\/wp-json\/wp\/v2\/pages\/35\/revisions"}],"predecessor-version":[{"id":2396,"href":"https:\/\/blogsaverroes.juntadeandalucia.es\/iesmiguelcrespo\/wp-json\/wp\/v2\/pages\/35\/revisions\/2396"}],"wp:attachment":[{"href":"https:\/\/blogsaverroes.juntadeandalucia.es\/iesmiguelcrespo\/wp-json\/wp\/v2\/media?parent=35"}],"curies":[{"name":"wp","href":"https:\/\/api.w.org\/{rel}","templated":true}]}}