{"id":200,"date":"2015-03-17T10:04:24","date_gmt":"2015-03-17T10:04:24","guid":{"rendered":"http:\/\/blogsaverroes.juntadeandalucia.es\/pre\/ceip\/?page_id=200"},"modified":"2024-10-14T16:33:21","modified_gmt":"2024-10-14T14:33:21","slug":"quienes-formamos-el-ampa","status":"publish","type":"page","link":"https:\/\/blogsaverroes.juntadeandalucia.es\/iesmiguelservet\/quienes-formamos-el-ampa\/","title":{"rendered":"AMPA \u00abNuevo Milenio\u00bb"},"content":{"rendered":"<p><img loading=\"lazy\" decoding=\"async\" class=\"alignleft\" src=\"https:\/\/blogsaverroes.juntadeandalucia.es\/iesmiguelservet\/files\/2020\/09\/Nuevo-Milenio1-scaled.jpg\" alt=\"\" width=\"471\" height=\"471\"\/><\/p>\n<p style=\"text-align: justify\">La Asociaci\u00f3n de Madres y Padres del IES Miguel Servet invita a todas a las familias de nuestro alumnado a participar y contribuir con nuestra asociaci\u00f3n realizando la correspondiente afiliaci\u00f3n. Cuanto mayor se vuestra participaci\u00f3n, mayor y mejor ser\u00e1 la capacidad de la asociaci\u00f3n de contribuir en la mejora de la calidad de los servicios que el centro puede ofrecer. Una modesta aportaci\u00f3n puede marcar la diferencia. Gracias por compartir nuestros deseos.<\/p>\n<p>Nuestro correo electr\u00f3nico es:<\/p>\n<h3 class=\"iw\"><span class=\"qu\" role=\"gridcell\"><span class=\"go\">ampa@iesmiguelservet.com<\/span><\/span><\/h3>\n<p style=\"text-align: justify\">Para asociarse, s\u00f3lo hay que rellenar la <span style=\"color: #ff0000\"><strong>ficha de inscripci\u00f3n<\/strong><\/span> m\u00e1s abajo e ingresar la cuota de 16\u20ac (una \u00fanica cuota para toda la unidad familiar) en la siguiente cuenta indicando el nombre del alumno\/a:<\/p>\n<p style=\"text-align: justify\">IBAN ES11-2100-8449-5722-0002-3337 (CaixaBank)<\/p>\n<h3><a href=\"https:\/\/blogsaverroes.juntadeandalucia.es\/iesmiguelservet\/files\/2020\/09\/FIcha-de-inscripcion-AMPA.pdf\" target=\"_blank\" rel=\"noopener noreferrer\">Ficha de inscripci\u00f3n AMPA<\/a><\/h3>\n","protected":false},"excerpt":{"rendered":"<p>La Asociaci\u00f3n de Madres y Padres del IES Miguel Servet invita a todas a las familias de nuestro alumnado a participar y contribuir con nuestra asociaci\u00f3n realizando la correspondiente afiliaci\u00f3n. Cuanto mayor se vuestra&#46;&#46;&#46;<\/p>\n","protected":false},"author":1,"featured_media":0,"parent":0,"menu_order":0,"comment_status":"open","ping_status":"open","template":"page-templates\/child-menu.php","meta":{"ngg_post_thumbnail":0,"footnotes":"","_mc_calendar":[]},"aioseo_notices":[],"_links":{"self":[{"href":"https:\/\/blogsaverroes.juntadeandalucia.es\/iesmiguelservet\/wp-json\/wp\/v2\/pages\/200"}],"collection":[{"href":"https:\/\/blogsaverroes.juntadeandalucia.es\/iesmiguelservet\/wp-json\/wp\/v2\/pages"}],"about":[{"href":"https:\/\/blogsaverroes.juntadeandalucia.es\/iesmiguelservet\/wp-json\/wp\/v2\/types\/page"}],"author":[{"embeddable":true,"href":"https:\/\/blogsaverroes.juntadeandalucia.es\/iesmiguelservet\/wp-json\/wp\/v2\/users\/1"}],"replies":[{"embeddable":true,"href":"https:\/\/blogsaverroes.juntadeandalucia.es\/iesmiguelservet\/wp-json\/wp\/v2\/comments?post=200"}],"version-history":[{"count":8,"href":"https:\/\/blogsaverroes.juntadeandalucia.es\/iesmiguelservet\/wp-json\/wp\/v2\/pages\/200\/revisions"}],"predecessor-version":[{"id":47115,"href":"https:\/\/blogsaverroes.juntadeandalucia.es\/iesmiguelservet\/wp-json\/wp\/v2\/pages\/200\/revisions\/47115"}],"wp:attachment":[{"href":"https:\/\/blogsaverroes.juntadeandalucia.es\/iesmiguelservet\/wp-json\/wp\/v2\/media?parent=200"}],"curies":[{"name":"wp","href":"https:\/\/api.w.org\/{rel}","templated":true}]}}

<p><img loading="lazy" decoding="async" class="alignleft" src="https://blogsaverroes.juntadeandalucia.es/iesmiguelservet/files/2020/09/Nuevo-Milenio1-scaled.jpg" alt="" width="471" height="471"/></p>
<p style="text-align: justify">La Asociación de Madres y Padres del IES Miguel Servet invita a todas a las familias de nuestro alumnado a participar y contribuir con nuestra asociación realizando la correspondiente afiliación. Cuanto mayor se vuestra participación, mayor y mejor será la capacidad de la asociación de contribuir en la mejora de la calidad de los servicios que el centro puede ofrecer. Una modesta aportación puede marcar la diferencia. Gracias por compartir nuestros deseos.</p>
<p>Nuestro correo electrónico es:</p>
<h3 class="iw"><span class="qu" role="gridcell"><span class="go">ampa@iesmiguelservet.com</span></span></h3>
<p style="text-align: justify">Para asociarse, sólo hay que rellenar la <span style="color: #ff0000"><strong>ficha de inscripción</strong></span> más abajo e ingresar la cuota de 16€ (una única cuota para toda la unidad familiar) en la siguiente cuenta indicando el nombre del alumno/a:</p>
<p style="text-align: justify">IBAN ES11-2100-8449-5722-0002-3337 (CaixaBank)</p>
<h3><a href="https://blogsaverroes.juntadeandalucia.es/iesmiguelservet/files/2020/09/FIcha-de-inscripcion-AMPA.pdf" target="_blank" rel="noopener noreferrer">Ficha de inscripción AMPA</a></h3>

<p>La Asociación de Madres y Padres del IES Miguel Servet invita a todas a las familias de nuestro alumnado a participar y contribuir con nuestra asociación realizando la correspondiente afiliación. Cuanto mayor se vuestra&#46;&#46;&#46;</p>
