{"id":24612,"date":"2017-05-02T08:45:17","date_gmt":"2017-05-02T06:45:17","guid":{"rendered":"https:\/\/blogsaverroes.juntadeandalucia.es\/iesmiguelservet\/?page_id=24612"},"modified":"2017-05-02T08:52:42","modified_gmt":"2017-05-02T06:52:42","slug":"cambiar-la-contrasena-gesuser","status":"publish","type":"page","link":"https:\/\/blogsaverroes.juntadeandalucia.es\/iesmiguelservet\/cambiar-la-contrasena-gesuser\/","title":{"rendered":"Cambiar la contrase\u00f1a Gesuser"},"content":{"rendered":"<div>Gesuser es una <b>aplicaci\u00f3n web<\/b>, por lo que el <b>acceso<\/b> a \u00e9sta se realiza mediante un <b>navegador<\/b>. Una vez tengamos el navegador abierto, escribimos lo siguiente en la barra de direcciones (este proceso se har\u00e1 en equipos conectados a la red TIC. Por ejemplo, los port\u00e1tiles o los dos pcs situadas a la derecha en la sala de profesores):<\/div>\n<p><a href=\"http:\/\/c0\/gesuser\" target=\"_blank\"><b>http:\/\/c0\/gesuser<\/b><\/a><\/p>\n<div>y seguidamente pulsamos la tecla intro, lo cual nos llevar\u00e1 a la aplicaci\u00f3n. Una vez hecho esto, nos aparece la pantalla de acceso, en ella se nos pide un Nombre de usuario y una Clave para poder acceder a la aplicaci\u00f3n. Despu\u00e9s de poner nuestro nombre de usuario y contrase\u00f1a, se nos mostrar\u00e1 la siguiente pantalla con un peque\u00f1o men\u00fa donde podemos elegir la opci\u00f3n de Cambiar la contrase\u00f1a:<\/div>\n","protected":false},"excerpt":{"rendered":"<p>Gesuser es una aplicaci\u00f3n web, por lo que el acceso a \u00e9sta se realiza mediante un navegador. Una vez tengamos el navegador abierto, escribimos lo siguiente en la barra de direcciones (este proceso se&#46;&#46;&#46;<\/p>\n","protected":false},"author":3557,"featured_media":24621,"parent":0,"menu_order":0,"comment_status":"closed","ping_status":"closed","template":"","meta":{"ngg_post_thumbnail":0,"footnotes":"","_mc_calendar":[]},"aioseo_notices":[],"_links":{"self":[{"href":"https:\/\/blogsaverroes.juntadeandalucia.es\/iesmiguelservet\/wp-json\/wp\/v2\/pages\/24612"}],"collection":[{"href":"https:\/\/blogsaverroes.juntadeandalucia.es\/iesmiguelservet\/wp-json\/wp\/v2\/pages"}],"about":[{"href":"https:\/\/blogsaverroes.juntadeandalucia.es\/iesmiguelservet\/wp-json\/wp\/v2\/types\/page"}],"author":[{"embeddable":true,"href":"https:\/\/blogsaverroes.juntadeandalucia.es\/iesmiguelservet\/wp-json\/wp\/v2\/users\/3557"}],"replies":[{"embeddable":true,"href":"https:\/\/blogsaverroes.juntadeandalucia.es\/iesmiguelservet\/wp-json\/wp\/v2\/comments?post=24612"}],"version-history":[{"count":3,"href":"https:\/\/blogsaverroes.juntadeandalucia.es\/iesmiguelservet\/wp-json\/wp\/v2\/pages\/24612\/revisions"}],"predecessor-version":[{"id":24616,"href":"https:\/\/blogsaverroes.juntadeandalucia.es\/iesmiguelservet\/wp-json\/wp\/v2\/pages\/24612\/revisions\/24616"}],"wp:featuredmedia":[{"embeddable":true,"href":"https:\/\/blogsaverroes.juntadeandalucia.es\/iesmiguelservet\/wp-json\/wp\/v2\/media\/24621"}],"wp:attachment":[{"href":"https:\/\/blogsaverroes.juntadeandalucia.es\/iesmiguelservet\/wp-json\/wp\/v2\/media?parent=24612"}],"curies":[{"name":"wp","href":"https:\/\/api.w.org\/{rel}","templated":true}]}}