{"id":3360,"date":"2016-05-20T19:08:11","date_gmt":"2016-05-20T18:08:11","guid":{"rendered":"http:\/\/blogsaverroes.juntadeandalucia.es\/iesmiguelservet\/?page_id=3360"},"modified":"2024-11-25T22:18:11","modified_gmt":"2024-11-25T20:18:11","slug":"como-llegar","status":"publish","type":"page","link":"https:\/\/blogsaverroes.juntadeandalucia.es\/iesmiguelservet\/como-llegar\/","title":{"rendered":"\u00bfC\u00f3mo llegar?"},"content":{"rendered":"<div id=\"post-body-5143572545395442698\" class=\"post-body entry-content\">\n<div style=\"text-align: justify\"><a style=\"clear: left;float: left;margin-bottom: 1em;margin-right: 1em\" href=\"http:\/\/2.bp.blogspot.com\/-ZQe0aUh1a3A\/U31DZSs1McI\/AAAAAAAAAzo\/679ityITtjI\/s1600\/plano_sevilla.jpg\"><img loading=\"lazy\" decoding=\"async\" src=\"http:\/\/2.bp.blogspot.com\/-ZQe0aUh1a3A\/U31DZSs1McI\/AAAAAAAAAzo\/679ityITtjI\/s1600\/plano_sevilla.jpg\" alt=\"\" width=\"320\" height=\"229\" border=\"0\"\/><\/a>El <b>I.E.S. Miguel Servet<\/b> se encuentra ubicado en la ciudad de <b>Sevilla<\/b>, una de la ocho capitales de provincia que constituyen la Comunidad Aut\u00f3noma de <b>Andaluc\u00eda<\/b>, en el <b>sur del Reino Europeo de Espa\u00f1a<\/b>.<\/div>\n<div style=\"text-align: justify\">Es un <b>centro p\u00fablico de Educaci\u00f3n Secundaria Obligatoria y Post-Obligatoria<\/b> dependiente de la Consejer\u00eda de Educaci\u00f3n de la Junta de Andaluc\u00eda.<\/div>\n<div style=\"text-align: justify\">&nbsp; <a style=\"clear: left;float: left;margin-bottom: 1em;margin-right: 1em\" href=\"http:\/\/3.bp.blogspot.com\/-8rnTuQRLAgI\/U31DZPydlHI\/AAAAAAAAAzY\/cGSn6ZzDdX8\/s1600\/spain_mapa.jpg\"><img decoding=\"async\" src=\"http:\/\/3.bp.blogspot.com\/-8rnTuQRLAgI\/U31DZPydlHI\/AAAAAAAAAzY\/cGSn6ZzDdX8\/s1600\/spain_mapa.jpg\" alt=\"\" border=\"0\"\/><\/a>El centro se encuentra situado en la zona m\u00e1s occidental del amplio<b> Barrio de Sevilla Este<\/b>, muy pr\u00f3ximo a la SE-30, en el sector 20 del antiguo Pol\u00edgono Aeropuerto. Es una \u00e1rea de construcciones modernas urbanizada tras una planificaci\u00f3n previa que ha permitido la convivencia de amplias avenidas para el acceso de los veh\u00edculos y calles peatonales que ofrecen seguridad a sus viandantes. Este es el caso de la <b>Calle Miguel de Unamuno<\/b> (que es peatonal en todo su recorrido).<\/div>\n<div align=\"justify\">El <i>IES Miguel Servet<\/i> se encuentra haciendo esquina entre <i>dos calles peatonales<\/i>: c\/ Miguel de Unamuno y c\/ Cueva de Menga; en este lugar se localiza la entrada principal del Instituto, por lo que el acceso es de total seguridad para el alumnado.<\/div>\n<div align=\"justify\">El acceso con veh\u00edculos se realiza por la zona lateral de las pistas deportivas a trav\u00e9s de la c\/ Cueva de la Pileta.<\/div>\n<div align=\"justify\">\nComo medio de transporte se puede utilizar el <b>tren de cercan\u00edas,<\/b> ya que no se encuentra lejos del apeadero del Palacio de Congresos, adem\u00e1s de la <b>l\u00ednea 27<\/b> del autob\u00fas urbano con paradas en la Avenida del Alcalde Luis de Uru\u00f1uela<\/div>\n<\/div>\n<p><iframe loading=\"lazy\" src=\"https:\/\/www.google.com\/maps\/embed?pb=!1m18!1m12!1m3!1d3169.5552387035837!2d-5.941847324133948!3d37.40034917208211!2m3!1f0!2f0!3f0!3m2!1i1024!2i768!4f13.1!3m3!1m2!1s0xd126f2a392ebd21%3A0x265bec070206a44d!2sP.%C2%BA%20Miguel%20Unamuno%2C%208%2C%2041020%20Sevilla!5e0!3m2!1ses!2ses!4v1732565670536!5m2!1ses!2ses\" width=\"600\" height=\"450\"><\/iframe><\/p>\n","protected":false},"excerpt":{"rendered":"<p>El I.E.S. Miguel Servet se encuentra ubicado en la ciudad de Sevilla, una de la ocho capitales de provincia que constituyen la Comunidad Aut\u00f3noma de Andaluc\u00eda, en el sur del Reino Europeo de Espa\u00f1a.&#46;&#46;&#46;<\/p>\n","protected":false},"author":3557,"featured_media":0,"parent":0,"menu_order":0,"comment_status":"open","ping_status":"open","template":"","meta":{"ngg_post_thumbnail":0,"footnotes":"","_mc_calendar":[]},"aioseo_notices":[],"_links":{"self":[{"href":"https:\/\/blogsaverroes.juntadeandalucia.es\/iesmiguelservet\/wp-json\/wp\/v2\/pages\/3360"}],"collection":[{"href":"https:\/\/blogsaverroes.juntadeandalucia.es\/iesmiguelservet\/wp-json\/wp\/v2\/pages"}],"about":[{"href":"https:\/\/blogsaverroes.juntadeandalucia.es\/iesmiguelservet\/wp-json\/wp\/v2\/types\/page"}],"author":[{"embeddable":true,"href":"https:\/\/blogsaverroes.juntadeandalucia.es\/iesmiguelservet\/wp-json\/wp\/v2\/users\/3557"}],"replies":[{"embeddable":true,"href":"https:\/\/blogsaverroes.juntadeandalucia.es\/iesmiguelservet\/wp-json\/wp\/v2\/comments?post=3360"}],"version-history":[{"count":4,"href":"https:\/\/blogsaverroes.juntadeandalucia.es\/iesmiguelservet\/wp-json\/wp\/v2\/pages\/3360\/revisions"}],"predecessor-version":[{"id":50970,"href":"https:\/\/blogsaverroes.juntadeandalucia.es\/iesmiguelservet\/wp-json\/wp\/v2\/pages\/3360\/revisions\/50970"}],"wp:attachment":[{"href":"https:\/\/blogsaverroes.juntadeandalucia.es\/iesmiguelservet\/wp-json\/wp\/v2\/media?parent=3360"}],"curies":[{"name":"wp","href":"https:\/\/api.w.org\/{rel}","templated":true}]}}