{"id":3799,"date":"2016-05-25T20:10:47","date_gmt":"2016-05-25T19:10:47","guid":{"rendered":"http:\/\/blogsaverroes.juntadeandalucia.es\/iesmiguelservet\/?page_id=3799"},"modified":"2024-11-23T18:27:27","modified_gmt":"2024-11-23T16:27:27","slug":"fondo-social-europeo","status":"publish","type":"page","link":"https:\/\/blogsaverroes.juntadeandalucia.es\/iesmiguelservet\/fondo-social-europeo\/","title":{"rendered":"Fondo social europeo"},"content":{"rendered":"<div id=\"post-body-3359389348551464578\" class=\"post-body entry-content\">\n<div class=\"separator\">&nbsp;<\/div>\n<p><a href=\"https:\/\/blogsaverroes.juntadeandalucia.es\/iesmiguelservet\/files\/2016\/05\/FSE-jpg.png\"><img loading=\"lazy\" decoding=\"async\" class=\" wp-image-31508 alignleft\" src=\"https:\/\/blogsaverroes.juntadeandalucia.es\/iesmiguelservet\/files\/2016\/05\/FSE-jpg.png\" alt=\"\" width=\"241\" height=\"342\" srcset=\"https:\/\/blogsaverroes.juntadeandalucia.es\/iesmiguelservet\/files\/2016\/05\/FSE-jpg.png 408w, https:\/\/blogsaverroes.juntadeandalucia.es\/iesmiguelservet\/files\/2016\/05\/FSE-jpg-211x300.png 211w, https:\/\/blogsaverroes.juntadeandalucia.es\/iesmiguelservet\/files\/2016\/05\/FSE-jpg-17x24.png 17w, https:\/\/blogsaverroes.juntadeandalucia.es\/iesmiguelservet\/files\/2016\/05\/FSE-jpg-25x36.png 25w, https:\/\/blogsaverroes.juntadeandalucia.es\/iesmiguelservet\/files\/2016\/05\/FSE-jpg-34x48.png 34w\" sizes=\"(max-width: 241px) 100vw, 241px\" \/><\/a><\/p>\n<p>&nbsp;<\/p>\n<p>Las retribuciones del Profesorado de este centro relacionados a continuaci\u00f3n, son cofinanciadas a trav\u00e9s del programa operativo Fondo Social Europeo de Andaluc\u00eda:<\/p>\n<ul>\n<li>Profesorado que imparte materias en Ciclos Formativos.<\/li>\n<li>Maestros y Maestras especialistas en Pedagog\u00eda Terap\u00e9utica, Audici\u00f3n y Lenguaje y Profesorado de Secundaria de Lenguaje de Signos.<\/li>\n<li>Profesorado de Formaci\u00f3n y Orientaci\u00f3n Laboral y Orientadores.<\/li>\n<li>Profesorado de las Aulas temporales de Adaptaci\u00f3n Ling\u00fc\u00edstica<\/li>\n<li>Auxiliar Ling\u00fc\u00edstico en el Programa de Biling\u00fcismo.<\/li>\n<\/ul>\n<div>&nbsp;<\/div>\n<\/div>\n<p><a href=\"https:\/\/blogsaverroes.juntadeandalucia.es\/iesmiguelservet\/files\/2024\/11\/Logo-junta-andalucia-europa-pie-pagina-1024x341-1_0.png\"><img loading=\"lazy\" decoding=\"async\" class=\"aligncenter size-full wp-image-50939\" src=\"https:\/\/blogsaverroes.juntadeandalucia.es\/iesmiguelservet\/files\/2024\/11\/Logo-junta-andalucia-europa-pie-pagina-1024x341-1_0.png\" alt=\"\" width=\"1024\" height=\"341\" srcset=\"https:\/\/blogsaverroes.juntadeandalucia.es\/iesmiguelservet\/files\/2024\/11\/Logo-junta-andalucia-europa-pie-pagina-1024x341-1_0.png 1024w, https:\/\/blogsaverroes.juntadeandalucia.es\/iesmiguelservet\/files\/2024\/11\/Logo-junta-andalucia-europa-pie-pagina-1024x341-1_0-300x100.png 300w, https:\/\/blogsaverroes.juntadeandalucia.es\/iesmiguelservet\/files\/2024\/11\/Logo-junta-andalucia-europa-pie-pagina-1024x341-1_0-768x256.png 768w\" sizes=\"(max-width: 1024px) 100vw, 1024px\" \/><\/a><\/p>\n","protected":false},"excerpt":{"rendered":"<p>&nbsp; &nbsp; Las retribuciones del Profesorado de este centro relacionados a continuaci\u00f3n, son cofinanciadas a trav\u00e9s del programa operativo Fondo Social Europeo de Andaluc\u00eda: Profesorado que imparte materias en Ciclos Formativos. Maestros y Maestras&#46;&#46;&#46;<\/p>\n","protected":false},"author":3557,"featured_media":0,"parent":0,"menu_order":0,"comment_status":"open","ping_status":"open","template":"","meta":{"ngg_post_thumbnail":0,"footnotes":"","_mc_calendar":[]},"aioseo_notices":[],"_links":{"self":[{"href":"https:\/\/blogsaverroes.juntadeandalucia.es\/iesmiguelservet\/wp-json\/wp\/v2\/pages\/3799"}],"collection":[{"href":"https:\/\/blogsaverroes.juntadeandalucia.es\/iesmiguelservet\/wp-json\/wp\/v2\/pages"}],"about":[{"href":"https:\/\/blogsaverroes.juntadeandalucia.es\/iesmiguelservet\/wp-json\/wp\/v2\/types\/page"}],"author":[{"embeddable":true,"href":"https:\/\/blogsaverroes.juntadeandalucia.es\/iesmiguelservet\/wp-json\/wp\/v2\/users\/3557"}],"replies":[{"embeddable":true,"href":"https:\/\/blogsaverroes.juntadeandalucia.es\/iesmiguelservet\/wp-json\/wp\/v2\/comments?post=3799"}],"version-history":[{"count":6,"href":"https:\/\/blogsaverroes.juntadeandalucia.es\/iesmiguelservet\/wp-json\/wp\/v2\/pages\/3799\/revisions"}],"predecessor-version":[{"id":50941,"href":"https:\/\/blogsaverroes.juntadeandalucia.es\/iesmiguelservet\/wp-json\/wp\/v2\/pages\/3799\/revisions\/50941"}],"wp:attachment":[{"href":"https:\/\/blogsaverroes.juntadeandalucia.es\/iesmiguelservet\/wp-json\/wp\/v2\/media?parent=3799"}],"curies":[{"name":"wp","href":"https:\/\/api.w.org\/{rel}","templated":true}]}}

<div id="post-body-3359389348551464578" class="post-body entry-content">
<div class="separator">&nbsp;</div>
<p><a href="https://blogsaverroes.juntadeandalucia.es/iesmiguelservet/files/2016/05/FSE-jpg.png"><img loading="lazy" decoding="async" class=" wp-image-31508 alignleft" src="https://blogsaverroes.juntadeandalucia.es/iesmiguelservet/files/2016/05/FSE-jpg.png" alt="" width="241" height="342" srcset="https://blogsaverroes.juntadeandalucia.es/iesmiguelservet/files/2016/05/FSE-jpg.png 408w, https://blogsaverroes.juntadeandalucia.es/iesmiguelservet/files/2016/05/FSE-jpg-211x300.png 211w, https://blogsaverroes.juntadeandalucia.es/iesmiguelservet/files/2016/05/FSE-jpg-17x24.png 17w, https://blogsaverroes.juntadeandalucia.es/iesmiguelservet/files/2016/05/FSE-jpg-25x36.png 25w, https://blogsaverroes.juntadeandalucia.es/iesmiguelservet/files/2016/05/FSE-jpg-34x48.png 34w" sizes="(max-width: 241px) 100vw, 241px" /></a></p>
<p>&nbsp;</p>
<p>Las retribuciones del Profesorado de este centro relacionados a continuación, son cofinanciadas a través del programa operativo Fondo Social Europeo de Andalucía:</p>
<ul>
<li>Profesorado que imparte materias en Ciclos Formativos.</li>
<li>Maestros y Maestras especialistas en Pedagogía Terapéutica, Audición y Lenguaje y Profesorado de Secundaria de Lenguaje de Signos.</li>
<li>Profesorado de Formación y Orientación Laboral y Orientadores.</li>
<li>Profesorado de las Aulas temporales de Adaptación Lingüística</li>
<li>Auxiliar Lingüístico en el Programa de Bilingüismo.</li>
</ul>
<div>&nbsp;</div>
</div>
<p><a href="https://blogsaverroes.juntadeandalucia.es/iesmiguelservet/files/2024/11/Logo-junta-andalucia-europa-pie-pagina-1024x341-1_0.png"><img loading="lazy" decoding="async" class="aligncenter size-full wp-image-50939" src="https://blogsaverroes.juntadeandalucia.es/iesmiguelservet/files/2024/11/Logo-junta-andalucia-europa-pie-pagina-1024x341-1_0.png" alt="" width="1024" height="341" srcset="https://blogsaverroes.juntadeandalucia.es/iesmiguelservet/files/2024/11/Logo-junta-andalucia-europa-pie-pagina-1024x341-1_0.png 1024w, https://blogsaverroes.juntadeandalucia.es/iesmiguelservet/files/2024/11/Logo-junta-andalucia-europa-pie-pagina-1024x341-1_0-300x100.png 300w, https://blogsaverroes.juntadeandalucia.es/iesmiguelservet/files/2024/11/Logo-junta-andalucia-europa-pie-pagina-1024x341-1_0-768x256.png 768w" sizes="(max-width: 1024px) 100vw, 1024px" /></a></p>

<p>&nbsp; &nbsp; Las retribuciones del Profesorado de este centro relacionados a continuación, son cofinanciadas a través del programa operativo Fondo Social Europeo de Andalucía: Profesorado que imparte materias en Ciclos Formativos. Maestros y Maestras&#46;&#46;&#46;</p>
