{"id":46433,"date":"2021-11-01T21:20:21","date_gmt":"2021-11-01T19:20:21","guid":{"rendered":"https:\/\/blogsaverroes.juntadeandalucia.es\/iesmiguelservet\/?page_id=46433"},"modified":"2022-04-12T19:27:17","modified_gmt":"2022-04-12T17:27:17","slug":"programas-srs-curso-2021-22","status":"publish","type":"page","link":"https:\/\/blogsaverroes.juntadeandalucia.es\/iesmiguelservet\/programas-srs-curso-2021-22\/","title":{"rendered":"Programas SRS. Curso 2021-22"},"content":{"rendered":"<p>Tras el par\u00e9ntesis del pasado curso escolar en el que no se realizaron programas en SRS por aplicaci\u00f3n de las medidas de prevenci\u00f3n contra el COVID-19, en el presente a\u00f1o retomamos nuestra serie de programas manteniendo, aun as\u00ed, las medidas preventivas de uso de la mascarilla en las entrevistas procurando hacerlas siempre en lugares exteriores o bien ventilados si es el edificio escolar.<\/p>\n<p>Primer Trimestre:<\/p>\n<!--[if lt IE 9]><script>document.createElement('audio');<\/script><![endif]-->\n\t<div class=\"wp-playlist wp-audio-playlist wp-playlist-light\">\n\t\t\t<div class=\"wp-playlist-current-item\"><\/div>\n\t\t<audio controls=\"controls\" preload=\"none\" width=\"640\"\n\t\t\t><\/audio>\n\t<div class=\"wp-playlist-next\"><\/div>\n\t<div class=\"wp-playlist-prev\"><\/div>\n\t<noscript>\n\t<ol>\n\t\t<li><a href='https:\/\/blogsaverroes.juntadeandalucia.es\/iesmiguelservet\/files\/2021\/11\/Escuela-de-Circo-Pablo-Diaz.mp3'>Escuela de Circo<\/a><\/li><li><a href='https:\/\/blogsaverroes.juntadeandalucia.es\/iesmiguelservet\/files\/2021\/11\/Festival-de-Cine-Europeo-3\u00baeso-frances.mp3'>Patricia entrevista a sus compa\u00f1eros<\/a><\/li><li><a href='https:\/\/blogsaverroes.juntadeandalucia.es\/iesmiguelservet\/files\/2021\/11\/Festival-de-Cine-Europeo-2\u00baeso-frances.mp3'>Festival de Cine Europeo 2021<\/a><\/li><li><a href='https:\/\/blogsaverroes.juntadeandalucia.es\/iesmiguelservet\/files\/2021\/11\/4.-Entrevista-Carmen-Torres-El-Flamenco-La-M\u00fasica-de-mi-Tierra.mp3'>El Flamenco: La M\u00fasica de mi Tierra<\/a><\/li><li><a href='https:\/\/blogsaverroes.juntadeandalucia.es\/iesmiguelservet\/files\/2021\/11\/5.-Senderismo-Sierra-Norte-Sevilla1\u00baeso-2021.mp3'>Marta y Guillermo entrevistan a sus compa\u00f1eros<\/a><\/li><li><a href='https:\/\/blogsaverroes.juntadeandalucia.es\/iesmiguelservet\/files\/2021\/12\/6.-EntrevsitaKatie-AnaFranco-en-ingles.mp3'>Entrevista a nuestra auxiliar ling\u00fc\u00edstica Katie<\/a><\/li><li><a href='https:\/\/blogsaverroes.juntadeandalucia.es\/iesmiguelservet\/files\/2021\/12\/7.-La-Navidad-en-el-Servet-1.mp3'>La Navidad en el Servet 2021-22<\/a><\/li>\t<\/ol>\n\t<\/noscript>\n\t<script type=\"application\/json\" class=\"wp-playlist-script\">{\"type\":\"audio\",\"tracklist\":true,\"tracknumbers\":true,\"images\":true,\"artists\":true,\"tracks\":[{\"src\":\"https:\\\/\\\/blogsaverroes.juntadeandalucia.es\\\/iesmiguelservet\\\/files\\\/2021\\\/11\\\/Escuela-de-Circo-Pablo-Diaz.mp3\",\"type\":\"audio\\\/mpeg\",\"title\":\"Escuela de Circo\",\"caption\":\"\",\"description\":\"\\u00abEscuela de Circo\\u00bb en Pablo Diaz. Lanzamiento: 2021. G\\u00e9nero: Entrevista.\",\"meta\":{\"artist\":\"Pablo Diaz\",\"genre\":\"Entrevista\",\"year\":\"2021\",\"length_formatted\":\"6:07\"},\"image\":{\"src\":\"https:\\\/\\\/blogsaverroes.juntadeandalucia.es\\\/iesmiguelservet\\\/wp-includes\\\/images\\\/media\\\/audio.png\",\"width\":48,\"height\":64},\"thumb\":{\"src\":\"https:\\\/\\\/blogsaverroes.juntadeandalucia.es\\\/iesmiguelservet\\\/wp-includes\\\/images\\\/media\\\/audio.png\",\"width\":48,\"height\":64}},{\"src\":\"https:\\\/\\\/blogsaverroes.juntadeandalucia.es\\\/iesmiguelservet\\\/files\\\/2021\\\/11\\\/Festival-de-Cine-Europeo-3\\u00baeso-frances.mp3\",\"type\":\"audio\\\/mpeg\",\"title\":\"Patricia entrevista a sus compa\\u00f1eros\",\"caption\":\"\",\"description\":\"\\u00abPatricia entrevista a sus compa\\u00f1eros\\u00bb en Salida al Festival de Cine Europeo 2021 por SRS. Lanzamiento: 2021. G\\u00e9nero: Entrevista.\",\"meta\":{\"artist\":\"SRS\",\"album\":\"Salida al Festival de Cine Europeo 2021\",\"genre\":\"Entrevista\",\"year\":\"2021\",\"length_formatted\":\"7:08\"},\"image\":{\"src\":\"https:\\\/\\\/blogsaverroes.juntadeandalucia.es\\\/iesmiguelservet\\\/wp-includes\\\/images\\\/media\\\/audio.png\",\"width\":48,\"height\":64},\"thumb\":{\"src\":\"https:\\\/\\\/blogsaverroes.juntadeandalucia.es\\\/iesmiguelservet\\\/wp-includes\\\/images\\\/media\\\/audio.png\",\"width\":48,\"height\":64}},{\"src\":\"https:\\\/\\\/blogsaverroes.juntadeandalucia.es\\\/iesmiguelservet\\\/files\\\/2021\\\/11\\\/Festival-de-Cine-Europeo-2\\u00baeso-frances.mp3\",\"type\":\"audio\\\/mpeg\",\"title\":\"Festival de Cine Europeo 2021\",\"caption\":\"\",\"description\":\"\\u00abFestival de Cine Europeo 2021\\u00bb en SRS por Carlos Tar\\u00edn. Lanzamiento: 2021. G\\u00e9nero: Entrevista.\",\"meta\":{\"artist\":\"Carlos Tar\\u00edn\",\"album\":\"SRS\",\"genre\":\"Entrevista\",\"year\":\"2021\",\"length_formatted\":\"3:26\"},\"image\":{\"src\":\"https:\\\/\\\/blogsaverroes.juntadeandalucia.es\\\/iesmiguelservet\\\/wp-includes\\\/images\\\/media\\\/audio.png\",\"width\":48,\"height\":64},\"thumb\":{\"src\":\"https:\\\/\\\/blogsaverroes.juntadeandalucia.es\\\/iesmiguelservet\\\/wp-includes\\\/images\\\/media\\\/audio.png\",\"width\":48,\"height\":64}},{\"src\":\"https:\\\/\\\/blogsaverroes.juntadeandalucia.es\\\/iesmiguelservet\\\/files\\\/2021\\\/11\\\/4.-Entrevista-Carmen-Torres-El-Flamenco-La-M\\u00fasica-de-mi-Tierra.mp3\",\"type\":\"audio\\\/mpeg\",\"title\":\"El Flamenco: La M\\u00fasica de mi Tierra\",\"caption\":\"\",\"description\":\"\\u00abEl Flamenco: La M\\u00fasica de mi Tierra\\u00bb en Entrevistados por Marta Cano y Guillermo del Toro 1\\u00baESO D por Carmen Torres. Lanzamiento: 2021. G\\u00e9nero: Entrevistas en SRS.\",\"meta\":{\"artist\":\"Carmen Torres\",\"album\":\"Entrevistados por Marta Cano y Guillermo del Toro 1\\u00baESO D\",\"genre\":\"Entrevistas en SRS\",\"year\":\"2021\",\"length_formatted\":\"3:49\"},\"image\":{\"src\":\"https:\\\/\\\/blogsaverroes.juntadeandalucia.es\\\/iesmiguelservet\\\/wp-includes\\\/images\\\/media\\\/audio.png\",\"width\":48,\"height\":64},\"thumb\":{\"src\":\"https:\\\/\\\/blogsaverroes.juntadeandalucia.es\\\/iesmiguelservet\\\/wp-includes\\\/images\\\/media\\\/audio.png\",\"width\":48,\"height\":64}},{\"src\":\"https:\\\/\\\/blogsaverroes.juntadeandalucia.es\\\/iesmiguelservet\\\/files\\\/2021\\\/11\\\/5.-Senderismo-Sierra-Norte-Sevilla1\\u00baeso-2021.mp3\",\"type\":\"audio\\\/mpeg\",\"title\":\"Marta y Guillermo entrevistan a sus compa\\u00f1eros\",\"caption\":\"\",\"description\":\"\\u00abMarta y Guillermo entrevistan a sus compa\\u00f1eros\\u00bb en SRS por Senderismo 1\\u00baESO 2021. Lanzamiento: 2021.\",\"meta\":{\"artist\":\"Senderismo 1\\u00baESO 2021\",\"album\":\"SRS\",\"year\":\"2021\",\"length_formatted\":\"3:05\"},\"image\":{\"src\":\"https:\\\/\\\/blogsaverroes.juntadeandalucia.es\\\/iesmiguelservet\\\/wp-includes\\\/images\\\/media\\\/audio.png\",\"width\":48,\"height\":64},\"thumb\":{\"src\":\"https:\\\/\\\/blogsaverroes.juntadeandalucia.es\\\/iesmiguelservet\\\/wp-includes\\\/images\\\/media\\\/audio.png\",\"width\":48,\"height\":64}},{\"src\":\"https:\\\/\\\/blogsaverroes.juntadeandalucia.es\\\/iesmiguelservet\\\/files\\\/2021\\\/12\\\/6.-EntrevsitaKatie-AnaFranco-en-ingles.mp3\",\"type\":\"audio\\\/mpeg\",\"title\":\"Entrevista a nuestra auxiliar ling\\u00fc\\u00edstica Katie\",\"caption\":\"\",\"description\":\"\\u00abEntrevista a nuestra auxiliar ling\\u00fc\\u00edstica Katie\\u00bb en Bilingualism por Ana Franco 1\\u00baESO D. Lanzamiento: 2021. G\\u00e9nero: Interview in English.\",\"meta\":{\"artist\":\"Ana Franco 1\\u00baESO D\",\"album\":\"Bilingualism\",\"genre\":\"Interview in English\",\"year\":\"2021\",\"length_formatted\":\"5:45\"},\"image\":{\"src\":\"https:\\\/\\\/blogsaverroes.juntadeandalucia.es\\\/iesmiguelservet\\\/wp-includes\\\/images\\\/media\\\/audio.png\",\"width\":48,\"height\":64},\"thumb\":{\"src\":\"https:\\\/\\\/blogsaverroes.juntadeandalucia.es\\\/iesmiguelservet\\\/wp-includes\\\/images\\\/media\\\/audio.png\",\"width\":48,\"height\":64}},{\"src\":\"https:\\\/\\\/blogsaverroes.juntadeandalucia.es\\\/iesmiguelservet\\\/files\\\/2021\\\/12\\\/7.-La-Navidad-en-el-Servet-1.mp3\",\"type\":\"audio\\\/mpeg\",\"title\":\"La Navidad en el Servet 2021-22\",\"caption\":\"\",\"description\":\"\\u00abLa Navidad en el Servet 2021-22\\u00bb en SRS por Alejandra y Angela 2\\u00baeso D. Lanzamiento: 2021.\",\"meta\":{\"artist\":\"Alejandra y Angela 2\\u00baeso D\",\"album\":\"SRS\",\"year\":\"2021\",\"length_formatted\":\"3:04\"},\"image\":{\"src\":\"https:\\\/\\\/blogsaverroes.juntadeandalucia.es\\\/iesmiguelservet\\\/wp-includes\\\/images\\\/media\\\/audio.png\",\"width\":48,\"height\":64},\"thumb\":{\"src\":\"https:\\\/\\\/blogsaverroes.juntadeandalucia.es\\\/iesmiguelservet\\\/wp-includes\\\/images\\\/media\\\/audio.png\",\"width\":48,\"height\":64}}]}<\/script>\n<\/div>\n\t\n<p>Segundo Trimestre:<\/p>\n<div class=\"wp-playlist wp-audio-playlist wp-playlist-light\">\n\t\t\t<div class=\"wp-playlist-current-item\"><\/div>\n\t\t<audio controls=\"controls\" preload=\"none\" width=\"640\"\n\t\t\t><\/audio>\n\t<div class=\"wp-playlist-next\"><\/div>\n\t<div class=\"wp-playlist-prev\"><\/div>\n\t<noscript>\n\t<ol>\n\t\t<li><a href='https:\/\/blogsaverroes.juntadeandalucia.es\/iesmiguelservet\/files\/2022\/02\/SanValentin2022.mp3'>San Valent\u00edn 2022<\/a><\/li><li><a href='https:\/\/blogsaverroes.juntadeandalucia.es\/iesmiguelservet\/files\/2022\/02\/9.-Dia-de-Andalucia-2022.mp3'>Celebraci\u00f3n del D\u00eda de Andaluc\u00eda<\/a><\/li><li><a href='https:\/\/blogsaverroes.juntadeandalucia.es\/iesmiguelservet\/files\/2022\/03\/10.-Entrevista-al-grupo-Gurmb\u00e9-musica-AfricanaViviana-Araujo.mp3'>Entrevista de Marta y Guillermo<\/a><\/li><li><a href='https:\/\/blogsaverroes.juntadeandalucia.es\/iesmiguelservet\/files\/2022\/04\/11.-Entrevista-biling\u00fce-al-alumnado-sobre-El-Huerto.mp3'>El Huerto del Servet<\/a><\/li><li><a href='https:\/\/blogsaverroes.juntadeandalucia.es\/iesmiguelservet\/files\/2022\/04\/12.-12th-English-Song-Festival-2022.mp3'>Entrevista a Alejandra, Juan Codejon, Jaime y Maria e Inma (Participantes en el festival)<\/a><\/li>\t<\/ol>\n\t<\/noscript>\n\t<script type=\"application\/json\" class=\"wp-playlist-script\">{\"type\":\"audio\",\"tracklist\":true,\"tracknumbers\":true,\"images\":true,\"artists\":true,\"tracks\":[{\"src\":\"https:\\\/\\\/blogsaverroes.juntadeandalucia.es\\\/iesmiguelservet\\\/files\\\/2022\\\/02\\\/SanValentin2022.mp3\",\"type\":\"audio\\\/mpeg\",\"title\":\"San Valent\\u00edn 2022\",\"caption\":\"\",\"description\":\"\\u00abSan Valent\\u00edn 2022\\u00bb en SRS por Manuel, Gonzalo y M\\u00f3nica (2\\u00baESO). Lanzamiento: 2022. Pista 14. G\\u00e9nero: Entrevista.\",\"meta\":{\"artist\":\"Manuel, Gonzalo y M\\u00f3nica (2\\u00baESO)\",\"album\":\"SRS\",\"genre\":\"Entrevista\",\"year\":\"2022\",\"length_formatted\":\"6:14\"},\"image\":{\"src\":\"https:\\\/\\\/blogsaverroes.juntadeandalucia.es\\\/iesmiguelservet\\\/wp-includes\\\/images\\\/media\\\/audio.png\",\"width\":48,\"height\":64},\"thumb\":{\"src\":\"https:\\\/\\\/blogsaverroes.juntadeandalucia.es\\\/iesmiguelservet\\\/wp-includes\\\/images\\\/media\\\/audio.png\",\"width\":48,\"height\":64}},{\"src\":\"https:\\\/\\\/blogsaverroes.juntadeandalucia.es\\\/iesmiguelservet\\\/files\\\/2022\\\/02\\\/9.-Dia-de-Andalucia-2022.mp3\",\"type\":\"audio\\\/mpeg\",\"title\":\"Celebraci\\u00f3n del D\\u00eda de Andaluc\\u00eda\",\"caption\":\"\",\"description\":\"\\u00abCelebraci\\u00f3n del D\\u00eda de Andaluc\\u00eda \\u00bb en SRS por Pablo Diaz y Ana Franco. Lanzamiento: 2022. G\\u00e9nero: Entrevista.\",\"meta\":{\"artist\":\"Pablo Diaz y Ana Franco\",\"album\":\"SRS\",\"genre\":\"Entrevista\",\"year\":\"2022\",\"length_formatted\":\"10:02\"},\"image\":{\"src\":\"https:\\\/\\\/blogsaverroes.juntadeandalucia.es\\\/iesmiguelservet\\\/wp-includes\\\/images\\\/media\\\/audio.png\",\"width\":48,\"height\":64},\"thumb\":{\"src\":\"https:\\\/\\\/blogsaverroes.juntadeandalucia.es\\\/iesmiguelservet\\\/wp-includes\\\/images\\\/media\\\/audio.png\",\"width\":48,\"height\":64}},{\"src\":\"https:\\\/\\\/blogsaverroes.juntadeandalucia.es\\\/iesmiguelservet\\\/files\\\/2022\\\/03\\\/10.-Entrevista-al-grupo-Gurmb\\u00e9-musica-AfricanaViviana-Araujo.mp3\",\"type\":\"audio\\\/mpeg\",\"title\":\"Entrevista de Marta y Guillermo\",\"caption\":\"\",\"description\":\"\\u00abEntrevista de Marta y Guillermo\\u00bb en Musica Africana por Grupo Gurumb\\u00e9 ( Manuel Ballena y Viviana Araujo). Lanzamiento: 2022. Pista . G\\u00e9nero: Entrevista.\",\"meta\":{\"artist\":\"Grupo Gurumb\\u00e9 ( Manuel Ballena y Viviana Araujo)\",\"album\":\"Musica Africana\",\"genre\":\"Entrevista\",\"year\":\"2022\",\"length_formatted\":\"4:19\"},\"image\":{\"src\":\"https:\\\/\\\/blogsaverroes.juntadeandalucia.es\\\/iesmiguelservet\\\/wp-includes\\\/images\\\/media\\\/audio.png\",\"width\":48,\"height\":64},\"thumb\":{\"src\":\"https:\\\/\\\/blogsaverroes.juntadeandalucia.es\\\/iesmiguelservet\\\/wp-includes\\\/images\\\/media\\\/audio.png\",\"width\":48,\"height\":64}},{\"src\":\"https:\\\/\\\/blogsaverroes.juntadeandalucia.es\\\/iesmiguelservet\\\/files\\\/2022\\\/04\\\/11.-Entrevista-biling\\u00fce-al-alumnado-sobre-El-Huerto.mp3\",\"type\":\"audio\\\/mpeg\",\"title\":\"El Huerto del Servet\",\"caption\":\"\",\"description\":\"\\u00abEl Huerto del Servet\\u00bb en SRS en el huerto por Marta, Guillermo, Giomara, Patricia y M\\u00f3nica. Lanzamiento: 2022. G\\u00e9nero: Entrevista.\",\"meta\":{\"artist\":\"Marta, Guillermo, Giomara, Patricia y M\\u00f3nica\",\"album\":\"SRS en el huerto\",\"genre\":\"Entrevista\",\"year\":\"2022\",\"length_formatted\":\"5:01\"},\"image\":{\"src\":\"https:\\\/\\\/blogsaverroes.juntadeandalucia.es\\\/iesmiguelservet\\\/wp-includes\\\/images\\\/media\\\/audio.png\",\"width\":48,\"height\":64},\"thumb\":{\"src\":\"https:\\\/\\\/blogsaverroes.juntadeandalucia.es\\\/iesmiguelservet\\\/wp-includes\\\/images\\\/media\\\/audio.png\",\"width\":48,\"height\":64}},{\"src\":\"https:\\\/\\\/blogsaverroes.juntadeandalucia.es\\\/iesmiguelservet\\\/files\\\/2022\\\/04\\\/12.-12th-English-Song-Festival-2022.mp3\",\"type\":\"audio\\\/mpeg\",\"title\":\"Entrevista a Alejandra, Juan Codejon, Jaime y Maria e Inma (Participantes en el festival)\",\"caption\":\"\",\"description\":\"\\u00abMonica, Marta, Guillermo y Ana\\u00bb en SRS en el festival por 12th English Song Festival. Lanzamiento: 2022. G\\u00e9nero: Entrevista a algunos participantes.\",\"meta\":{\"artist\":\"12th English Song Festival\",\"album\":\"SRS en el festival\",\"genre\":\"Entrevista a algunos participantes\",\"year\":\"2022\",\"length_formatted\":\"6:00\"},\"image\":{\"src\":\"https:\\\/\\\/blogsaverroes.juntadeandalucia.es\\\/iesmiguelservet\\\/wp-includes\\\/images\\\/media\\\/audio.png\",\"width\":48,\"height\":64},\"thumb\":{\"src\":\"https:\\\/\\\/blogsaverroes.juntadeandalucia.es\\\/iesmiguelservet\\\/wp-includes\\\/images\\\/media\\\/audio.png\",\"width\":48,\"height\":64}}]}<\/script>\n<\/div>\n\t\n","protected":false},"excerpt":{"rendered":"<p>Tras el par\u00e9ntesis del pasado curso escolar en el que no se realizaron programas en SRS por aplicaci\u00f3n de las medidas de prevenci\u00f3n contra el COVID-19, en el presente a\u00f1o retomamos nuestra serie de&#46;&#46;&#46;<\/p>\n","protected":false},"author":3727,"featured_media":0,"parent":0,"menu_order":0,"comment_status":"closed","ping_status":"closed","template":"","meta":{"ngg_post_thumbnail":0,"footnotes":"","_mc_calendar":[]},"aioseo_notices":[],"_links":{"self":[{"href":"https:\/\/blogsaverroes.juntadeandalucia.es\/iesmiguelservet\/wp-json\/wp\/v2\/pages\/46433"}],"collection":[{"href":"https:\/\/blogsaverroes.juntadeandalucia.es\/iesmiguelservet\/wp-json\/wp\/v2\/pages"}],"about":[{"href":"https:\/\/blogsaverroes.juntadeandalucia.es\/iesmiguelservet\/wp-json\/wp\/v2\/types\/page"}],"author":[{"embeddable":true,"href":"https:\/\/blogsaverroes.juntadeandalucia.es\/iesmiguelservet\/wp-json\/wp\/v2\/users\/3727"}],"replies":[{"embeddable":true,"href":"https:\/\/blogsaverroes.juntadeandalucia.es\/iesmiguelservet\/wp-json\/wp\/v2\/comments?post=46433"}],"version-history":[{"count":14,"href":"https:\/\/blogsaverroes.juntadeandalucia.es\/iesmiguelservet\/wp-json\/wp\/v2\/pages\/46433\/revisions"}],"predecessor-version":[{"id":47511,"href":"https:\/\/blogsaverroes.juntadeandalucia.es\/iesmiguelservet\/wp-json\/wp\/v2\/pages\/46433\/revisions\/47511"}],"wp:attachment":[{"href":"https:\/\/blogsaverroes.juntadeandalucia.es\/iesmiguelservet\/wp-json\/wp\/v2\/media?parent=46433"}],"curies":[{"name":"wp","href":"https:\/\/api.w.org\/{rel}","templated":true}]}}