{"id":47178,"date":"2022-03-01T10:15:22","date_gmt":"2022-03-01T08:15:22","guid":{"rendered":"https:\/\/blogsaverroes.juntadeandalucia.es\/iesmiguelservet\/?page_id=47178"},"modified":"2025-05-29T19:03:27","modified_gmt":"2025-05-29T17:03:27","slug":"coordinacion-tde","status":"publish","type":"page","link":"https:\/\/blogsaverroes.juntadeandalucia.es\/iesmiguelservet\/coordinacion-tde\/","title":{"rendered":"Coordinaci\u00f3n #TDE"},"content":{"rendered":"<p>El instituto Miguel Servet participa desde el a\u00f1o 2007 en lo que primero se llam\u00f3 Proyecto TIC , despu\u00e9s pas\u00f3 a denominarse Escuela tic 2.0 y en la actualidad somos un centro #TDE (Transformaci\u00f3n Digital Educativa). Gracias a este plan de desarrollo digital contamos con conexi\u00f3n a internet de fibra \u00f3ptica con un 1Gb de capacidad, 21 aulas dotadas con pizarra digital, servidor de contenidos y port\u00e1tiles para uso en el centro que estamos renovando poco a poco despu\u00e9s de 10 a\u00f1os de uso de la dotaci\u00f3n TIC inicial. La incorporaci\u00f3n de las nuevas tecnolog\u00edas en el centro son ya una realidad y una parte habitual de nuestro que hacer cotidiano.<\/p>\n<p>Cualquier contacto que desee realizar relativa al plan #tde puede enviar un email a <a href=\"mailto:coordinaciontde@iesmiguelservet.com\" target=\"_blank\" rel=\"noopener\">coordinaciontde@iesmiguelservet.com<\/a><\/p>\n","protected":false},"excerpt":{"rendered":"<p>El instituto Miguel Servet participa desde el a\u00f1o 2007 en lo que primero se llam\u00f3 Proyecto TIC , despu\u00e9s pas\u00f3 a denominarse Escuela tic 2.0 y en la actualidad somos un centro #TDE (Transformaci\u00f3n&#46;&#46;&#46;<\/p>\n","protected":false},"author":3727,"featured_media":47181,"parent":0,"menu_order":0,"comment_status":"closed","ping_status":"closed","template":"","meta":{"ngg_post_thumbnail":0,"footnotes":"","_mc_calendar":[]},"aioseo_notices":[],"_links":{"self":[{"href":"https:\/\/blogsaverroes.juntadeandalucia.es\/iesmiguelservet\/wp-json\/wp\/v2\/pages\/47178"}],"collection":[{"href":"https:\/\/blogsaverroes.juntadeandalucia.es\/iesmiguelservet\/wp-json\/wp\/v2\/pages"}],"about":[{"href":"https:\/\/blogsaverroes.juntadeandalucia.es\/iesmiguelservet\/wp-json\/wp\/v2\/types\/page"}],"author":[{"embeddable":true,"href":"https:\/\/blogsaverroes.juntadeandalucia.es\/iesmiguelservet\/wp-json\/wp\/v2\/users\/3727"}],"replies":[{"embeddable":true,"href":"https:\/\/blogsaverroes.juntadeandalucia.es\/iesmiguelservet\/wp-json\/wp\/v2\/comments?post=47178"}],"version-history":[{"count":8,"href":"https:\/\/blogsaverroes.juntadeandalucia.es\/iesmiguelservet\/wp-json\/wp\/v2\/pages\/47178\/revisions"}],"predecessor-version":[{"id":51634,"href":"https:\/\/blogsaverroes.juntadeandalucia.es\/iesmiguelservet\/wp-json\/wp\/v2\/pages\/47178\/revisions\/51634"}],"wp:featuredmedia":[{"embeddable":true,"href":"https:\/\/blogsaverroes.juntadeandalucia.es\/iesmiguelservet\/wp-json\/wp\/v2\/media\/47181"}],"wp:attachment":[{"href":"https:\/\/blogsaverroes.juntadeandalucia.es\/iesmiguelservet\/wp-json\/wp\/v2\/media?parent=47178"}],"curies":[{"name":"wp","href":"https:\/\/api.w.org\/{rel}","templated":true}]}}

Coordinación #TDE

<p>El instituto Miguel Servet participa desde el año 2007 en lo que primero se llamó Proyecto TIC , después pasó a denominarse Escuela tic 2.0 y en la actualidad somos un centro #TDE (Transformación Digital Educativa). Gracias a este plan de desarrollo digital contamos con conexión a internet de fibra óptica con un 1Gb de capacidad, 21 aulas dotadas con pizarra digital, servidor de contenidos y portátiles para uso en el centro que estamos renovando poco a poco después de 10 años de uso de la dotación TIC inicial. La incorporación de las nuevas tecnologías en el centro son ya una realidad y una parte habitual de nuestro que hacer cotidiano.</p>
<p>Cualquier contacto que desee realizar relativa al plan #tde puede enviar un email a <a href="mailto:coordinaciontde@iesmiguelservet.com" target="_blank" rel="noopener">coordinaciontde@iesmiguelservet.com</a></p>

<p>El instituto Miguel Servet participa desde el año 2007 en lo que primero se llamó Proyecto TIC , después pasó a denominarse Escuela tic 2.0 y en la actualidad somos un centro #TDE (Transformación&#46;&#46;&#46;</p>
