{"id":47239,"date":"2022-03-11T12:41:58","date_gmt":"2022-03-11T10:41:58","guid":{"rendered":"https:\/\/blogsaverroes.juntadeandalucia.es\/iesmiguelservet\/?page_id=47239"},"modified":"2025-06-15T14:03:35","modified_gmt":"2025-06-15T12:03:35","slug":"2o-bachillerato-humanidades-y-ccss","status":"publish","type":"page","link":"https:\/\/blogsaverroes.juntadeandalucia.es\/iesmiguelservet\/2o-bachillerato-humanidades-y-ccss\/","title":{"rendered":"2\u00ba Bachillerato Humanidades y CCSS"},"content":{"rendered":"<h2 style=\"text-align: center\"><span style=\"color: #008000\">Estructura y distribuci\u00f3n de materias cursadas en cada nivel educativo<\/span><\/h2>\n<table style=\"border-collapse: collapse;width: 100%;height: 874px\">\n<tbody>\n<tr style=\"height: 75px\">\n<td style=\"width: 100%;background-color: #f4f72a;height: 75px;border-color: #0d3591;text-align: center\">\n<h2>2\u00ba Bachillerato MODALIDAD HUMANIDADES Y CIENCIAS SOCIALES<\/h2>\n<\/td>\n<\/tr>\n<tr style=\"height: 24px\">\n<td style=\"width: 100%;height: 24px;background-color: #0a8a63;text-align: center\"><span style=\"color: #ffffff\"><strong>MATERIAS COMUNES<\/strong><\/span><\/td>\n<\/tr>\n<tr style=\"height: 152px\">\n<td style=\"width: 100%;height: 152px;background-color: #ffffff\">\n<ul>\n<li style=\"text-align: left\"><span style=\"color: #000000\">Historia de Espa\u00f1a (4h)<\/span><\/li>\n<li style=\"text-align: left\"><span style=\"color: #000000\">Historia de la Filosof\u00eda (3h)<\/span><\/li>\n<li style=\"text-align: left\"><span style=\"color: #000000\">Lengua Castellana y Literatura (3h)<\/span><\/li>\n<li style=\"text-align: left\"><span style=\"color: #000000\">Ingl\u00e9s II (3h)<\/span><\/li>\n<\/ul>\n<\/td>\n<\/tr>\n<tr style=\"height: 24px\">\n<td style=\"width: 100%;height: 24px;background-color: #726cf0;text-align: center\"><span style=\"color: #ffffff\"><strong>MATERIAS ESPEC\u00cdFICAS DE MODALIDAD<\/strong><\/span><\/td>\n<\/tr>\n<tr style=\"height: 56px\">\n<td style=\"width: 100%;background-color: #c5c2fc;text-align: center;height: 56px\">\n<p style=\"text-align: left\"><span style=\"color: #000000\"><strong>&nbsp;Una obligatoria:<\/strong> <a href=\"https:\/\/blogsaverroes.juntadeandalucia.es\/iesmiguelservet\/files\/2025\/06\/Clasicas.mp4\" target=\"_blank\" rel=\"noopener\"><span style=\"color: #0000ff\">Lat\u00edn II<\/span><\/a> (4h) o<\/span><span style=\"color: #000000\"> Matem\u00e1ticas Aplicadas a las Ciencias Sociales II (4h)<\/span><\/p>\n<\/td>\n<\/tr>\n<tr style=\"height: 104px\">\n<td style=\"width: 100%;height: 104px;background-color: #ffffff\">\n<p style=\"text-align: left\"><strong><span style=\"color: #000000\">Elegir 2:<\/span><\/strong><\/p>\n<ul>\n<li style=\"text-align: left\"><span style=\"color: #000000\">Empresa y Dise\u00f1o de Modelo de Negocio (4h)<\/span><\/li>\n<li style=\"text-align: left\"><span style=\"color: #000000\">Geograf\u00eda (4h)<\/span><\/li>\n<li style=\"text-align: left\"><span style=\"color: #000000\"><a href=\"https:\/\/blogsaverroes.juntadeandalucia.es\/iesmiguelservet\/files\/2025\/06\/Clasicas.mp4\" target=\"_blank\" rel=\"noopener\"><span style=\"color: #0000ff\">Griego II<\/span> <\/a>(4h)<\/span><\/li>\n<li style=\"text-align: left\"><span style=\"color: #000000\">Historia del Arte (4h)<\/span><\/li>\n<li style=\"text-align: left\"><span style=\"color: #000000\"><a href=\"https:\/\/blogsaverroes.juntadeandalucia.es\/iesmiguelservet\/files\/2025\/06\/Clasicas.mp4\" target=\"_blank\" rel=\"noopener\"><span style=\"color: #0000ff\">Lat\u00edn II<\/span> <\/a>(4h) <span style=\"color: #999999\"><em>si no se eligi\u00f3 antes<\/em><\/span><\/span><\/li>\n<li style=\"text-align: left\"><span style=\"color: #000000\">Matem\u00e1ticas Aplicadas a las Ciencias Sociales II (4h)<span style=\"color: #999999\"> <em>si no se eligi\u00f3 antes<\/em><\/span><\/span><\/li>\n<\/ul>\n<\/td>\n<\/tr>\n<tr style=\"height: 24px\">\n<td style=\"width: 100%;background-color: #f2f268;text-align: center;height: 24px\"><strong>MATERIAS OPTATIVAS PROPIAS DE LA COMUNIDAD ANDALUZA<\/strong><\/td>\n<\/tr>\n<tr style=\"height: 168px\">\n<td style=\"width: 100%;background-color: #ffffff;height: 168px\">\n<p style=\"text-align: left\"><span style=\"color: #000000\"><strong>E<span style=\"color: #333333\">legir dos de 2 horas o una de 4 horas:<\/span><\/strong><\/span><\/p>\n<ul style=\"text-align: left\">\n<li><span style=\"color: #333333\">Materia de cualquier modalidad de segundo curso no cursada que se oferte en el centro (4h.)<\/span><\/li>\n<\/ul>\n<p style=\"text-align: left\">&nbsp;<\/p>\n<ul>\n<li style=\"text-align: left\"><span style=\"color: #333333\">Actividad F\u00edsica, Salud y Sociedad (2h)<\/span><\/li>\n<li style=\"text-align: left\"><span style=\"color: #333333\">Ciencias de la Tierra y del Medio Ambiente (2h)<\/span><\/li>\n<li style=\"text-align: left\"><span style=\"color: #333333\">Educaci\u00f3n para la Convivencia Democr\u00e1tica II (2h)<\/span><\/li>\n<li style=\"text-align: left\"><span style=\"color: #333333\">Electrotecnia (2h)<\/span><\/li>\n<li style=\"text-align: left\"><span style=\"color: #333333\">Fundamentos de Administraci\u00f3n y Gesti\u00f3n (2h)<\/span><\/li>\n<li style=\"text-align: left\"><span style=\"color: #333333\">Mitolog\u00eda Cl\u00e1sica (2h)<\/span><\/li>\n<li style=\"text-align: left\"><span style=\"color: #333333\">Programaci\u00f3n y Computaci\u00f3n (2h)<\/span><\/li>\n<li style=\"text-align: left\"><a href=\"https:\/\/blogsaverroes.juntadeandalucia.es\/iesmiguelservet\/files\/2025\/06\/PSICOLOGIA-2o-Bachillerato25.pdf\" target=\"_blank\" rel=\"noopener\"><span style=\"color: #0000ff\">Psicolog\u00eda (2h)<\/span><\/a><\/li>\n<li style=\"text-align: left\"><a href=\"https:\/\/youtu.be\/fgcZg4qG_hY\" target=\"_blank\" rel=\"noopener\"><span style=\"color: #0000ff\">Segunda Lengua Extranjera: Franc\u00e9s (2h)<\/span><\/a><\/li>\n<li style=\"text-align: left\"><span style=\"color: #000000\">Tecnolog\u00eda de la Informaci\u00f3n y la Comunicaci\u00f3n (2h)<\/span><\/li>\n<li style=\"text-align: left\"><span style=\"color: #000000\">MDP Biolog\u00eda Aplicada (2h)<\/span><\/li>\n<li style=\"text-align: left\"><span style=\"color: #000000\">MDP Ampliaci\u00f3n de Lengua (2h)<\/span><\/li>\n<li style=\"text-align: left\"><span style=\"color: #0000ff\"><a style=\"color: #0000ff\" href=\"https:\/\/youtu.be\/Q_g-hSskwVs\" target=\"_blank\" rel=\"noopener\">MDP Sones del Mundo (2h)<\/a><\/span><\/li>\n<\/ul>\n<\/td>\n<\/tr>\n<tr style=\"height: 26px\">\n<td style=\"width: 100%;height: 26px;background-color: #fcdcdc\"><span style=\"color: #000000\"><strong>Elegir una <\/strong>(1h.)<strong>:<\/strong> Rel. Cat\u00f3lica \/ Rel. Evang\u00e9lica<sup>&nbsp; &nbsp;<\/sup>\/ Rel. Isl\u00e1mica <sup>&nbsp;<\/sup>\/&nbsp; Rel. Jud\u00eda<sup>&nbsp; <\/sup>\/ Proyecto Transversal de Educaci\u00f3n en Valores<\/span><\/td>\n<\/tr>\n<\/tbody>\n<\/table>\n","protected":false},"excerpt":{"rendered":"<p>Estructura y distribuci\u00f3n de materias cursadas en cada nivel educativo 2\u00ba Bachillerato MODALIDAD HUMANIDADES Y CIENCIAS SOCIALES MATERIAS COMUNES Historia de Espa\u00f1a (4h) Historia de la Filosof\u00eda (3h) Lengua Castellana y Literatura (3h) Ingl\u00e9s&#46;&#46;&#46;<\/p>\n","protected":false},"author":3727,"featured_media":0,"parent":0,"menu_order":0,"comment_status":"closed","ping_status":"closed","template":"","meta":{"ngg_post_thumbnail":0,"footnotes":"","_mc_calendar":[]},"aioseo_notices":[],"_links":{"self":[{"href":"https:\/\/blogsaverroes.juntadeandalucia.es\/iesmiguelservet\/wp-json\/wp\/v2\/pages\/47239"}],"collection":[{"href":"https:\/\/blogsaverroes.juntadeandalucia.es\/iesmiguelservet\/wp-json\/wp\/v2\/pages"}],"about":[{"href":"https:\/\/blogsaverroes.juntadeandalucia.es\/iesmiguelservet\/wp-json\/wp\/v2\/types\/page"}],"author":[{"embeddable":true,"href":"https:\/\/blogsaverroes.juntadeandalucia.es\/iesmiguelservet\/wp-json\/wp\/v2\/users\/3727"}],"replies":[{"embeddable":true,"href":"https:\/\/blogsaverroes.juntadeandalucia.es\/iesmiguelservet\/wp-json\/wp\/v2\/comments?post=47239"}],"version-history":[{"count":25,"href":"https:\/\/blogsaverroes.juntadeandalucia.es\/iesmiguelservet\/wp-json\/wp\/v2\/pages\/47239\/revisions"}],"predecessor-version":[{"id":51723,"href":"https:\/\/blogsaverroes.juntadeandalucia.es\/iesmiguelservet\/wp-json\/wp\/v2\/pages\/47239\/revisions\/51723"}],"wp:attachment":[{"href":"https:\/\/blogsaverroes.juntadeandalucia.es\/iesmiguelservet\/wp-json\/wp\/v2\/media?parent=47239"}],"curies":[{"name":"wp","href":"https:\/\/api.w.org\/{rel}","templated":true}]}}