{"id":49,"date":"2022-02-14T10:00:05","date_gmt":"2022-02-14T08:00:05","guid":{"rendered":"http:\/\/blogsaverroes.juntadeandalucia.es\/pre\/ceip\/?page_id=49"},"modified":"2026-01-11T20:23:22","modified_gmt":"2026-01-11T18:23:22","slug":"proyecto-educativo","status":"publish","type":"page","link":"https:\/\/blogsaverroes.juntadeandalucia.es\/iesmiguelservet\/proyecto-educativo\/","title":{"rendered":"Plan de Centro"},"content":{"rendered":"<p style=\"text-align: justify\">Un centro se define en gran medida por su <em><span style=\"color: #0000ff\"><strong>Plan de Centro<\/strong><\/span><\/em>. En \u00e9l se plasman el modelo educativo y la concreci\u00f3n de la normativa vigente que un centro realiza respecto a las ense\u00f1anzas que imparte, desarrollando aspectos tales como las finalidades educativas, los objetivos, la atenci\u00f3n a la diversidad, las normas de convivencia, etc.<\/p>\n<p style=\"text-align: justify\">El Plan de Centro est\u00e1 formado por tres documentos b\u00e1sicos y fundamentales para la planificaci\u00f3n, desarrollo, organizaci\u00f3n y gesti\u00f3n de la actividad educativa del centro: el <strong><span style=\"color: #339966\"><em>Proyecto Educativo<\/em><\/span><\/strong> (que incluye el <em>Plan de Convivencia<\/em>), el <strong><em><span style=\"color: #339966\">Reglamento de Organizaci\u00f3n y Funcionamiento<\/span> <\/em><\/strong>(R.O.F.) y el <strong><em><span style=\"color: #339966\">Proyecto de Gesti\u00f3n<\/span><\/em><\/strong>.<\/p>\n<p><a href=\"https:\/\/blogsaverroes.juntadeandalucia.es\/iesmiguelservet\/files\/2024\/07\/Diapositiva-Plan-de-Centro.jpg\"><img loading=\"lazy\" decoding=\"async\" class=\"wp-image-50617 aligncenter\" src=\"https:\/\/blogsaverroes.juntadeandalucia.es\/iesmiguelservet\/files\/2024\/07\/Diapositiva-Plan-de-Centro-300x160.jpg\" alt=\"\" width=\"405\" height=\"216\" srcset=\"https:\/\/blogsaverroes.juntadeandalucia.es\/iesmiguelservet\/files\/2024\/07\/Diapositiva-Plan-de-Centro-300x160.jpg 300w, https:\/\/blogsaverroes.juntadeandalucia.es\/iesmiguelservet\/files\/2024\/07\/Diapositiva-Plan-de-Centro-768x410.jpg 768w, https:\/\/blogsaverroes.juntadeandalucia.es\/iesmiguelservet\/files\/2024\/07\/Diapositiva-Plan-de-Centro.jpg 781w\" sizes=\"(max-width: 405px) 100vw, 405px\" \/><\/a>Cada uno de estos documentos b\u00e1sicos cuenta con su propia p\u00e1gina en la web del centro a las que se accede a trav\u00e9s del men\u00fa desplegable <span style=\"color: #0000ff\"><em><strong>El Centro<\/strong><\/em><\/span>.<\/p>\n<p><span style=\"color: #008000\">DOCUMENTOS ACTUALIZADOS (CURSO 24-25):<\/span><\/p>\n<ul>\n<li><a href=\"https:\/\/blogsaverroes.juntadeandalucia.es\/iesmiguelservet\/proyecto-educativo-2\/\" target=\"_blank\" rel=\"noopener\"><span style=\"color: #ff00ff\">Proyecto Educativo del I.E.S. <em>Miguel Servet<\/em><\/span><\/a>\n<ul>\n<li><a href=\"https:\/\/blogsaverroes.juntadeandalucia.es\/iesmiguelservet\/plan-de-convivencia-del-i-e-s-miguel-servet\/\" target=\"_blank\" rel=\"noopener\">Plan de Convivencia<\/a><\/li>\n<\/ul>\n<\/li>\n<li><a href=\"https:\/\/drive.google.com\/file\/d\/1zbx3JbT49AsVljsGFqeByvbPavydwSK2\/view?usp=drive_link\">R.O.F. del I.E.S. <em>Miguel Servet<\/em><\/a>\n<ul>\n<li><a href=\"https:\/\/blogsaverroes.juntadeandalucia.es\/iesmiguelservet\/files\/2024\/06\/ACTIVIDADES-EXTRAESCOLARES.pdf\">Actividades Complementarias y Extraescolares<\/a><\/li>\n<li><a href=\"https:\/\/blogsaverroes.juntadeandalucia.es\/iesmiguelservet\/files\/2023\/01\/Protocolo-para-el-Bienestar-y-la-Salud-2022-23.pdf\" target=\"_blank\" rel=\"noopener noreferrer\">Protocolo para el Bienestar y la Salud<\/a>&nbsp;<\/li>\n<\/ul>\n<\/li>\n<li><span style=\"color: #339966\"><a style=\"color: #339966\" href=\"https:\/\/blogsaverroes.juntadeandalucia.es\/iesmiguelservet\/files\/2023\/01\/Proyecto-de-Gesti\u00f3n-NOVIEMBRE-2020.pdf\" target=\"_blank\" rel=\"noopener noreferrer\">Proyecto de Gesti\u00f3n del I.E.S. <em>Miguel Servet<\/em><\/a><\/span><\/li>\n<\/ul>\n","protected":false},"excerpt":{"rendered":"<p>Un centro se define en gran medida por su Plan de Centro. En \u00e9l se plasman el modelo educativo y la concreci\u00f3n de la normativa vigente que un centro realiza respecto a las ense\u00f1anzas&#46;&#46;&#46;<\/p>\n","protected":false},"author":1,"featured_media":51431,"parent":0,"menu_order":0,"comment_status":"open","ping_status":"open","template":"page-templates\/child-menu.php","meta":{"ngg_post_thumbnail":0,"footnotes":"","_mc_calendar":[]},"aioseo_notices":[],"_links":{"self":[{"href":"https:\/\/blogsaverroes.juntadeandalucia.es\/iesmiguelservet\/wp-json\/wp\/v2\/pages\/49"}],"collection":[{"href":"https:\/\/blogsaverroes.juntadeandalucia.es\/iesmiguelservet\/wp-json\/wp\/v2\/pages"}],"about":[{"href":"https:\/\/blogsaverroes.juntadeandalucia.es\/iesmiguelservet\/wp-json\/wp\/v2\/types\/page"}],"author":[{"embeddable":true,"href":"https:\/\/blogsaverroes.juntadeandalucia.es\/iesmiguelservet\/wp-json\/wp\/v2\/users\/1"}],"replies":[{"embeddable":true,"href":"https:\/\/blogsaverroes.juntadeandalucia.es\/iesmiguelservet\/wp-json\/wp\/v2\/comments?post=49"}],"version-history":[{"count":44,"href":"https:\/\/blogsaverroes.juntadeandalucia.es\/iesmiguelservet\/wp-json\/wp\/v2\/pages\/49\/revisions"}],"predecessor-version":[{"id":52051,"href":"https:\/\/blogsaverroes.juntadeandalucia.es\/iesmiguelservet\/wp-json\/wp\/v2\/pages\/49\/revisions\/52051"}],"wp:featuredmedia":[{"embeddable":true,"href":"https:\/\/blogsaverroes.juntadeandalucia.es\/iesmiguelservet\/wp-json\/wp\/v2\/media\/51431"}],"wp:attachment":[{"href":"https:\/\/blogsaverroes.juntadeandalucia.es\/iesmiguelservet\/wp-json\/wp\/v2\/media?parent=49"}],"curies":[{"name":"wp","href":"https:\/\/api.w.org\/{rel}","templated":true}]}}