{"id":35,"date":"2015-03-13T08:21:43","date_gmt":"2015-03-13T08:21:43","guid":{"rendered":"http:\/\/blogsaverroes.juntadeandalucia.es\/pre\/ceip\/?page_id=35"},"modified":"2017-05-04T12:16:38","modified_gmt":"2017-05-04T10:16:38","slug":"el-centro-2","status":"publish","type":"page","link":"https:\/\/blogsaverroes.juntadeandalucia.es\/iesmiradordelgenil\/el-centro-2\/","title":{"rendered":"Datos del centro"},"content":{"rendered":"<p>En el centro de Andaluc\u00eda, al sur de la provincia de C\u00f3rdoba, se encuentra Izn\u00e1jar, un pueblo con ra\u00edces \u00e1rabes presidido por su castillo y flanqueado por el pantano del mismo nombre.<\/p>\n<p>Al Este de la poblaci\u00f3n, se encuentra el I.E.S. \u00abMirador del Genil\u00bb, con 192 alumnos y 21 profesores (curso 2016-2017), con las caracter\u00edsticas de ser un centro TIC, DIG y Escuela TIC 2.0,&nbsp; y Biling\u00fce.<\/p>\n[googlemaps https:\/\/www.google.com\/maps\/embed?pb=!1m14!1m8!1m3!1d12702.736618955536!2d-4.2956097!3d37.2552006!3m2!1i1024!2i768!4f13.1!3m3!1m2!1s0x0%3A0xa37adef40eb531b4!2sInstituto+de+Educaci%C3%B3n+Secundaria+Ies+Mirador+del+Genil!5e0!3m2!1ses!2ses!4v1493294061379&amp;w=100%&amp;h=300]\n<h4>&nbsp;<\/h4>\n<h4><strong>Datos de contacto<\/strong><\/h4>\n<ul>\n<li><b>C\u00f3digo:<\/b>&nbsp;14700584<\/li>\n<li><b>Centro:<\/b>&nbsp;I.E.S.&nbsp;Mirador del Genil<\/li>\n<li><b>Domicilio:<\/b>&nbsp;C\/ Puente de Hierro, 1<\/li>\n<li><b>Localidad:<\/b>&nbsp;Izn\u00e1jar<\/li>\n<li><b>Provincia:<\/b>&nbsp;C\u00f3rdoba<\/li>\n<li><b>C\u00f3digo postal:<\/b>&nbsp;14970<\/li>\n<li><b>Tel\u00e9fono:<\/b>&nbsp;957596849<\/li>\n<li><b>Tel\u00e9fono corp:<\/b>&nbsp;584849<\/li>\n<li><b>Fax:<\/b>&nbsp;957596848<\/li>\n<li><b>email:<\/b>&nbsp; 14700584.edu@juntadeandalucia.es<\/li>\n<\/ul>\n<h4><strong>Horarios<\/strong><\/h4>\n<p>De 8.30 a 15 horas.<\/p>\n<h4><strong>Oferta educativa<\/strong><\/h4>\n<h4>Centro biling\u00fce Espa\u00f1ol &#8211; Ingl\u00e9s<\/h4>\n<ul>\n<li>Primer y Segundo cursos de Educaci\u00f3n Secundaria Obligatoria<\/li>\n<li>Tercer y Cuarto cursos de Educaci\u00f3n Secundaria Obligatoria<\/li>\n<\/ul>\n<p>&nbsp;<\/p>\n<h4>Instalaciones<\/h4>\n<p><!-- index.php -->\n<div\n\tclass=\"ngg-galleryoverview\n\t ngg-ajax-pagination-none\t\"\n\tid=\"ngg-gallery-99684dc598f6c067b864159049bb677a-1\">\n\n\t\t<div class=\"slideshowlink\">\n\t\t<a href='https:\/\/blogsaverroes.juntadeandalucia.es\/iesmiradordelgenil\/el-centro-2\/nggallery\/slideshow'>[Mostrar presentaci\u00f3n de diapositivas]<\/a>\n\n\t<\/div>\n\t\t\t<!-- Thumbnails -->\n\t\t\t\t<div id=\"ngg-image-0\" class=\"ngg-gallery-thumbnail-box\"\n\t\t\t\t\t\t\t\t\t\t\t>\n\t\t\t\t\t\t<div class=\"ngg-gallery-thumbnail\">\n\t\t\t<a href=\"https:\/\/blogsaverroes.juntadeandalucia.es\/iesmiradordelgenil\/wp-content\/uploads\/sites\/797\/nggallery\/instalaciones\/instalacion01-1.jpg\"\n\t\t\t\ttitle=\"\"\n\t\t\t\tdata-src=\"https:\/\/blogsaverroes.juntadeandalucia.es\/iesmiradordelgenil\/wp-content\/uploads\/sites\/797\/nggallery\/instalaciones\/instalacion01-1.jpg\"\n\t\t\t\tdata-thumbnail=\"https:\/\/blogsaverroes.juntadeandalucia.es\/iesmiradordelgenil\/wp-content\/uploads\/sites\/797\/nggallery\/instalaciones\/thumbs\/thumbs_instalacion01-1.jpg\"\n\t\t\t\tdata-image-id=\"17\"\n\t\t\t\tdata-title=\"instalacion01\"\n\t\t\t\tdata-description=\"\"\n\t\t\t\tdata-image-slug=\"instalacion01\"\n\t\t\t\tclass=\"ngg-fancybox\" rel=\"99684dc598f6c067b864159049bb677a\">\n\t\t\t\t<img\n\t\t\t\t\ttitle=\"instalacion01\"\n\t\t\t\t\talt=\"instalacion01\"\n\t\t\t\t\tsrc=\"https:\/\/blogsaverroes.juntadeandalucia.es\/iesmiradordelgenil\/wp-content\/uploads\/sites\/797\/nggallery\/instalaciones\/thumbs\/thumbs_instalacion01-1.jpg\"\n\t\t\t\t\twidth=\"120\"\n\t\t\t\t\theight=\"90\"\n\t\t\t\t\tstyle=\"max-width:100%;\"\n\t\t\t\t\/>\n\t\t\t<\/a>\n\t\t<\/div>\n\t\t\t\t\t\t\t<\/div>\n\t\t\t\n\t\t\n\t\t\t\t<div id=\"ngg-image-1\" class=\"ngg-gallery-thumbnail-box\"\n\t\t\t\t\t\t\t\t\t\t\t>\n\t\t\t\t\t\t<div class=\"ngg-gallery-thumbnail\">\n\t\t\t<a href=\"https:\/\/blogsaverroes.juntadeandalucia.es\/iesmiradordelgenil\/wp-content\/uploads\/sites\/797\/nggallery\/instalaciones\/instalacion02-1.jpg\"\n\t\t\t\ttitle=\"\"\n\t\t\t\tdata-src=\"https:\/\/blogsaverroes.juntadeandalucia.es\/iesmiradordelgenil\/wp-content\/uploads\/sites\/797\/nggallery\/instalaciones\/instalacion02-1.jpg\"\n\t\t\t\tdata-thumbnail=\"https:\/\/blogsaverroes.juntadeandalucia.es\/iesmiradordelgenil\/wp-content\/uploads\/sites\/797\/nggallery\/instalaciones\/thumbs\/thumbs_instalacion02-1.jpg\"\n\t\t\t\tdata-image-id=\"18\"\n\t\t\t\tdata-title=\"instalacion02\"\n\t\t\t\tdata-description=\"\"\n\t\t\t\tdata-image-slug=\"instalacion02\"\n\t\t\t\tclass=\"ngg-fancybox\" rel=\"99684dc598f6c067b864159049bb677a\">\n\t\t\t\t<img\n\t\t\t\t\ttitle=\"instalacion02\"\n\t\t\t\t\talt=\"instalacion02\"\n\t\t\t\t\tsrc=\"https:\/\/blogsaverroes.juntadeandalucia.es\/iesmiradordelgenil\/wp-content\/uploads\/sites\/797\/nggallery\/instalaciones\/thumbs\/thumbs_instalacion02-1.jpg\"\n\t\t\t\t\twidth=\"120\"\n\t\t\t\t\theight=\"90\"\n\t\t\t\t\tstyle=\"max-width:100%;\"\n\t\t\t\t\/>\n\t\t\t<\/a>\n\t\t<\/div>\n\t\t\t\t\t\t\t<\/div>\n\t\t\t\n\t\t\n\t\t\t\t<div id=\"ngg-image-2\" class=\"ngg-gallery-thumbnail-box\"\n\t\t\t\t\t\t\t\t\t\t\t>\n\t\t\t\t\t\t<div class=\"ngg-gallery-thumbnail\">\n\t\t\t<a href=\"https:\/\/blogsaverroes.juntadeandalucia.es\/iesmiradordelgenil\/wp-content\/uploads\/sites\/797\/nggallery\/instalaciones\/instalacion03-1.jpg\"\n\t\t\t\ttitle=\"\"\n\t\t\t\tdata-src=\"https:\/\/blogsaverroes.juntadeandalucia.es\/iesmiradordelgenil\/wp-content\/uploads\/sites\/797\/nggallery\/instalaciones\/instalacion03-1.jpg\"\n\t\t\t\tdata-thumbnail=\"https:\/\/blogsaverroes.juntadeandalucia.es\/iesmiradordelgenil\/wp-content\/uploads\/sites\/797\/nggallery\/instalaciones\/thumbs\/thumbs_instalacion03-1.jpg\"\n\t\t\t\tdata-image-id=\"19\"\n\t\t\t\tdata-title=\"instalacion03\"\n\t\t\t\tdata-description=\"\"\n\t\t\t\tdata-image-slug=\"instalacion03\"\n\t\t\t\tclass=\"ngg-fancybox\" rel=\"99684dc598f6c067b864159049bb677a\">\n\t\t\t\t<img\n\t\t\t\t\ttitle=\"instalacion03\"\n\t\t\t\t\talt=\"instalacion03\"\n\t\t\t\t\tsrc=\"https:\/\/blogsaverroes.juntadeandalucia.es\/iesmiradordelgenil\/wp-content\/uploads\/sites\/797\/nggallery\/instalaciones\/thumbs\/thumbs_instalacion03-1.jpg\"\n\t\t\t\t\twidth=\"120\"\n\t\t\t\t\theight=\"90\"\n\t\t\t\t\tstyle=\"max-width:100%;\"\n\t\t\t\t\/>\n\t\t\t<\/a>\n\t\t<\/div>\n\t\t\t\t\t\t\t<\/div>\n\t\t\t\n\t\t\n\t\t\t\t<div id=\"ngg-image-3\" class=\"ngg-gallery-thumbnail-box\"\n\t\t\t\t\t\t\t\t\t\t\t>\n\t\t\t\t\t\t<div class=\"ngg-gallery-thumbnail\">\n\t\t\t<a href=\"https:\/\/blogsaverroes.juntadeandalucia.es\/iesmiradordelgenil\/wp-content\/uploads\/sites\/797\/nggallery\/instalaciones\/instalacion04-1.jpg\"\n\t\t\t\ttitle=\"\"\n\t\t\t\tdata-src=\"https:\/\/blogsaverroes.juntadeandalucia.es\/iesmiradordelgenil\/wp-content\/uploads\/sites\/797\/nggallery\/instalaciones\/instalacion04-1.jpg\"\n\t\t\t\tdata-thumbnail=\"https:\/\/blogsaverroes.juntadeandalucia.es\/iesmiradordelgenil\/wp-content\/uploads\/sites\/797\/nggallery\/instalaciones\/thumbs\/thumbs_instalacion04-1.jpg\"\n\t\t\t\tdata-image-id=\"20\"\n\t\t\t\tdata-title=\"instalacion04\"\n\t\t\t\tdata-description=\"\"\n\t\t\t\tdata-image-slug=\"instalacion04\"\n\t\t\t\tclass=\"ngg-fancybox\" rel=\"99684dc598f6c067b864159049bb677a\">\n\t\t\t\t<img\n\t\t\t\t\ttitle=\"instalacion04\"\n\t\t\t\t\talt=\"instalacion04\"\n\t\t\t\t\tsrc=\"https:\/\/blogsaverroes.juntadeandalucia.es\/iesmiradordelgenil\/wp-content\/uploads\/sites\/797\/nggallery\/instalaciones\/thumbs\/thumbs_instalacion04-1.jpg\"\n\t\t\t\t\twidth=\"120\"\n\t\t\t\t\theight=\"90\"\n\t\t\t\t\tstyle=\"max-width:100%;\"\n\t\t\t\t\/>\n\t\t\t<\/a>\n\t\t<\/div>\n\t\t\t\t\t\t\t<\/div>\n\t\t\t\n\t\t\n\t\t\n\t\t<!-- Pagination -->\n\t\t<div class='ngg-clear'><\/div>\t<\/div>\n<\/p>\n<p>&nbsp;<\/p>\n","protected":false},"excerpt":{"rendered":"<p>En el centro de Andaluc\u00eda, al sur de la provincia de C\u00f3rdoba, se encuentra Izn\u00e1jar, un pueblo con ra\u00edces \u00e1rabes presidido por su castillo y flanqueado por el pantano del mismo nombre. Al Este&#46;&#46;&#46;<\/p>\n","protected":false},"author":1,"featured_media":2516,"parent":0,"menu_order":0,"comment_status":"closed","ping_status":"open","template":"page-cs.php","meta":{"ngg_post_thumbnail":0,"footnotes":"","_mc_calendar":[]},"aioseo_notices":[],"_links":{"self":[{"href":"https:\/\/blogsaverroes.juntadeandalucia.es\/iesmiradordelgenil\/wp-json\/wp\/v2\/pages\/35"}],"collection":[{"href":"https:\/\/blogsaverroes.juntadeandalucia.es\/iesmiradordelgenil\/wp-json\/wp\/v2\/pages"}],"about":[{"href":"https:\/\/blogsaverroes.juntadeandalucia.es\/iesmiradordelgenil\/wp-json\/wp\/v2\/types\/page"}],"author":[{"embeddable":true,"href":"https:\/\/blogsaverroes.juntadeandalucia.es\/iesmiradordelgenil\/wp-json\/wp\/v2\/users\/1"}],"replies":[{"embeddable":true,"href":"https:\/\/blogsaverroes.juntadeandalucia.es\/iesmiradordelgenil\/wp-json\/wp\/v2\/comments?post=35"}],"version-history":[{"count":27,"href":"https:\/\/blogsaverroes.juntadeandalucia.es\/iesmiradordelgenil\/wp-json\/wp\/v2\/pages\/35\/revisions"}],"predecessor-version":[{"id":2595,"href":"https:\/\/blogsaverroes.juntadeandalucia.es\/iesmiradordelgenil\/wp-json\/wp\/v2\/pages\/35\/revisions\/2595"}],"wp:featuredmedia":[{"embeddable":true,"href":"https:\/\/blogsaverroes.juntadeandalucia.es\/iesmiradordelgenil\/wp-json\/wp\/v2\/media\/2516"}],"wp:attachment":[{"href":"https:\/\/blogsaverroes.juntadeandalucia.es\/iesmiradordelgenil\/wp-json\/wp\/v2\/media?parent=35"}],"curies":[{"name":"wp","href":"https:\/\/api.w.org\/{rel}","templated":true}]}}

<p>En el centro de Andalucía, al sur de la provincia de Córdoba, se encuentra Iznájar, un pueblo con raíces árabes presidido por su castillo y flanqueado por el pantano del mismo nombre.</p>
<p>Al Este de la población, se encuentra el I.E.S. «Mirador del Genil», con 192 alumnos y 21 profesores (curso 2016-2017), con las características de ser un centro TIC, DIG y Escuela TIC 2.0,&nbsp; y Bilingüe.</p>
[googlemaps https://www.google.com/maps/embed?pb=!1m14!1m8!1m3!1d12702.736618955536!2d-4.2956097!3d37.2552006!3m2!1i1024!2i768!4f13.1!3m3!1m2!1s0x0%3A0xa37adef40eb531b4!2sInstituto+de+Educaci%C3%B3n+Secundaria+Ies+Mirador+del+Genil!5e0!3m2!1ses!2ses!4v1493294061379&amp;w=100%&amp;h=300]
<h4>&nbsp;</h4>
<h4><strong>Datos de contacto</strong></h4>
<ul>
<li><b>Código:</b>&nbsp;14700584</li>
<li><b>Centro:</b>&nbsp;I.E.S.&nbsp;Mirador del Genil</li>
<li><b>Domicilio:</b>&nbsp;C/ Puente de Hierro, 1</li>
<li><b>Localidad:</b>&nbsp;Iznájar</li>
<li><b>Provincia:</b>&nbsp;Córdoba</li>
<li><b>Código postal:</b>&nbsp;14970</li>
<li><b>Teléfono:</b>&nbsp;957596849</li>
<li><b>Teléfono corp:</b>&nbsp;584849</li>
<li><b>Fax:</b>&nbsp;957596848</li>
<li><b>email:</b>&nbsp; 14700584.edu@juntadeandalucia.es</li>
</ul>
<h4><strong>Horarios</strong></h4>
<p>De 8.30 a 15 horas.</p>
<h4><strong>Oferta educativa</strong></h4>
<h4>Centro bilingüe Español &#8211; Inglés</h4>
<ul>
<li>Primer y Segundo cursos de Educación Secundaria Obligatoria</li>
<li>Tercer y Cuarto cursos de Educación Secundaria Obligatoria</li>
</ul>
<p>&nbsp;</p>
<h4>Instalaciones</h4>
<p><!-- index.php -->
<div
	class="ngg-galleryoverview
	 ngg-ajax-pagination-none	"
	id="ngg-gallery-99684dc598f6c067b864159049bb677a-1">

		<div class="slideshowlink">
		<a href='https://blogsaverroes.juntadeandalucia.es/iesmiradordelgenil/el-centro-2/nggallery/slideshow'>[Mostrar presentación de diapositivas]</a>

	</div>
			<!-- Thumbnails -->
				<div id="ngg-image-0" class="ngg-gallery-thumbnail-box"
											>
						<div class="ngg-gallery-thumbnail">
			<a href="https://blogsaverroes.juntadeandalucia.es/iesmiradordelgenil/wp-content/uploads/sites/797/nggallery/instalaciones/instalacion01-1.jpg"
				title=""
				data-src="https://blogsaverroes.juntadeandalucia.es/iesmiradordelgenil/wp-content/uploads/sites/797/nggallery/instalaciones/instalacion01-1.jpg"
				data-thumbnail="https://blogsaverroes.juntadeandalucia.es/iesmiradordelgenil/wp-content/uploads/sites/797/nggallery/instalaciones/thumbs/thumbs_instalacion01-1.jpg"
				data-image-id="17"
				data-title="instalacion01"
				data-description=""
				data-image-slug="instalacion01"
				class="ngg-fancybox" rel="99684dc598f6c067b864159049bb677a">
				<img
					title="instalacion01"
					alt="instalacion01"
					src="https://blogsaverroes.juntadeandalucia.es/iesmiradordelgenil/wp-content/uploads/sites/797/nggallery/instalaciones/thumbs/thumbs_instalacion01-1.jpg"
					width="120"
					height="90"
					style="max-width:100%;"
				/>
			</a>
		</div>
							</div>
			
		
				<div id="ngg-image-1" class="ngg-gallery-thumbnail-box"
											>
						<div class="ngg-gallery-thumbnail">
			<a href="https://blogsaverroes.juntadeandalucia.es/iesmiradordelgenil/wp-content/uploads/sites/797/nggallery/instalaciones/instalacion02-1.jpg"
				title=""
				data-src="https://blogsaverroes.juntadeandalucia.es/iesmiradordelgenil/wp-content/uploads/sites/797/nggallery/instalaciones/instalacion02-1.jpg"
				data-thumbnail="https://blogsaverroes.juntadeandalucia.es/iesmiradordelgenil/wp-content/uploads/sites/797/nggallery/instalaciones/thumbs/thumbs_instalacion02-1.jpg"
				data-image-id="18"
				data-title="instalacion02"
				data-description=""
				data-image-slug="instalacion02"
				class="ngg-fancybox" rel="99684dc598f6c067b864159049bb677a">
				<img
					title="instalacion02"
					alt="instalacion02"
					src="https://blogsaverroes.juntadeandalucia.es/iesmiradordelgenil/wp-content/uploads/sites/797/nggallery/instalaciones/thumbs/thumbs_instalacion02-1.jpg"
					width="120"
					height="90"
					style="max-width:100%;"
				/>
			</a>
		</div>
							</div>
			
		
				<div id="ngg-image-2" class="ngg-gallery-thumbnail-box"
											>
						<div class="ngg-gallery-thumbnail">
			<a href="https://blogsaverroes.juntadeandalucia.es/iesmiradordelgenil/wp-content/uploads/sites/797/nggallery/instalaciones/instalacion03-1.jpg"
				title=""
				data-src="https://blogsaverroes.juntadeandalucia.es/iesmiradordelgenil/wp-content/uploads/sites/797/nggallery/instalaciones/instalacion03-1.jpg"
				data-thumbnail="https://blogsaverroes.juntadeandalucia.es/iesmiradordelgenil/wp-content/uploads/sites/797/nggallery/instalaciones/thumbs/thumbs_instalacion03-1.jpg"
				data-image-id="19"
				data-title="instalacion03"
				data-description=""
				data-image-slug="instalacion03"
				class="ngg-fancybox" rel="99684dc598f6c067b864159049bb677a">
				<img
					title="instalacion03"
					alt="instalacion03"
					src="https://blogsaverroes.juntadeandalucia.es/iesmiradordelgenil/wp-content/uploads/sites/797/nggallery/instalaciones/thumbs/thumbs_instalacion03-1.jpg"
					width="120"
					height="90"
					style="max-width:100%;"
				/>
			</a>
		</div>
							</div>
			
		
				<div id="ngg-image-3" class="ngg-gallery-thumbnail-box"
											>
						<div class="ngg-gallery-thumbnail">
			<a href="https://blogsaverroes.juntadeandalucia.es/iesmiradordelgenil/wp-content/uploads/sites/797/nggallery/instalaciones/instalacion04-1.jpg"
				title=""
				data-src="https://blogsaverroes.juntadeandalucia.es/iesmiradordelgenil/wp-content/uploads/sites/797/nggallery/instalaciones/instalacion04-1.jpg"
				data-thumbnail="https://blogsaverroes.juntadeandalucia.es/iesmiradordelgenil/wp-content/uploads/sites/797/nggallery/instalaciones/thumbs/thumbs_instalacion04-1.jpg"
				data-image-id="20"
				data-title="instalacion04"
				data-description=""
				data-image-slug="instalacion04"
				class="ngg-fancybox" rel="99684dc598f6c067b864159049bb677a">
				<img
					title="instalacion04"
					alt="instalacion04"
					src="https://blogsaverroes.juntadeandalucia.es/iesmiradordelgenil/wp-content/uploads/sites/797/nggallery/instalaciones/thumbs/thumbs_instalacion04-1.jpg"
					width="120"
					height="90"
					style="max-width:100%;"
				/>
			</a>
		</div>
							</div>
			
		
		
		<!-- Pagination -->
		<div class='ngg-clear'></div>	</div>
</p>
<p>&nbsp;</p>

<p>En el centro de Andalucía, al sur de la provincia de Córdoba, se encuentra Iznájar, un pueblo con raíces árabes presidido por su castillo y flanqueado por el pantano del mismo nombre. Al Este&#46;&#46;&#46;</p>
