{"id":44,"date":"2015-03-13T08:42:15","date_gmt":"2015-03-13T08:42:15","guid":{"rendered":"http:\/\/blogsaverroes.juntadeandalucia.es\/pre\/ceip\/?page_id=44"},"modified":"2023-03-07T11:47:01","modified_gmt":"2023-03-07T10:47:01","slug":"planes-y-proyectos","status":"publish","type":"page","link":"https:\/\/blogsaverroes.juntadeandalucia.es\/iesmiradordelgenil\/planes-y-proyectos\/","title":{"rendered":"Planes y Programas"},"content":{"rendered":"<h3>Planes y Proyectos Educativos&nbsp;<\/h3>\n<ul>\n<li><a href=\"https:\/\/blogsaverroes.juntadeandalucia.es\/iesmiradordelgenil\/comunica\/\">Comunica<\/a><\/li>\n<li>Plan de igualdad entre hombres y mujeres en la educaci\u00f3n<\/li>\n<li>Plan de Salud Laboral y P.R.L.<\/li>\n<li><a href=\"https:\/\/blogsaverroes.juntadeandalucia.es\/iesmiradordelgenil\/bilinguismo\/\">Programa de centro biling\u00fce &#8211; Ingl\u00e9s<\/a><\/li>\n<li>STEAM<\/li>\n<li>Transformaci\u00f3n Digital Educativa<\/li>\n<li><a href=\"https:\/\/blogsaverroes.juntadeandalucia.es\/iesmiradordelgenil\/vivir-y-sentir-el-patrimonio\/\">Vivir y Sentir el Patrimonio<\/a><\/li>\n<li>Forma Joven<\/li>\n<\/ul>\n<p>&nbsp;<\/p>\n<p><strong>HACEMOS AGRUPAMIENTOS FLEXIBLES<\/strong><\/p>\n<ul>\n<li><strong>EN QU\u00c9 CONSISTE: <\/strong>en las asignaturas de Lengua, Matem\u00e1ticas e Ingl\u00e9s (en 1\u00ba, 2\u00ba y 3\u00ba de ESO; en 4\u00ba tambi\u00e9n en Lengua, Matem\u00e1ticas, Tecnolog\u00eda y EPV) y en Ciencias Naturales de 3\u00ba de ESO) dividimos a los alumnos en dos o tres modalidades atendiendo a su nivel de competencia curricular.<\/li>\n<li><strong>POR QU\u00c9 LO HACEMOS:<\/strong> para poder atender de manera individualizada el ritmo de aprendizaje de todos los alumnos tomando como un punto de partida su nivel de conocimiento.<\/li>\n<li><strong>C\u00d3MO LO HACEMOS:<\/strong> Reduciendo los ratios (Modalidad A: 30 alumnos; Modalidad B: 18 alumnos; Modalidad C: 8 alumnos). Diversificando los espacios\/profesores. Reduciendo los contenidos conceptuales hasta llegar a los m\u00ednimos. Utilizando una metodolog\u00eda de aprendizaje mejor adaptada a las necesidades de los alumnos. Estableciendo mecanismos de promoci\u00f3n que permitan el trasvase continuo entre grupos.<\/li>\n<\/ul>\n<p><strong>PLAN DE MEJORA DE LOS RENDIMIENTOS ESCOLARES\/PROGRAMA DE DIVERSIFICACI\u00d3N<\/strong><\/p>\n<ul>\n<li><strong>EN QU\u00c9 CONSISTE: <\/strong>se trata de un plan institucional al que pueden acogerse los centros de manera voluntaria; integra una serie de medidas encaminadas a mejorar todos los indicadores de rendimiento del centro.<\/li>\n<li><strong>C\u00d3MO LO HACEMOS:<\/strong> proponiendo multitud de actuaciones que pretenden incidir en los resultados acad\u00e9micos de los alumnos y el grado de satisfacci\u00f3n e implicaci\u00f3n de las familias.<\/li>\n<\/ul>\n<p><strong>PROYECTO LING\u00dcISTICO DE CENTRO<\/strong><\/p>\n<ul>\n<li><strong>EN QU\u00c9 CONSISTE: <\/strong>si bien originariamente se inscribi\u00f3 entre los Planes de Autoevaluaci\u00f3n y Mejora de la Conserjer\u00eda de Educaci\u00f3n de la Junta de Andaluc\u00eda (DJA), en la actualidad se enmarca como programa de formaci\u00f3n en el centro. Titulado Plan de mejora de la competencia ling\u00fc\u00edstica. La elaboraci\u00f3n del Proyecto Ling\u00fc\u00edstico de Centro, su objetivo es ofrecer propuestas para mejorar las habilidades ling\u00fc\u00edsticas b\u00e1sicas (leer, escribir, hablar, escuchar e interactuar) en todas las \u00e1reas y cursos de la ESO. Proyecto gestado en nuestro instituto, la CEJA ha convenido en proponerlo como un plan que de forma prescriptiva, deber\u00e1 elaborarse en todos los centros andaluces, en el seno del Plan de Centro.<\/li>\n<li><strong>C\u00d3MO LO HACEMOS: <\/strong>proponiendo una serie de medidas interdisciplinares, consensuadas por todos los profesores, comunes en todas las asignaturas: respeto por la correcci\u00f3n ling\u00fc\u00edstica, actividades de compresi\u00f3n lectora, trabajos de investigaci\u00f3n, producci\u00f3n de textos orales y escritos, uso de la biblioteca escolar y virtual, t\u00e9cnicas de estudio y habilidades intelectuales.<\/li>\n<\/ul>\n<p><strong>PROGRAMA DE ACOMPA\u00d1AMIENTO ESCOLAR<\/strong><\/p>\n<ul>\n<li><strong>EN QU\u00c9 CONSISTE: <\/strong>se trata de un programa financiado \u00edntegramente por la CEJA que consiste en reforzar los conocimientos instrumentales de los alumnos y en ofrecerles apoyo para repasar y realizar las tareas de casa en horario extraescolar. Desde octubre a mayo y hasta finalizar el curso.<\/li>\n<li><strong>C\u00d3MO LO HACEMOS: <\/strong>dos horas durante dos d\u00edas a la semana algunos profesores del centro realizan esta funci\u00f3n a alumnos previamente seleccionados por una comisi\u00f3n por tener especiales dificultades de aprendizaje<\/li>\n<\/ul>\n","protected":false},"excerpt":{"rendered":"<p>Planes y Proyectos Educativos&nbsp; Comunica Plan de igualdad entre hombres y mujeres en la educaci\u00f3n Plan de Salud Laboral y P.R.L. Programa de centro biling\u00fce &#8211; Ingl\u00e9s STEAM Transformaci\u00f3n Digital Educativa Vivir y Sentir&#46;&#46;&#46;<\/p>\n","protected":false},"author":1,"featured_media":0,"parent":0,"menu_order":0,"comment_status":"closed","ping_status":"closed","template":"page-cs.php","meta":{"ngg_post_thumbnail":0,"footnotes":"","_mc_calendar":[]},"aioseo_notices":[],"_links":{"self":[{"href":"https:\/\/blogsaverroes.juntadeandalucia.es\/iesmiradordelgenil\/wp-json\/wp\/v2\/pages\/44"}],"collection":[{"href":"https:\/\/blogsaverroes.juntadeandalucia.es\/iesmiradordelgenil\/wp-json\/wp\/v2\/pages"}],"about":[{"href":"https:\/\/blogsaverroes.juntadeandalucia.es\/iesmiradordelgenil\/wp-json\/wp\/v2\/types\/page"}],"author":[{"embeddable":true,"href":"https:\/\/blogsaverroes.juntadeandalucia.es\/iesmiradordelgenil\/wp-json\/wp\/v2\/users\/1"}],"replies":[{"embeddable":true,"href":"https:\/\/blogsaverroes.juntadeandalucia.es\/iesmiradordelgenil\/wp-json\/wp\/v2\/comments?post=44"}],"version-history":[{"count":34,"href":"https:\/\/blogsaverroes.juntadeandalucia.es\/iesmiradordelgenil\/wp-json\/wp\/v2\/pages\/44\/revisions"}],"predecessor-version":[{"id":3415,"href":"https:\/\/blogsaverroes.juntadeandalucia.es\/iesmiradordelgenil\/wp-json\/wp\/v2\/pages\/44\/revisions\/3415"}],"wp:attachment":[{"href":"https:\/\/blogsaverroes.juntadeandalucia.es\/iesmiradordelgenil\/wp-json\/wp\/v2\/media?parent=44"}],"curies":[{"name":"wp","href":"https:\/\/api.w.org\/{rel}","templated":true}]}}

<h3>Planes y Proyectos Educativos&nbsp;</h3>
<ul>
<li><a href="https://blogsaverroes.juntadeandalucia.es/iesmiradordelgenil/comunica/">Comunica</a></li>
<li>Plan de igualdad entre hombres y mujeres en la educación</li>
<li>Plan de Salud Laboral y P.R.L.</li>
<li><a href="https://blogsaverroes.juntadeandalucia.es/iesmiradordelgenil/bilinguismo/">Programa de centro bilingüe &#8211; Inglés</a></li>
<li>STEAM</li>
<li>Transformación Digital Educativa</li>
<li><a href="https://blogsaverroes.juntadeandalucia.es/iesmiradordelgenil/vivir-y-sentir-el-patrimonio/">Vivir y Sentir el Patrimonio</a></li>
<li>Forma Joven</li>
</ul>
<p>&nbsp;</p>
<p><strong>HACEMOS AGRUPAMIENTOS FLEXIBLES</strong></p>
<ul>
<li><strong>EN QUÉ CONSISTE: </strong>en las asignaturas de Lengua, Matemáticas e Inglés (en 1º, 2º y 3º de ESO; en 4º también en Lengua, Matemáticas, Tecnología y EPV) y en Ciencias Naturales de 3º de ESO) dividimos a los alumnos en dos o tres modalidades atendiendo a su nivel de competencia curricular.</li>
<li><strong>POR QUÉ LO HACEMOS:</strong> para poder atender de manera individualizada el ritmo de aprendizaje de todos los alumnos tomando como un punto de partida su nivel de conocimiento.</li>
<li><strong>CÓMO LO HACEMOS:</strong> Reduciendo los ratios (Modalidad A: 30 alumnos; Modalidad B: 18 alumnos; Modalidad C: 8 alumnos). Diversificando los espacios/profesores. Reduciendo los contenidos conceptuales hasta llegar a los mínimos. Utilizando una metodología de aprendizaje mejor adaptada a las necesidades de los alumnos. Estableciendo mecanismos de promoción que permitan el trasvase continuo entre grupos.</li>
</ul>
<p><strong>PLAN DE MEJORA DE LOS RENDIMIENTOS ESCOLARES/PROGRAMA DE DIVERSIFICACIÓN</strong></p>
<ul>
<li><strong>EN QUÉ CONSISTE: </strong>se trata de un plan institucional al que pueden acogerse los centros de manera voluntaria; integra una serie de medidas encaminadas a mejorar todos los indicadores de rendimiento del centro.</li>
<li><strong>CÓMO LO HACEMOS:</strong> proponiendo multitud de actuaciones que pretenden incidir en los resultados académicos de los alumnos y el grado de satisfacción e implicación de las familias.</li>
</ul>
<p><strong>PROYECTO LINGÜISTICO DE CENTRO</strong></p>
<ul>
<li><strong>EN QUÉ CONSISTE: </strong>si bien originariamente se inscribió entre los Planes de Autoevaluación y Mejora de la Conserjería de Educación de la Junta de Andalucía (DJA), en la actualidad se enmarca como programa de formación en el centro. Titulado Plan de mejora de la competencia lingüística. La elaboración del Proyecto Lingüístico de Centro, su objetivo es ofrecer propuestas para mejorar las habilidades lingüísticas básicas (leer, escribir, hablar, escuchar e interactuar) en todas las áreas y cursos de la ESO. Proyecto gestado en nuestro instituto, la CEJA ha convenido en proponerlo como un plan que de forma prescriptiva, deberá elaborarse en todos los centros andaluces, en el seno del Plan de Centro.</li>
<li><strong>CÓMO LO HACEMOS: </strong>proponiendo una serie de medidas interdisciplinares, consensuadas por todos los profesores, comunes en todas las asignaturas: respeto por la corrección lingüística, actividades de compresión lectora, trabajos de investigación, producción de textos orales y escritos, uso de la biblioteca escolar y virtual, técnicas de estudio y habilidades intelectuales.</li>
</ul>
<p><strong>PROGRAMA DE ACOMPAÑAMIENTO ESCOLAR</strong></p>
<ul>
<li><strong>EN QUÉ CONSISTE: </strong>se trata de un programa financiado íntegramente por la CEJA que consiste en reforzar los conocimientos instrumentales de los alumnos y en ofrecerles apoyo para repasar y realizar las tareas de casa en horario extraescolar. Desde octubre a mayo y hasta finalizar el curso.</li>
<li><strong>CÓMO LO HACEMOS: </strong>dos horas durante dos días a la semana algunos profesores del centro realizan esta función a alumnos previamente seleccionados por una comisión por tener especiales dificultades de aprendizaje</li>
</ul>

<p>Planes y Proyectos Educativos&nbsp; Comunica Plan de igualdad entre hombres y mujeres en la educación Plan de Salud Laboral y P.R.L. Programa de centro bilingüe &#8211; Inglés STEAM Transformación Digital Educativa Vivir y Sentir&#46;&#46;&#46;</p>
