{"id":1511,"date":"2022-04-06T11:16:11","date_gmt":"2022-04-06T10:16:11","guid":{"rendered":"https:\/\/blogsaverroes.juntadeandalucia.es\/iesmiravent\/?page_id=1511"},"modified":"2022-04-06T11:16:32","modified_gmt":"2022-04-06T10:16:32","slug":"cfgs-desarrollo-de-aplicaciones-multiplataforma","status":"publish","type":"page","link":"https:\/\/blogsaverroes.juntadeandalucia.es\/iesmiravent\/cfgs-desarrollo-de-aplicaciones-multiplataforma\/","title":{"rendered":"CFGS Desarrollo de Aplicaciones Multiplataforma"},"content":{"rendered":"<p>[et_pb_section fb_built=&#8221;1&#8243; _builder_version=&#8221;4.14.5&#8243; _module_preset=&#8221;default&#8221; custom_padding=&#8221;21px||0px|||&#8221; global_colors_info=&#8221;{}&#8221; theme_builder_area=&#8221;post_content&#8221;][et_pb_row _builder_version=&#8221;4.14.5&#8243; _module_preset=&#8221;default&#8221; global_colors_info=&#8221;{}&#8221; theme_builder_area=&#8221;post_content&#8221;][et_pb_column type=&#8221;4_4&#8243; _builder_version=&#8221;4.14.5&#8243; _module_preset=&#8221;default&#8221; global_colors_info=&#8221;{}&#8221; theme_builder_area=&#8221;post_content&#8221;][et_pb_text admin_label=&#8221;Texto CFGS&#8221; _builder_version=&#8221;4.14.5&#8243; _module_preset=&#8221;default&#8221; min_height=&#8221;58px&#8221; custom_margin=&#8221;-14px|||||&#8221; custom_padding=&#8221;||0px|||&#8221; hover_enabled=&#8221;0&#8243; global_colors_info=&#8221;{}&#8221; theme_builder_area=&#8221;post_content&#8221; sticky_enabled=&#8221;0&#8243;]<\/p>\n<h1>Ciclo Formativo de Grado Superior de Desarrollo de Aplicaciones Multiplataforma<\/h1>\n<p>&nbsp;<\/p>\n<p>[\/et_pb_text][\/et_pb_column][\/et_pb_row][\/et_pb_section][et_pb_section fb_built=&#8221;1&#8243; _builder_version=&#8221;4.14.5&#8243; _module_preset=&#8221;default&#8221; background_color=&#8221;gcid-fdaa954b-eb7a-42a8-9e0c-16eeac75b665&#8243; custom_margin=&#8221;-16px|||||&#8221; custom_padding=&#8221;1px|||||&#8221; global_colors_info=&#8221;{%22gcid-fdaa954b-eb7a-42a8-9e0c-16eeac75b665%22:%91%22background_color%22%93}&#8221; theme_builder_area=&#8221;post_content&#8221;][et_pb_row column_structure=&#8221;2_3,1_3&#8243; make_equal=&#8221;on&#8221; _builder_version=&#8221;4.14.5&#8243; _module_preset=&#8221;default&#8221; background_color=&#8221;#FFFFFF&#8221; width=&#8221;100%&#8221; max_width=&#8221;1388px&#8221; custom_margin=&#8221;|200px||147px||&#8221; custom_padding=&#8221;27px||0px|||&#8221; global_colors_info=&#8221;{}&#8221; theme_builder_area=&#8221;post_content&#8221;][et_pb_column type=&#8221;2_3&#8243; _builder_version=&#8221;4.14.5&#8243; _module_preset=&#8221;default&#8221; global_colors_info=&#8221;{}&#8221; theme_builder_area=&#8221;post_content&#8221;][et_pb_text _builder_version=&#8221;4.14.5&#8243; _module_preset=&#8221;default&#8221; text_font_size=&#8221;18px&#8221; text_letter_spacing=&#8221;1px&#8221; text_line_height=&#8221;1.9em&#8221; background_color=&#8221;#FFFFFF&#8221; width=&#8221;100%&#8221; custom_margin=&#8221;1px|4px||45px|false|false&#8221; custom_padding=&#8221;24px|0px|24px|22px|true|false&#8221; hover_enabled=&#8221;0&#8243; border_radii=&#8221;on|5px|5px|5px|5px&#8221; global_colors_info=&#8221;{}&#8221; theme_builder_area=&#8221;post_content&#8221; sticky_enabled=&#8221;0&#8243;]<\/p>\n<p>El CFGS de Desarrollo de Aplicaciones Multiplataforma (DAM) forma parte de la familia de Inform\u00e1tica y Comunicaciones. Cuando termines, puedes ejercer su actividad en entidades p\u00fablicas o privadas de cualquier tama\u00f1o, tanto por cuenta ajena como por cuenta propia, desempe\u00f1ando su trabajo en el \u00e1rea de desarrollo de aplicaciones inform\u00e1ticas multiplataforma en diversos \u00e1mbitos: gesti\u00f3n empresarial y de negocio, relaciones con clientes, educaci\u00f3n, ocio, dispositivos m\u00f3viles y entretenimiento, entre otros; aplicaciones desarrolladas e implantadas en entornos de alcance intranet, extranet e Internet; implantaci\u00f3n y adaptaci\u00f3n de sistemas de planificaci\u00f3n de recursos empresariales y de gesti\u00f3n de relaciones con clientes.<\/p>\n<p>[\/et_pb_text][\/et_pb_column][et_pb_column type=&#8221;1_3&#8243; _builder_version=&#8221;4.14.5&#8243; _module_preset=&#8221;default&#8221; global_colors_info=&#8221;{}&#8221; theme_builder_area=&#8221;post_content&#8221;][et_pb_image src=&#8221;https:\/\/blogsaverroes.juntadeandalucia.es\/iesmiravent\/files\/2022\/04\/logo-informatica-y-comunicaciones.png&#8221; title_text=&#8221;logo informatica y comunicaciones&#8221; align=&#8221;center&#8221; _builder_version=&#8221;4.14.5&#8243; _module_preset=&#8221;default&#8221; background_color=&#8221;#004e86&#8243; width=&#8221;71.9%&#8221; min_height=&#8221;252px&#8221; custom_margin=&#8221;|58px|12px|51px|false|false&#8221; custom_padding=&#8221;12px|0px|12px|4px|false|false&#8221; border_radii=&#8221;on|10px|10px|10px|10px&#8221; global_colors_info=&#8221;{}&#8221; theme_builder_area=&#8221;post_content&#8221;][\/et_pb_image][\/et_pb_column][\/et_pb_row][et_pb_row make_equal=&#8221;on&#8221; _builder_version=&#8221;4.14.5&#8243; _module_preset=&#8221;default&#8221; background_color=&#8221;#FFFFFF&#8221; width=&#8221;100%&#8221; max_width=&#8221;1388px&#8221; custom_margin=&#8221;|200px|-6px|147px||&#8221; custom_padding=&#8221;17px||29px|||&#8221; global_colors_info=&#8221;{}&#8221; theme_builder_area=&#8221;post_content&#8221;][et_pb_column type=&#8221;4_4&#8243; _builder_version=&#8221;4.14.5&#8243; _module_preset=&#8221;default&#8221; global_colors_info=&#8221;{}&#8221; theme_builder_area=&#8221;post_content&#8221;][et_pb_text _builder_version=&#8221;4.14.5&#8243; _module_preset=&#8221;default&#8221; text_font_size=&#8221;18px&#8221; text_letter_spacing=&#8221;1px&#8221; text_line_height=&#8221;1.1em&#8221; ul_line_height=&#8221;1.7em&#8221; custom_padding=&#8221;|39px||39px||true&#8221; hover_enabled=&#8221;0&#8243; global_colors_info=&#8221;{}&#8221; theme_builder_area=&#8221;post_content&#8221; sticky_enabled=&#8221;0&#8243;]<\/p>\n<h3>\u00bb \u00bfC\u00f3mo acceder?<\/h3>\n<p class=\"ta-justify\">Puedes acceder a un ciclo de&nbsp;grado superior&nbsp;cuando re\u00fanas <strong>alguno<\/strong> de los siguientes <strong>requisitos<\/strong>:<\/p>\n<p class=\"ta-justify\">Acceso&nbsp;<strong>directo<\/strong>:<\/p>\n<ul>\n<li class=\"ta-justify\">Estar en posesi\u00f3n del T\u00edtulo de Bachiller, o de un certificado acreditativo de haber superado todas las materias del Bachillerato.<\/li>\n<li class=\"ta-justify\">Haber superado el segundo curso de cualquier modalidad de Bachillerato experimental.<\/li>\n<li class=\"ta-justify\">Estar en posesi\u00f3n de un T\u00edtulo de T\u00e9cnico (Formaci\u00f3n Profesional de Grado Medio).<\/li>\n<li class=\"ta-justify\">Estar en posesi\u00f3n de un T\u00edtulo de T\u00e9cnico Superior, T\u00e9cnico Especialista o equivalente a efectos acad\u00e9micos.<\/li>\n<li class=\"ta-justify\">Haber superado 3\u00ba de BUP (Bachillerato Unificado Polivalente).<\/li>\n<li class=\"ta-justify\">\u200bHaber superado el Curso de Orientaci\u00f3n Universitaria (COU).<\/li>\n<li class=\"ta-justify\">Estar en posesi\u00f3n de cualquier Titulaci\u00f3n Universitaria o equivalente.<\/li>\n<\/ul>\n<p class=\"ta-justify\">Acceso mediante<strong>&nbsp;prueba<\/strong>&nbsp;(para quienes no tengan alguno de los requisitos anteriores)<\/p>\n<ul>\n<li class=\"ta-justify\">Haber superado la prueba de acceso a ciclos formativos de grado superior (se requiere tener al menos 19 a\u00f1os en el a\u00f1o que se realiza la prueba o 18 para quienes poseen el t\u00edtulo de T\u00e9cnico).<\/li>\n<li class=\"ta-justify\">Haber superado la prueba de acceso a la Universidad para mayores de 25 a\u00f1os.<\/li>\n<\/ul>\n<p>[\/et_pb_text][\/et_pb_column][\/et_pb_row][et_pb_row column_structure=&#8221;1_2,1_2&#8243; make_equal=&#8221;on&#8221; _builder_version=&#8221;4.14.5&#8243; _module_preset=&#8221;default&#8221; background_color=&#8221;#FFFFFF&#8221; width=&#8221;100%&#8221; max_width=&#8221;1388px&#8221; custom_margin=&#8221;|200px|-6px|147px||&#8221; custom_padding=&#8221;17px||29px|||&#8221; global_colors_info=&#8221;{}&#8221; theme_builder_area=&#8221;post_content&#8221;][et_pb_column type=&#8221;1_2&#8243; _builder_version=&#8221;4.14.5&#8243; _module_preset=&#8221;default&#8221; global_colors_info=&#8221;{}&#8221; theme_builder_area=&#8221;post_content&#8221;][et_pb_text _builder_version=&#8221;4.14.5&#8243; _module_preset=&#8221;default&#8221; text_font_size=&#8221;18px&#8221; text_letter_spacing=&#8221;1px&#8221; text_line_height=&#8221;1.1em&#8221; ul_line_height=&#8221;1.7em&#8221; custom_padding=&#8221;|39px||39px||true&#8221; hover_enabled=&#8221;0&#8243; global_colors_info=&#8221;{}&#8221; theme_builder_area=&#8221;post_content&#8221; sticky_enabled=&#8221;0&#8243;]<\/p>\n<h3>\u00bb \u00bfQu\u00e9 voy a estudiar?<\/h3>\n<ul>\n<li>Sistemas inform\u00e1ticos.<\/li>\n<li>Bases de Datos.<\/li>\n<li>Programaci\u00f3n.<\/li>\n<li>Lenguajes de marcas y sistemas de gesti\u00f3n de informaci\u00f3n.<\/li>\n<li>Entornos de desarrollo.<\/li>\n<li>Acceso a datos.<\/li>\n<li>Desarrollo de interfaces.<\/li>\n<li>Programaci\u00f3n multimedia y dispositivos m\u00f3viles.<\/li>\n<li>Programaci\u00f3n de servicios y procesos.<\/li>\n<li>Sistemas de gesti\u00f3n empresarial.<\/li>\n<li>Proyecto de desarrollo de aplicaciones multiplataforma.<\/li>\n<li>Formaci\u00f3n y orientaci\u00f3n laboral.<\/li>\n<li>Empresa e iniciativa emprendedora.<\/li>\n<li>Formaci\u00f3n en centros de trabajo.<\/li>\n<\/ul>\n<p>[\/et_pb_text][\/et_pb_column][et_pb_column type=&#8221;1_2&#8243; _builder_version=&#8221;4.14.5&#8243; _module_preset=&#8221;default&#8221; global_colors_info=&#8221;{}&#8221; theme_builder_area=&#8221;post_content&#8221;][et_pb_slider _builder_version=&#8221;4.14.5&#8243; _module_preset=&#8221;default&#8221; background_color=&#8221;RGBA(255,255,255,0)&#8221; min_height=&#8221;220px&#8221; height=&#8221;368px&#8221; custom_padding=&#8221;0px|0px|63px|0px|false|false&#8221; global_colors_info=&#8221;{}&#8221; theme_builder_area=&#8221;post_content&#8221;][et_pb_slide image=&#8221;https:\/\/blogsaverroes.juntadeandalucia.es\/iesmiravent\/files\/2020\/01\/maquina.jpg&#8221; _builder_version=&#8221;4.14.5&#8243; _module_preset=&#8221;default&#8221; custom_padding=&#8221;0px||||false|false&#8221; global_colors_info=&#8221;{}&#8221; sticky_transition=&#8221;on&#8221; theme_builder_area=&#8221;post_content&#8221;][\/et_pb_slide][et_pb_slide image=&#8221;https:\/\/blogsaverroes.juntadeandalucia.es\/iesmiravent\/files\/2020\/01\/maquina.jpg&#8221; _builder_version=&#8221;4.14.5&#8243; _module_preset=&#8221;default&#8221; custom_padding=&#8221;0px||||false|false&#8221; global_colors_info=&#8221;{}&#8221; sticky_transition=&#8221;on&#8221; theme_builder_area=&#8221;post_content&#8221;][\/et_pb_slide][\/et_pb_slider][\/et_pb_column][\/et_pb_row][\/et_pb_section]<\/p>\n","protected":false},"excerpt":{"rendered":"<p>Ciclo Formativo de Grado Superior de Desarrollo de Aplicaciones Multiplataforma &nbsp;El CFGS de Desarrollo de Aplicaciones Multiplataforma (DAM) forma parte de la familia de Inform\u00e1tica y Comunicaciones. Cuando termines, puedes ejercer su actividad en entidades p\u00fablicas o privadas de cualquier tama\u00f1o, tanto por cuenta ajena como por cuenta propia, desempe\u00f1ando su trabajo en el \u00e1rea [&hellip;]<\/p>\n","protected":false},"author":14862,"featured_media":0,"parent":0,"menu_order":0,"comment_status":"closed","ping_status":"closed","template":"","meta":{"_et_pb_use_builder":"on","_et_pb_old_content":"","_et_gb_content_width":"","ngg_post_thumbnail":0,"footnotes":""},"aioseo_notices":[],"_links":{"self":[{"href":"https:\/\/blogsaverroes.juntadeandalucia.es\/iesmiravent\/wp-json\/wp\/v2\/pages\/1511"}],"collection":[{"href":"https:\/\/blogsaverroes.juntadeandalucia.es\/iesmiravent\/wp-json\/wp\/v2\/pages"}],"about":[{"href":"https:\/\/blogsaverroes.juntadeandalucia.es\/iesmiravent\/wp-json\/wp\/v2\/types\/page"}],"author":[{"embeddable":true,"href":"https:\/\/blogsaverroes.juntadeandalucia.es\/iesmiravent\/wp-json\/wp\/v2\/users\/14862"}],"replies":[{"embeddable":true,"href":"https:\/\/blogsaverroes.juntadeandalucia.es\/iesmiravent\/wp-json\/wp\/v2\/comments?post=1511"}],"version-history":[{"count":2,"href":"https:\/\/blogsaverroes.juntadeandalucia.es\/iesmiravent\/wp-json\/wp\/v2\/pages\/1511\/revisions"}],"predecessor-version":[{"id":1514,"href":"https:\/\/blogsaverroes.juntadeandalucia.es\/iesmiravent\/wp-json\/wp\/v2\/pages\/1511\/revisions\/1514"}],"wp:attachment":[{"href":"https:\/\/blogsaverroes.juntadeandalucia.es\/iesmiravent\/wp-json\/wp\/v2\/media?parent=1511"}],"curies":[{"name":"wp","href":"https:\/\/api.w.org\/{rel}","templated":true}]}}

<p>[et_pb_section fb_built=&#8221;1&#8243; _builder_version=&#8221;4.14.5&#8243; _module_preset=&#8221;default&#8221; custom_padding=&#8221;21px||0px|||&#8221; global_colors_info=&#8221;{}&#8221; theme_builder_area=&#8221;post_content&#8221;][et_pb_row _builder_version=&#8221;4.14.5&#8243; _module_preset=&#8221;default&#8221; global_colors_info=&#8221;{}&#8221; theme_builder_area=&#8221;post_content&#8221;][et_pb_column type=&#8221;4_4&#8243; _builder_version=&#8221;4.14.5&#8243; _module_preset=&#8221;default&#8221; global_colors_info=&#8221;{}&#8221; theme_builder_area=&#8221;post_content&#8221;][et_pb_text admin_label=&#8221;Texto CFGS&#8221; _builder_version=&#8221;4.14.5&#8243; _module_preset=&#8221;default&#8221; min_height=&#8221;58px&#8221; custom_margin=&#8221;-14px|||||&#8221; custom_padding=&#8221;||0px|||&#8221; hover_enabled=&#8221;0&#8243; global_colors_info=&#8221;{}&#8221; theme_builder_area=&#8221;post_content&#8221; sticky_enabled=&#8221;0&#8243;]</p>
<h1>Ciclo Formativo de Grado Superior de Desarrollo de Aplicaciones Multiplataforma</h1>
<p>&nbsp;</p>
<p>[/et_pb_text][/et_pb_column][/et_pb_row][/et_pb_section][et_pb_section fb_built=&#8221;1&#8243; _builder_version=&#8221;4.14.5&#8243; _module_preset=&#8221;default&#8221; background_color=&#8221;gcid-fdaa954b-eb7a-42a8-9e0c-16eeac75b665&#8243; custom_margin=&#8221;-16px|||||&#8221; custom_padding=&#8221;1px|||||&#8221; global_colors_info=&#8221;{%22gcid-fdaa954b-eb7a-42a8-9e0c-16eeac75b665%22:%91%22background_color%22%93}&#8221; theme_builder_area=&#8221;post_content&#8221;][et_pb_row column_structure=&#8221;2_3,1_3&#8243; make_equal=&#8221;on&#8221; _builder_version=&#8221;4.14.5&#8243; _module_preset=&#8221;default&#8221; background_color=&#8221;#FFFFFF&#8221; width=&#8221;100%&#8221; max_width=&#8221;1388px&#8221; custom_margin=&#8221;|200px||147px||&#8221; custom_padding=&#8221;27px||0px|||&#8221; global_colors_info=&#8221;{}&#8221; theme_builder_area=&#8221;post_content&#8221;][et_pb_column type=&#8221;2_3&#8243; _builder_version=&#8221;4.14.5&#8243; _module_preset=&#8221;default&#8221; global_colors_info=&#8221;{}&#8221; theme_builder_area=&#8221;post_content&#8221;][et_pb_text _builder_version=&#8221;4.14.5&#8243; _module_preset=&#8221;default&#8221; text_font_size=&#8221;18px&#8221; text_letter_spacing=&#8221;1px&#8221; text_line_height=&#8221;1.9em&#8221; background_color=&#8221;#FFFFFF&#8221; width=&#8221;100%&#8221; custom_margin=&#8221;1px|4px||45px|false|false&#8221; custom_padding=&#8221;24px|0px|24px|22px|true|false&#8221; hover_enabled=&#8221;0&#8243; border_radii=&#8221;on|5px|5px|5px|5px&#8221; global_colors_info=&#8221;{}&#8221; theme_builder_area=&#8221;post_content&#8221; sticky_enabled=&#8221;0&#8243;]</p>
<p>El CFGS de Desarrollo de Aplicaciones Multiplataforma (DAM) forma parte de la familia de Informática y Comunicaciones. Cuando termines, puedes ejercer su actividad en entidades públicas o privadas de cualquier tamaño, tanto por cuenta ajena como por cuenta propia, desempeñando su trabajo en el área de desarrollo de aplicaciones informáticas multiplataforma en diversos ámbitos: gestión empresarial y de negocio, relaciones con clientes, educación, ocio, dispositivos móviles y entretenimiento, entre otros; aplicaciones desarrolladas e implantadas en entornos de alcance intranet, extranet e Internet; implantación y adaptación de sistemas de planificación de recursos empresariales y de gestión de relaciones con clientes.</p>
<p>[/et_pb_text][/et_pb_column][et_pb_column type=&#8221;1_3&#8243; _builder_version=&#8221;4.14.5&#8243; _module_preset=&#8221;default&#8221; global_colors_info=&#8221;{}&#8221; theme_builder_area=&#8221;post_content&#8221;][et_pb_image src=&#8221;https://blogsaverroes.juntadeandalucia.es/iesmiravent/files/2022/04/logo-informatica-y-comunicaciones.png&#8221; title_text=&#8221;logo informatica y comunicaciones&#8221; align=&#8221;center&#8221; _builder_version=&#8221;4.14.5&#8243; _module_preset=&#8221;default&#8221; background_color=&#8221;#004e86&#8243; width=&#8221;71.9%&#8221; min_height=&#8221;252px&#8221; custom_margin=&#8221;|58px|12px|51px|false|false&#8221; custom_padding=&#8221;12px|0px|12px|4px|false|false&#8221; border_radii=&#8221;on|10px|10px|10px|10px&#8221; global_colors_info=&#8221;{}&#8221; theme_builder_area=&#8221;post_content&#8221;][/et_pb_image][/et_pb_column][/et_pb_row][et_pb_row make_equal=&#8221;on&#8221; _builder_version=&#8221;4.14.5&#8243; _module_preset=&#8221;default&#8221; background_color=&#8221;#FFFFFF&#8221; width=&#8221;100%&#8221; max_width=&#8221;1388px&#8221; custom_margin=&#8221;|200px|-6px|147px||&#8221; custom_padding=&#8221;17px||29px|||&#8221; global_colors_info=&#8221;{}&#8221; theme_builder_area=&#8221;post_content&#8221;][et_pb_column type=&#8221;4_4&#8243; _builder_version=&#8221;4.14.5&#8243; _module_preset=&#8221;default&#8221; global_colors_info=&#8221;{}&#8221; theme_builder_area=&#8221;post_content&#8221;][et_pb_text _builder_version=&#8221;4.14.5&#8243; _module_preset=&#8221;default&#8221; text_font_size=&#8221;18px&#8221; text_letter_spacing=&#8221;1px&#8221; text_line_height=&#8221;1.1em&#8221; ul_line_height=&#8221;1.7em&#8221; custom_padding=&#8221;|39px||39px||true&#8221; hover_enabled=&#8221;0&#8243; global_colors_info=&#8221;{}&#8221; theme_builder_area=&#8221;post_content&#8221; sticky_enabled=&#8221;0&#8243;]</p>
<h3>» ¿Cómo acceder?</h3>
<p class="ta-justify">Puedes acceder a un ciclo de&nbsp;grado superior&nbsp;cuando reúnas <strong>alguno</strong> de los siguientes <strong>requisitos</strong>:</p>
<p class="ta-justify">Acceso&nbsp;<strong>directo</strong>:</p>
<ul>
<li class="ta-justify">Estar en posesión del Título de Bachiller, o de un certificado acreditativo de haber superado todas las materias del Bachillerato.</li>
<li class="ta-justify">Haber superado el segundo curso de cualquier modalidad de Bachillerato experimental.</li>
<li class="ta-justify">Estar en posesión de un Título de Técnico (Formación Profesional de Grado Medio).</li>
<li class="ta-justify">Estar en posesión de un Título de Técnico Superior, Técnico Especialista o equivalente a efectos académicos.</li>
<li class="ta-justify">Haber superado 3º de BUP (Bachillerato Unificado Polivalente).</li>
<li class="ta-justify">​Haber superado el Curso de Orientación Universitaria (COU).</li>
<li class="ta-justify">Estar en posesión de cualquier Titulación Universitaria o equivalente.</li>
</ul>
<p class="ta-justify">Acceso mediante<strong>&nbsp;prueba</strong>&nbsp;(para quienes no tengan alguno de los requisitos anteriores)</p>
<ul>
<li class="ta-justify">Haber superado la prueba de acceso a ciclos formativos de grado superior (se requiere tener al menos 19 años en el año que se realiza la prueba o 18 para quienes poseen el título de Técnico).</li>
<li class="ta-justify">Haber superado la prueba de acceso a la Universidad para mayores de 25 años.</li>
</ul>
<p>[/et_pb_text][/et_pb_column][/et_pb_row][et_pb_row column_structure=&#8221;1_2,1_2&#8243; make_equal=&#8221;on&#8221; _builder_version=&#8221;4.14.5&#8243; _module_preset=&#8221;default&#8221; background_color=&#8221;#FFFFFF&#8221; width=&#8221;100%&#8221; max_width=&#8221;1388px&#8221; custom_margin=&#8221;|200px|-6px|147px||&#8221; custom_padding=&#8221;17px||29px|||&#8221; global_colors_info=&#8221;{}&#8221; theme_builder_area=&#8221;post_content&#8221;][et_pb_column type=&#8221;1_2&#8243; _builder_version=&#8221;4.14.5&#8243; _module_preset=&#8221;default&#8221; global_colors_info=&#8221;{}&#8221; theme_builder_area=&#8221;post_content&#8221;][et_pb_text _builder_version=&#8221;4.14.5&#8243; _module_preset=&#8221;default&#8221; text_font_size=&#8221;18px&#8221; text_letter_spacing=&#8221;1px&#8221; text_line_height=&#8221;1.1em&#8221; ul_line_height=&#8221;1.7em&#8221; custom_padding=&#8221;|39px||39px||true&#8221; hover_enabled=&#8221;0&#8243; global_colors_info=&#8221;{}&#8221; theme_builder_area=&#8221;post_content&#8221; sticky_enabled=&#8221;0&#8243;]</p>
<h3>» ¿Qué voy a estudiar?</h3>
<ul>
<li>Sistemas informáticos.</li>
<li>Bases de Datos.</li>
<li>Programación.</li>
<li>Lenguajes de marcas y sistemas de gestión de información.</li>
<li>Entornos de desarrollo.</li>
<li>Acceso a datos.</li>
<li>Desarrollo de interfaces.</li>
<li>Programación multimedia y dispositivos móviles.</li>
<li>Programación de servicios y procesos.</li>
<li>Sistemas de gestión empresarial.</li>
<li>Proyecto de desarrollo de aplicaciones multiplataforma.</li>
<li>Formación y orientación laboral.</li>
<li>Empresa e iniciativa emprendedora.</li>
<li>Formación en centros de trabajo.</li>
</ul>
<p>[/et_pb_text][/et_pb_column][et_pb_column type=&#8221;1_2&#8243; _builder_version=&#8221;4.14.5&#8243; _module_preset=&#8221;default&#8221; global_colors_info=&#8221;{}&#8221; theme_builder_area=&#8221;post_content&#8221;][et_pb_slider _builder_version=&#8221;4.14.5&#8243; _module_preset=&#8221;default&#8221; background_color=&#8221;RGBA(255,255,255,0)&#8221; min_height=&#8221;220px&#8221; height=&#8221;368px&#8221; custom_padding=&#8221;0px|0px|63px|0px|false|false&#8221; global_colors_info=&#8221;{}&#8221; theme_builder_area=&#8221;post_content&#8221;][et_pb_slide image=&#8221;https://blogsaverroes.juntadeandalucia.es/iesmiravent/files/2020/01/maquina.jpg&#8221; _builder_version=&#8221;4.14.5&#8243; _module_preset=&#8221;default&#8221; custom_padding=&#8221;0px||||false|false&#8221; global_colors_info=&#8221;{}&#8221; sticky_transition=&#8221;on&#8221; theme_builder_area=&#8221;post_content&#8221;][/et_pb_slide][et_pb_slide image=&#8221;https://blogsaverroes.juntadeandalucia.es/iesmiravent/files/2020/01/maquina.jpg&#8221; _builder_version=&#8221;4.14.5&#8243; _module_preset=&#8221;default&#8221; custom_padding=&#8221;0px||||false|false&#8221; global_colors_info=&#8221;{}&#8221; sticky_transition=&#8221;on&#8221; theme_builder_area=&#8221;post_content&#8221;][/et_pb_slide][/et_pb_slider][/et_pb_column][/et_pb_row][/et_pb_section]</p>

<p>Ciclo Formativo de Grado Superior de Desarrollo de Aplicaciones Multiplataforma &nbsp;El CFGS de Desarrollo de Aplicaciones Multiplataforma (DAM) forma parte de la familia de Informática y Comunicaciones. Cuando termines, puedes ejercer su actividad en entidades públicas o privadas de cualquier tamaño, tanto por cuenta ajena como por cuenta propia, desempeñando su trabajo en el área [&hellip;]</p>
