{"id":853,"date":"2020-12-18T08:50:47","date_gmt":"2020-12-18T07:50:47","guid":{"rendered":"https:\/\/blogsaverroes.juntadeandalucia.es\/pre\/plantilla-pencil\/?page_id=853"},"modified":"2023-04-12T07:57:45","modified_gmt":"2023-04-12T06:57:45","slug":"nuestra-historia","status":"publish","type":"page","link":"https:\/\/blogsaverroes.juntadeandalucia.es\/iesmiravent\/nuestra-historia\/","title":{"rendered":"Nuestra Historia"},"content":{"rendered":"<p>[et_pb_section fb_built=&#8221;1&#8243; _builder_version=&#8221;3.22&#8243; global_colors_info=&#8221;{}&#8221;][et_pb_row _builder_version=&#8221;3.25&#8243; background_size=&#8221;initial&#8221; background_position=&#8221;top_left&#8221; background_repeat=&#8221;repeat&#8221; global_colors_info=&#8221;{}&#8221;][et_pb_column type=&#8221;4_4&#8243; _builder_version=&#8221;3.25&#8243; custom_padding=&#8221;|||&#8221; global_colors_info=&#8221;{}&#8221; custom_padding__hover=&#8221;|||&#8221;][et_pb_image src=&#8221;https:\/\/blogsaverroes.juntadeandalucia.es\/iesmiravent\/files\/2023\/02\/IMG_20230215_123226-1024&#215;766.jpg&#8221; title_text=&#8221;IMG_20230215_123226&#8243; admin_label=&#8221;Imagen de la portada&#8221; _builder_version=&#8221;4.14.5&#8243; z_index_tablet=&#8221;500&#8243; box_shadow_horizontal_tablet=&#8221;0px&#8221; box_shadow_vertical_tablet=&#8221;0px&#8221; box_shadow_blur_tablet=&#8221;40px&#8221; box_shadow_spread_tablet=&#8221;0px&#8221; global_colors_info=&#8221;{}&#8221;][\/et_pb_image][et_pb_text admin_label=&#8221;Texto descriptivo&#8221; _builder_version=&#8221;4.14.5&#8243; z_index_tablet=&#8221;500&#8243; text_text_shadow_horizontal_length_tablet=&#8221;0px&#8221; text_text_shadow_vertical_length_tablet=&#8221;0px&#8221; text_text_shadow_blur_strength_tablet=&#8221;1px&#8221; link_text_shadow_horizontal_length_tablet=&#8221;0px&#8221; link_text_shadow_vertical_length_tablet=&#8221;0px&#8221; link_text_shadow_blur_strength_tablet=&#8221;1px&#8221; ul_text_shadow_horizontal_length_tablet=&#8221;0px&#8221; ul_text_shadow_vertical_length_tablet=&#8221;0px&#8221; ul_text_shadow_blur_strength_tablet=&#8221;1px&#8221; ol_text_shadow_horizontal_length_tablet=&#8221;0px&#8221; ol_text_shadow_vertical_length_tablet=&#8221;0px&#8221; ol_text_shadow_blur_strength_tablet=&#8221;1px&#8221; quote_text_shadow_horizontal_length_tablet=&#8221;0px&#8221; quote_text_shadow_vertical_length_tablet=&#8221;0px&#8221; quote_text_shadow_blur_strength_tablet=&#8221;1px&#8221; header_text_shadow_horizontal_length_tablet=&#8221;0px&#8221; header_text_shadow_vertical_length_tablet=&#8221;0px&#8221; header_text_shadow_blur_strength_tablet=&#8221;1px&#8221; header_2_text_shadow_horizontal_length_tablet=&#8221;0px&#8221; header_2_text_shadow_vertical_length_tablet=&#8221;0px&#8221; header_2_text_shadow_blur_strength_tablet=&#8221;1px&#8221; header_3_text_shadow_horizontal_length_tablet=&#8221;0px&#8221; header_3_text_shadow_vertical_length_tablet=&#8221;0px&#8221; header_3_text_shadow_blur_strength_tablet=&#8221;1px&#8221; header_4_text_shadow_horizontal_length_tablet=&#8221;0px&#8221; header_4_text_shadow_vertical_length_tablet=&#8221;0px&#8221; header_4_text_shadow_blur_strength_tablet=&#8221;1px&#8221; header_5_text_shadow_horizontal_length_tablet=&#8221;0px&#8221; header_5_text_shadow_vertical_length_tablet=&#8221;0px&#8221; header_5_text_shadow_blur_strength_tablet=&#8221;1px&#8221; header_6_text_shadow_horizontal_length_tablet=&#8221;0px&#8221; header_6_text_shadow_vertical_length_tablet=&#8221;0px&#8221; header_6_text_shadow_blur_strength_tablet=&#8221;1px&#8221; box_shadow_horizontal_tablet=&#8221;0px&#8221; box_shadow_vertical_tablet=&#8221;0px&#8221; box_shadow_blur_tablet=&#8221;40px&#8221; box_shadow_spread_tablet=&#8221;0px&#8221; global_colors_info=&#8221;{}&#8221;]<\/p>\n<h2>Nuestra Historia<\/h2>\n<p>El IES&nbsp;<em>Padre Jos\u00e9 Miravent<\/em>&nbsp;est\u00e1 situado en la calle Emiliano Cabot de la localidad de Isla Cristina, provincia de Huelva. Isla Cristina est\u00e1&nbsp; situada en la costa occidental de la provincia de Huelva, a unos 7 km de la frontera portuguesa y encuadrado en la comarca de la Costa Occidental. Su poblaci\u00f3n supera los 21000 habitantes y la superficie del municipio es de unos 50 km\u00b2.<\/p>\n<p>Sus or\u00edgenes se remontan a la fundaci\u00f3n de una colonia pesquera por catalanes y valencianos tras el terremoto de Lisboa de 1755.<\/p>\n<p>En el t\u00e9rmino municipal se encuentran las Marismas de Isla Cristina, protegidas mediante la forma de Paraje Natural, y tambi\u00e9n varias zonas de pino y matorral del cintur\u00f3n dunar costero.&nbsp; Debido a su orientaci\u00f3n este-oeste, las puestas de sol que acaban entre el mar y la tierra han servido de inspiraci\u00f3n a varios poetas, lleg\u00e1ndose a crear la ruta de las puestas de sol, con citas c\u00e9lebres de grandes poetas como Alberti, Gerardo Diego, Juan Ram\u00f3n Jim\u00e9nez o Cernuda.<\/p>\n<p>Isla Cristina cuenta con dos institutos: IES&nbsp;<em>Gale\u00f3n<\/em>, de ense\u00f1anza secundaria, y el IES<em>&nbsp;Padre Jos\u00e9 Miravent<\/em>, de ense\u00f1anza secundaria, bachillerato, formaci\u00f3n profesional de grado medio y superior, formaci\u00f3n profesional b\u00e1sica, aula espec\u00edfica de autismo y secundaria semipresencial para adultos. Existen siete centros de ense\u00f1anza Primaria y\/o Educaci\u00f3n Infantil y otros dos situados en La Redondela y en Pozo del Camino.<\/p>\n<p>El&nbsp;<em>IES Padre Jos\u00e9 Miravent&nbsp;<\/em>es el mayor y m\u00e1s antiguo de los dos IES que se ubican en Isla Cristina. Contamos con, aproximadamente, 1100 alumnos, m\u00e1s de 100 profesores, dos auxiliares administrativos y tres ordenanzas.<\/p>\n<p>[\/et_pb_text][\/et_pb_column][\/et_pb_row][\/et_pb_section]<\/p>\n","protected":false},"excerpt":{"rendered":"<p>Nuestra Historia El IES&nbsp;Padre Jos\u00e9 Miravent&nbsp;est\u00e1 situado en la calle Emiliano Cabot de la localidad de Isla Cristina, provincia de Huelva. Isla Cristina est\u00e1&nbsp; situada en la costa occidental de la provincia de Huelva, a unos 7 km de la frontera portuguesa y encuadrado en la comarca de la Costa Occidental. Su poblaci\u00f3n supera los [&hellip;]<\/p>\n","protected":false},"author":14862,"featured_media":0,"parent":0,"menu_order":0,"comment_status":"closed","ping_status":"closed","template":"","meta":{"_et_pb_use_builder":"on","_et_pb_old_content":"","_et_gb_content_width":"","ngg_post_thumbnail":0,"footnotes":""},"aioseo_notices":[],"_links":{"self":[{"href":"https:\/\/blogsaverroes.juntadeandalucia.es\/iesmiravent\/wp-json\/wp\/v2\/pages\/853"}],"collection":[{"href":"https:\/\/blogsaverroes.juntadeandalucia.es\/iesmiravent\/wp-json\/wp\/v2\/pages"}],"about":[{"href":"https:\/\/blogsaverroes.juntadeandalucia.es\/iesmiravent\/wp-json\/wp\/v2\/types\/page"}],"author":[{"embeddable":true,"href":"https:\/\/blogsaverroes.juntadeandalucia.es\/iesmiravent\/wp-json\/wp\/v2\/users\/14862"}],"replies":[{"embeddable":true,"href":"https:\/\/blogsaverroes.juntadeandalucia.es\/iesmiravent\/wp-json\/wp\/v2\/comments?post=853"}],"version-history":[{"count":6,"href":"https:\/\/blogsaverroes.juntadeandalucia.es\/iesmiravent\/wp-json\/wp\/v2\/pages\/853\/revisions"}],"predecessor-version":[{"id":1898,"href":"https:\/\/blogsaverroes.juntadeandalucia.es\/iesmiravent\/wp-json\/wp\/v2\/pages\/853\/revisions\/1898"}],"wp:attachment":[{"href":"https:\/\/blogsaverroes.juntadeandalucia.es\/iesmiravent\/wp-json\/wp\/v2\/media?parent=853"}],"curies":[{"name":"wp","href":"https:\/\/api.w.org\/{rel}","templated":true}]}}

<p>[et_pb_section fb_built=&#8221;1&#8243; _builder_version=&#8221;3.22&#8243; global_colors_info=&#8221;{}&#8221;][et_pb_row _builder_version=&#8221;3.25&#8243; background_size=&#8221;initial&#8221; background_position=&#8221;top_left&#8221; background_repeat=&#8221;repeat&#8221; global_colors_info=&#8221;{}&#8221;][et_pb_column type=&#8221;4_4&#8243; _builder_version=&#8221;3.25&#8243; custom_padding=&#8221;|||&#8221; global_colors_info=&#8221;{}&#8221; custom_padding__hover=&#8221;|||&#8221;][et_pb_image src=&#8221;https://blogsaverroes.juntadeandalucia.es/iesmiravent/files/2023/02/IMG_20230215_123226-1024&#215;766.jpg&#8221; title_text=&#8221;IMG_20230215_123226&#8243; admin_label=&#8221;Imagen de la portada&#8221; _builder_version=&#8221;4.14.5&#8243; z_index_tablet=&#8221;500&#8243; box_shadow_horizontal_tablet=&#8221;0px&#8221; box_shadow_vertical_tablet=&#8221;0px&#8221; box_shadow_blur_tablet=&#8221;40px&#8221; box_shadow_spread_tablet=&#8221;0px&#8221; global_colors_info=&#8221;{}&#8221;][/et_pb_image][et_pb_text admin_label=&#8221;Texto descriptivo&#8221; _builder_version=&#8221;4.14.5&#8243; z_index_tablet=&#8221;500&#8243; text_text_shadow_horizontal_length_tablet=&#8221;0px&#8221; text_text_shadow_vertical_length_tablet=&#8221;0px&#8221; text_text_shadow_blur_strength_tablet=&#8221;1px&#8221; link_text_shadow_horizontal_length_tablet=&#8221;0px&#8221; link_text_shadow_vertical_length_tablet=&#8221;0px&#8221; link_text_shadow_blur_strength_tablet=&#8221;1px&#8221; ul_text_shadow_horizontal_length_tablet=&#8221;0px&#8221; ul_text_shadow_vertical_length_tablet=&#8221;0px&#8221; ul_text_shadow_blur_strength_tablet=&#8221;1px&#8221; ol_text_shadow_horizontal_length_tablet=&#8221;0px&#8221; ol_text_shadow_vertical_length_tablet=&#8221;0px&#8221; ol_text_shadow_blur_strength_tablet=&#8221;1px&#8221; quote_text_shadow_horizontal_length_tablet=&#8221;0px&#8221; quote_text_shadow_vertical_length_tablet=&#8221;0px&#8221; quote_text_shadow_blur_strength_tablet=&#8221;1px&#8221; header_text_shadow_horizontal_length_tablet=&#8221;0px&#8221; header_text_shadow_vertical_length_tablet=&#8221;0px&#8221; header_text_shadow_blur_strength_tablet=&#8221;1px&#8221; header_2_text_shadow_horizontal_length_tablet=&#8221;0px&#8221; header_2_text_shadow_vertical_length_tablet=&#8221;0px&#8221; header_2_text_shadow_blur_strength_tablet=&#8221;1px&#8221; header_3_text_shadow_horizontal_length_tablet=&#8221;0px&#8221; header_3_text_shadow_vertical_length_tablet=&#8221;0px&#8221; header_3_text_shadow_blur_strength_tablet=&#8221;1px&#8221; header_4_text_shadow_horizontal_length_tablet=&#8221;0px&#8221; header_4_text_shadow_vertical_length_tablet=&#8221;0px&#8221; header_4_text_shadow_blur_strength_tablet=&#8221;1px&#8221; header_5_text_shadow_horizontal_length_tablet=&#8221;0px&#8221; header_5_text_shadow_vertical_length_tablet=&#8221;0px&#8221; header_5_text_shadow_blur_strength_tablet=&#8221;1px&#8221; header_6_text_shadow_horizontal_length_tablet=&#8221;0px&#8221; header_6_text_shadow_vertical_length_tablet=&#8221;0px&#8221; header_6_text_shadow_blur_strength_tablet=&#8221;1px&#8221; box_shadow_horizontal_tablet=&#8221;0px&#8221; box_shadow_vertical_tablet=&#8221;0px&#8221; box_shadow_blur_tablet=&#8221;40px&#8221; box_shadow_spread_tablet=&#8221;0px&#8221; global_colors_info=&#8221;{}&#8221;]</p>
<h2>Nuestra Historia</h2>
<p>El IES&nbsp;<em>Padre José Miravent</em>&nbsp;está situado en la calle Emiliano Cabot de la localidad de Isla Cristina, provincia de Huelva. Isla Cristina está&nbsp; situada en la costa occidental de la provincia de Huelva, a unos 7 km de la frontera portuguesa y encuadrado en la comarca de la Costa Occidental. Su población supera los 21000 habitantes y la superficie del municipio es de unos 50 km².</p>
<p>Sus orígenes se remontan a la fundación de una colonia pesquera por catalanes y valencianos tras el terremoto de Lisboa de 1755.</p>
<p>En el término municipal se encuentran las Marismas de Isla Cristina, protegidas mediante la forma de Paraje Natural, y también varias zonas de pino y matorral del cinturón dunar costero.&nbsp; Debido a su orientación este-oeste, las puestas de sol que acaban entre el mar y la tierra han servido de inspiración a varios poetas, llegándose a crear la ruta de las puestas de sol, con citas célebres de grandes poetas como Alberti, Gerardo Diego, Juan Ramón Jiménez o Cernuda.</p>
<p>Isla Cristina cuenta con dos institutos: IES&nbsp;<em>Galeón</em>, de enseñanza secundaria, y el IES<em>&nbsp;Padre José Miravent</em>, de enseñanza secundaria, bachillerato, formación profesional de grado medio y superior, formación profesional básica, aula específica de autismo y secundaria semipresencial para adultos. Existen siete centros de enseñanza Primaria y/o Educación Infantil y otros dos situados en La Redondela y en Pozo del Camino.</p>
<p>El&nbsp;<em>IES Padre José Miravent&nbsp;</em>es el mayor y más antiguo de los dos IES que se ubican en Isla Cristina. Contamos con, aproximadamente, 1100 alumnos, más de 100 profesores, dos auxiliares administrativos y tres ordenanzas.</p>
<p>[/et_pb_text][/et_pb_column][/et_pb_row][/et_pb_section]</p>

<p>Nuestra Historia El IES&nbsp;Padre José Miravent&nbsp;está situado en la calle Emiliano Cabot de la localidad de Isla Cristina, provincia de Huelva. Isla Cristina está&nbsp; situada en la costa occidental de la provincia de Huelva, a unos 7 km de la frontera portuguesa y encuadrado en la comarca de la Costa Occidental. Su población supera los [&hellip;]</p>
