{"id":2837,"date":"2022-03-24T11:00:11","date_gmt":"2022-03-24T11:00:11","guid":{"rendered":"http:\/\/blogsaverroes.juntadeandalucia.es\/iesmm\/?page_id=2837"},"modified":"2022-03-24T13:01:25","modified_gmt":"2022-03-24T13:01:25","slug":"alta-ipasen","status":"publish","type":"page","link":"https:\/\/blogsaverroes.juntadeandalucia.es\/iesmm\/alta-ipasen\/","title":{"rendered":"Alta IPasen"},"content":{"rendered":"<h2 class=\"fittexted_for_content_h2\" style=\"text-align: center\"><strong>DATE DE ALTA EN IPASEN<\/strong><\/h2>\n<p style=\"text-align: left\">En el siguiente esquema, viene indicado como darse de alta en IPasen. As\u00ed podr\u00e1s comunicarte con el Centro, ver las calificaciones, comunicaciones con tutores&#8230;.<\/p>\n<p style=\"text-align: center\"><a href=\"https:\/\/seneca.juntadeandalucia.es\/seneca\/jsp\/portalpasen\/\">Acceso a P\u00e1gina web IPasen<\/a><\/p>\n<p style=\"text-align: center\"><a href=\"https:\/\/blogsaverroes.juntadeandalucia.es\/iesmm\/files\/2020\/03\/IPasen.pdf\">IPasen<\/a><\/p>\n<p><a href=\"https:\/\/blogsaverroes.juntadeandalucia.es\/iesmm\/files\/2020\/03\/INFOGRAF\u00cdA-IPASEN.png\"><img loading=\"lazy\" decoding=\"async\" class=\"alignnone wp-image-2529 aligncenter\" src=\"https:\/\/blogsaverroes.juntadeandalucia.es\/iesmm\/files\/2020\/03\/INFOGRAF\u00cdA-IPASEN-198x300.png\" alt=\"\" width=\"355\" height=\"538\" srcset=\"https:\/\/blogsaverroes.juntadeandalucia.es\/iesmm\/files\/2020\/03\/INFOGRAF\u00cdA-IPASEN-198x300.png 198w, https:\/\/blogsaverroes.juntadeandalucia.es\/iesmm\/files\/2020\/03\/INFOGRAF\u00cdA-IPASEN-768x1163.png 768w, https:\/\/blogsaverroes.juntadeandalucia.es\/iesmm\/files\/2020\/03\/INFOGRAF\u00cdA-IPASEN-676x1024.png 676w, https:\/\/blogsaverroes.juntadeandalucia.es\/iesmm\/files\/2020\/03\/INFOGRAF\u00cdA-IPASEN-700x1060.png 700w, https:\/\/blogsaverroes.juntadeandalucia.es\/iesmm\/files\/2020\/03\/INFOGRAF\u00cdA-IPASEN-16x24.png 16w, https:\/\/blogsaverroes.juntadeandalucia.es\/iesmm\/files\/2020\/03\/INFOGRAF\u00cdA-IPASEN-24x36.png 24w, https:\/\/blogsaverroes.juntadeandalucia.es\/iesmm\/files\/2020\/03\/INFOGRAF\u00cdA-IPASEN-32x48.png 32w, https:\/\/blogsaverroes.juntadeandalucia.es\/iesmm\/files\/2020\/03\/INFOGRAF\u00cdA-IPASEN.png 1057w\" sizes=\"(max-width: 355px) 100vw, 355px\" \/><\/a><\/p>\n","protected":false},"excerpt":{"rendered":"<p>DATE DE ALTA EN IPASEN En el siguiente esquema, viene indicado como darse de alta en IPasen. As\u00ed podr\u00e1s comunicarte con el Centro, ver las calificaciones, comunicaciones con tutores&#8230;. Acceso a P\u00e1gina web IPasen&#46;&#46;&#46;<\/p>\n","protected":false},"author":2321,"featured_media":0,"parent":0,"menu_order":0,"comment_status":"closed","ping_status":"closed","template":"","meta":{"ngg_post_thumbnail":0,"footnotes":"","_mc_calendar":[]},"aioseo_notices":[],"_links":{"self":[{"href":"https:\/\/blogsaverroes.juntadeandalucia.es\/iesmm\/wp-json\/wp\/v2\/pages\/2837"}],"collection":[{"href":"https:\/\/blogsaverroes.juntadeandalucia.es\/iesmm\/wp-json\/wp\/v2\/pages"}],"about":[{"href":"https:\/\/blogsaverroes.juntadeandalucia.es\/iesmm\/wp-json\/wp\/v2\/types\/page"}],"author":[{"embeddable":true,"href":"https:\/\/blogsaverroes.juntadeandalucia.es\/iesmm\/wp-json\/wp\/v2\/users\/2321"}],"replies":[{"embeddable":true,"href":"https:\/\/blogsaverroes.juntadeandalucia.es\/iesmm\/wp-json\/wp\/v2\/comments?post=2837"}],"version-history":[{"count":8,"href":"https:\/\/blogsaverroes.juntadeandalucia.es\/iesmm\/wp-json\/wp\/v2\/pages\/2837\/revisions"}],"predecessor-version":[{"id":2854,"href":"https:\/\/blogsaverroes.juntadeandalucia.es\/iesmm\/wp-json\/wp\/v2\/pages\/2837\/revisions\/2854"}],"wp:attachment":[{"href":"https:\/\/blogsaverroes.juntadeandalucia.es\/iesmm\/wp-json\/wp\/v2\/media?parent=2837"}],"curies":[{"name":"wp","href":"https:\/\/api.w.org\/{rel}","templated":true}]}}