{"id":2995,"date":"2022-05-05T09:40:31","date_gmt":"2022-05-05T09:40:31","guid":{"rendered":"http:\/\/blogsaverroes.juntadeandalucia.es\/iesmm\/?page_id=2995"},"modified":"2022-05-05T11:20:18","modified_gmt":"2022-05-05T11:20:18","slug":"imagen-personal","status":"publish","type":"page","link":"https:\/\/blogsaverroes.juntadeandalucia.es\/iesmm\/imagen-personal\/","title":{"rendered":"Imagen Personal"},"content":{"rendered":"<p style=\"text-align: center\"><a href=\"https:\/\/blogsaverroes.juntadeandalucia.es\/iesmm\/files\/2021\/06\/TR\u00cdPTICO-CICLO-EST\u00c9TICA-IES-MA\u00d1ARA-50-ANIVERSARIO.pdf\">TR\u00cdPTICO CICLO EST\u00c9TICA IES MA\u00d1ARA 50 ANIVERSARIO<\/a><\/p>\n<p><a href=\"https:\/\/blogsaverroes.juntadeandalucia.es\/iesmm\/files\/2022\/03\/FP1.jpg\"><img loading=\"lazy\" decoding=\"async\" class=\"aligncenter size-full wp-image-2833\" src=\"https:\/\/blogsaverroes.juntadeandalucia.es\/iesmm\/files\/2022\/03\/FP1.jpg\" alt=\"\" width=\"1286\" height=\"909\" srcset=\"https:\/\/blogsaverroes.juntadeandalucia.es\/iesmm\/files\/2022\/03\/FP1.jpg 1286w, https:\/\/blogsaverroes.juntadeandalucia.es\/iesmm\/files\/2022\/03\/FP1-300x212.jpg 300w, https:\/\/blogsaverroes.juntadeandalucia.es\/iesmm\/files\/2022\/03\/FP1-1024x724.jpg 1024w, https:\/\/blogsaverroes.juntadeandalucia.es\/iesmm\/files\/2022\/03\/FP1-768x543.jpg 768w\" sizes=\"(max-width: 1286px) 100vw, 1286px\" \/><\/a><a href=\"https:\/\/blogsaverroes.juntadeandalucia.es\/iesmm\/files\/2022\/03\/FP2.jpg\"><img loading=\"lazy\" decoding=\"async\" class=\"aligncenter size-full wp-image-2835\" src=\"https:\/\/blogsaverroes.juntadeandalucia.es\/iesmm\/files\/2022\/03\/FP2.jpg\" alt=\"\" width=\"1280\" height=\"909\" srcset=\"https:\/\/blogsaverroes.juntadeandalucia.es\/iesmm\/files\/2022\/03\/FP2.jpg 1280w, https:\/\/blogsaverroes.juntadeandalucia.es\/iesmm\/files\/2022\/03\/FP2-300x213.jpg 300w, https:\/\/blogsaverroes.juntadeandalucia.es\/iesmm\/files\/2022\/03\/FP2-1024x727.jpg 1024w, https:\/\/blogsaverroes.juntadeandalucia.es\/iesmm\/files\/2022\/03\/FP2-768x545.jpg 768w\" sizes=\"(max-width: 1280px) 100vw, 1280px\" \/><\/a><\/p>\n","protected":false},"excerpt":{"rendered":"<p>TR\u00cdPTICO CICLO EST\u00c9TICA IES MA\u00d1ARA 50 ANIVERSARIO<\/p>\n","protected":false},"author":2321,"featured_media":0,"parent":0,"menu_order":0,"comment_status":"closed","ping_status":"closed","template":"","meta":{"ngg_post_thumbnail":0,"footnotes":"","_mc_calendar":[]},"aioseo_notices":[],"_links":{"self":[{"href":"https:\/\/blogsaverroes.juntadeandalucia.es\/iesmm\/wp-json\/wp\/v2\/pages\/2995"}],"collection":[{"href":"https:\/\/blogsaverroes.juntadeandalucia.es\/iesmm\/wp-json\/wp\/v2\/pages"}],"about":[{"href":"https:\/\/blogsaverroes.juntadeandalucia.es\/iesmm\/wp-json\/wp\/v2\/types\/page"}],"author":[{"embeddable":true,"href":"https:\/\/blogsaverroes.juntadeandalucia.es\/iesmm\/wp-json\/wp\/v2\/users\/2321"}],"replies":[{"embeddable":true,"href":"https:\/\/blogsaverroes.juntadeandalucia.es\/iesmm\/wp-json\/wp\/v2\/comments?post=2995"}],"version-history":[{"count":2,"href":"https:\/\/blogsaverroes.juntadeandalucia.es\/iesmm\/wp-json\/wp\/v2\/pages\/2995\/revisions"}],"predecessor-version":[{"id":3004,"href":"https:\/\/blogsaverroes.juntadeandalucia.es\/iesmm\/wp-json\/wp\/v2\/pages\/2995\/revisions\/3004"}],"wp:attachment":[{"href":"https:\/\/blogsaverroes.juntadeandalucia.es\/iesmm\/wp-json\/wp\/v2\/media?parent=2995"}],"curies":[{"name":"wp","href":"https:\/\/api.w.org\/{rel}","templated":true}]}}