{"id":3178,"date":"2022-09-29T12:07:00","date_gmt":"2022-09-29T12:07:00","guid":{"rendered":"http:\/\/blogsaverroes.juntadeandalucia.es\/iesmm\/?page_id=3178"},"modified":"2023-04-28T06:47:50","modified_gmt":"2023-04-28T06:47:50","slug":"ajedrez","status":"publish","type":"page","link":"https:\/\/blogsaverroes.juntadeandalucia.es\/iesmm\/ajedrez\/","title":{"rendered":"Ajedrez"},"content":{"rendered":"<h2>I Torneo Interescolar de Ajedrez.<\/h2>\n<p>Se ha celebrado en la biblioteca de nuestro instituto el I Campeonato Interescolar de Ajedrez, con la participaci\u00f3n de los centros IES Antonio de Ulloa, IES Carmen Laff\u00f3n e IES Miguel de Ma\u00f1ara, con la colaboraci\u00f3n del Club de Ajedrez San Jos\u00e9. Los vencedores del torneo han sido los chicos del Antonio de Ulloa, quedando subcampe\u00f3n Miguel de Ma\u00f1ara y en tercer lugar Carmen Laff\u00f3n. Agradecemos a todos su participaci\u00f3n y nos vemos el curso que viene en una nueva edici\u00f3n.&nbsp;<a href=\"http:\/\/blogsaverroes.juntadeandalucia.es\/iesmm\/ajedrez\/attachment\/3\/\" rel=\"attachment wp-att-3282\"><img loading=\"lazy\" decoding=\"async\" class=\"aligncenter size-large wp-image-3282\" src=\"https:\/\/blogsaverroes.juntadeandalucia.es\/iesmm\/files\/2023\/04\/3.jpeg\" alt=\"\" width=\"1024\" height=\"768\" srcset=\"https:\/\/blogsaverroes.juntadeandalucia.es\/iesmm\/files\/2023\/04\/3.jpeg 1024w, https:\/\/blogsaverroes.juntadeandalucia.es\/iesmm\/files\/2023\/04\/3-300x225.jpeg 300w, https:\/\/blogsaverroes.juntadeandalucia.es\/iesmm\/files\/2023\/04\/3-768x576.jpeg 768w\" sizes=\"(max-width: 1024px) 100vw, 1024px\" \/><\/a><a href=\"http:\/\/blogsaverroes.juntadeandalucia.es\/iesmm\/ajedrez\/attachment\/6\/\" rel=\"attachment wp-att-3284\"><img loading=\"lazy\" decoding=\"async\" class=\"aligncenter size-large wp-image-3284\" src=\"https:\/\/blogsaverroes.juntadeandalucia.es\/iesmm\/files\/2023\/04\/6-1024x768.jpeg\" alt=\"\" width=\"1024\" height=\"768\" srcset=\"https:\/\/blogsaverroes.juntadeandalucia.es\/iesmm\/files\/2023\/04\/6-1024x768.jpeg 1024w, https:\/\/blogsaverroes.juntadeandalucia.es\/iesmm\/files\/2023\/04\/6-300x225.jpeg 300w, https:\/\/blogsaverroes.juntadeandalucia.es\/iesmm\/files\/2023\/04\/6-768x576.jpeg 768w, https:\/\/blogsaverroes.juntadeandalucia.es\/iesmm\/files\/2023\/04\/6-1536x1152.jpeg 1536w, https:\/\/blogsaverroes.juntadeandalucia.es\/iesmm\/files\/2023\/04\/6.jpeg 1600w\" sizes=\"(max-width: 1024px) 100vw, 1024px\" \/><\/a><\/p>\n<p>El ganador del II Torneo de Ajedrez Miguel de Ma\u00f1ara ha sido el alumno de 2\u00baE Jos\u00e9 Francisco Gonzales Clavijo, invicto en cada una de las rondas que se han venido disputando entre cincuenta participantes desde el mes de noviembre hasta el mes de abril en nuestra biblioteca. Enhorabuena al campe\u00f3n y tambi\u00e9n a todos los participantes.<\/p>\n<p><a href=\"http:\/\/blogsaverroes.juntadeandalucia.es\/iesmm\/ajedrez\/whatsapp-image-2023-04-25-at-17-28-52\/\" rel=\"attachment wp-att-3289\"><img loading=\"lazy\" decoding=\"async\" class=\"aligncenter size-large wp-image-3289\" src=\"https:\/\/blogsaverroes.juntadeandalucia.es\/iesmm\/files\/2023\/04\/WhatsApp-Image-2023-04-25-at-17.28.52-1024x1024.jpeg\" alt=\"\" width=\"1024\" height=\"1024\" srcset=\"https:\/\/blogsaverroes.juntadeandalucia.es\/iesmm\/files\/2023\/04\/WhatsApp-Image-2023-04-25-at-17.28.52-1024x1024.jpeg 1024w, https:\/\/blogsaverroes.juntadeandalucia.es\/iesmm\/files\/2023\/04\/WhatsApp-Image-2023-04-25-at-17.28.52-300x300.jpeg 300w, https:\/\/blogsaverroes.juntadeandalucia.es\/iesmm\/files\/2023\/04\/WhatsApp-Image-2023-04-25-at-17.28.52-150x150.jpeg 150w, https:\/\/blogsaverroes.juntadeandalucia.es\/iesmm\/files\/2023\/04\/WhatsApp-Image-2023-04-25-at-17.28.52-768x768.jpeg 768w, https:\/\/blogsaverroes.juntadeandalucia.es\/iesmm\/files\/2023\/04\/WhatsApp-Image-2023-04-25-at-17.28.52-1536x1536.jpeg 1536w, https:\/\/blogsaverroes.juntadeandalucia.es\/iesmm\/files\/2023\/04\/WhatsApp-Image-2023-04-25-at-17.28.52-2048x2048.jpeg 2048w, https:\/\/blogsaverroes.juntadeandalucia.es\/iesmm\/files\/2023\/04\/WhatsApp-Image-2023-04-25-at-17.28.52-80x80.jpeg 80w, https:\/\/blogsaverroes.juntadeandalucia.es\/iesmm\/files\/2023\/04\/WhatsApp-Image-2023-04-25-at-17.28.52-320x320.jpeg 320w, https:\/\/blogsaverroes.juntadeandalucia.es\/iesmm\/files\/2023\/04\/WhatsApp-Image-2023-04-25-at-17.28.52.jpeg 1600w\" sizes=\"(max-width: 1024px) 100vw, 1024px\" \/><\/a> <a href=\"http:\/\/blogsaverroes.juntadeandalucia.es\/iesmm\/ajedrez\/whatsapp-image-2023-04-25-at-17-28-53\/\" rel=\"attachment wp-att-3290\"><img loading=\"lazy\" decoding=\"async\" class=\"aligncenter size-large wp-image-3290\" src=\"https:\/\/blogsaverroes.juntadeandalucia.es\/iesmm\/files\/2023\/04\/WhatsApp-Image-2023-04-25-at-17.28.53-1024x1024.jpeg\" alt=\"\" width=\"1024\" height=\"1024\" srcset=\"https:\/\/blogsaverroes.juntadeandalucia.es\/iesmm\/files\/2023\/04\/WhatsApp-Image-2023-04-25-at-17.28.53-1024x1024.jpeg 1024w, https:\/\/blogsaverroes.juntadeandalucia.es\/iesmm\/files\/2023\/04\/WhatsApp-Image-2023-04-25-at-17.28.53-300x300.jpeg 300w, https:\/\/blogsaverroes.juntadeandalucia.es\/iesmm\/files\/2023\/04\/WhatsApp-Image-2023-04-25-at-17.28.53-150x150.jpeg 150w, https:\/\/blogsaverroes.juntadeandalucia.es\/iesmm\/files\/2023\/04\/WhatsApp-Image-2023-04-25-at-17.28.53-768x768.jpeg 768w, https:\/\/blogsaverroes.juntadeandalucia.es\/iesmm\/files\/2023\/04\/WhatsApp-Image-2023-04-25-at-17.28.53-1536x1536.jpeg 1536w, https:\/\/blogsaverroes.juntadeandalucia.es\/iesmm\/files\/2023\/04\/WhatsApp-Image-2023-04-25-at-17.28.53-2048x2048.jpeg 2048w, https:\/\/blogsaverroes.juntadeandalucia.es\/iesmm\/files\/2023\/04\/WhatsApp-Image-2023-04-25-at-17.28.53-80x80.jpeg 80w, https:\/\/blogsaverroes.juntadeandalucia.es\/iesmm\/files\/2023\/04\/WhatsApp-Image-2023-04-25-at-17.28.53-320x320.jpeg 320w, https:\/\/blogsaverroes.juntadeandalucia.es\/iesmm\/files\/2023\/04\/WhatsApp-Image-2023-04-25-at-17.28.53.jpeg 1600w\" sizes=\"(max-width: 1024px) 100vw, 1024px\" \/><\/a><a href=\"http:\/\/blogsaverroes.juntadeandalucia.es\/iesmm\/ajedrez\/attachment\/7\/\" rel=\"attachment wp-att-3285\"><img loading=\"lazy\" decoding=\"async\" class=\"aligncenter size-large wp-image-3285\" src=\"https:\/\/blogsaverroes.juntadeandalucia.es\/iesmm\/files\/2023\/04\/7-1024x769.jpeg\" alt=\"\" width=\"1024\" height=\"769\" srcset=\"https:\/\/blogsaverroes.juntadeandalucia.es\/iesmm\/files\/2023\/04\/7-1024x769.jpeg 1024w, https:\/\/blogsaverroes.juntadeandalucia.es\/iesmm\/files\/2023\/04\/7-300x225.jpeg 300w, https:\/\/blogsaverroes.juntadeandalucia.es\/iesmm\/files\/2023\/04\/7-768x576.jpeg 768w, https:\/\/blogsaverroes.juntadeandalucia.es\/iesmm\/files\/2023\/04\/7-1536x1153.jpeg 1536w, https:\/\/blogsaverroes.juntadeandalucia.es\/iesmm\/files\/2023\/04\/7.jpeg 1600w\" sizes=\"(max-width: 1024px) 100vw, 1024px\" \/><\/a><a href=\"http:\/\/blogsaverroes.juntadeandalucia.es\/iesmm\/ajedrez\/attachment\/4\/\" rel=\"attachment wp-att-3281\"><img loading=\"lazy\" decoding=\"async\" class=\"aligncenter size-full wp-image-3281\" src=\"https:\/\/blogsaverroes.juntadeandalucia.es\/iesmm\/files\/2023\/04\/4.jpeg\" alt=\"\" width=\"1024\" height=\"768\" srcset=\"https:\/\/blogsaverroes.juntadeandalucia.es\/iesmm\/files\/2023\/04\/4.jpeg 1024w, https:\/\/blogsaverroes.juntadeandalucia.es\/iesmm\/files\/2023\/04\/4-300x225.jpeg 300w, https:\/\/blogsaverroes.juntadeandalucia.es\/iesmm\/files\/2023\/04\/4-768x576.jpeg 768w\" sizes=\"(max-width: 1024px) 100vw, 1024px\" \/><\/a><a href=\"http:\/\/blogsaverroes.juntadeandalucia.es\/iesmm\/ajedrez\/attachment\/5\/\" rel=\"attachment wp-att-3283\"><img loading=\"lazy\" decoding=\"async\" class=\"aligncenter size-large wp-image-3283\" src=\"https:\/\/blogsaverroes.juntadeandalucia.es\/iesmm\/files\/2023\/04\/5-1024x498.jpeg\" alt=\"\" width=\"1024\" height=\"498\" srcset=\"https:\/\/blogsaverroes.juntadeandalucia.es\/iesmm\/files\/2023\/04\/5-1024x498.jpeg 1024w, https:\/\/blogsaverroes.juntadeandalucia.es\/iesmm\/files\/2023\/04\/5-300x146.jpeg 300w, https:\/\/blogsaverroes.juntadeandalucia.es\/iesmm\/files\/2023\/04\/5-768x373.jpeg 768w, https:\/\/blogsaverroes.juntadeandalucia.es\/iesmm\/files\/2023\/04\/5-1536x747.jpeg 1536w, https:\/\/blogsaverroes.juntadeandalucia.es\/iesmm\/files\/2023\/04\/5.jpeg 1600w\" sizes=\"(max-width: 1024px) 100vw, 1024px\" \/><\/a><\/p>\n<h2>&nbsp;<\/h2>\n<h2>II Torneo de Ajedrez Miguel de Ma\u00f1ara.<\/h2>\n<p>Ya tenemos en marcha el II Torneo de Ajedrez Miguel de Ma\u00f1ara. Cincuenta participantes que nos est\u00e1n demostrando que otra forma de competir es posible, siempre con respeto y con pasi\u00f3n, peque\u00f1os y mayores mezclados en un deporte que cada vez est\u00e1 creciendo m\u00e1s en nuestro centro.<\/p>\n<p><a href=\"http:\/\/blogsaverroes.juntadeandalucia.es\/iesmm\/ajedrez\/ajedrez-ii\/\" rel=\"attachment wp-att-3240\"><img loading=\"lazy\" decoding=\"async\" class=\"aligncenter size-large wp-image-3240\" src=\"https:\/\/blogsaverroes.juntadeandalucia.es\/iesmm\/files\/2022\/12\/Ajedrez-II-1024x769.jpg\" alt=\"\" width=\"1024\" height=\"769\" srcset=\"https:\/\/blogsaverroes.juntadeandalucia.es\/iesmm\/files\/2022\/12\/Ajedrez-II-1024x769.jpg 1024w, https:\/\/blogsaverroes.juntadeandalucia.es\/iesmm\/files\/2022\/12\/Ajedrez-II-300x225.jpg 300w, https:\/\/blogsaverroes.juntadeandalucia.es\/iesmm\/files\/2022\/12\/Ajedrez-II-768x577.jpg 768w, https:\/\/blogsaverroes.juntadeandalucia.es\/iesmm\/files\/2022\/12\/Ajedrez-II-1536x1153.jpg 1536w, https:\/\/blogsaverroes.juntadeandalucia.es\/iesmm\/files\/2022\/12\/Ajedrez-II-2048x1538.jpg 2048w, https:\/\/blogsaverroes.juntadeandalucia.es\/iesmm\/files\/2022\/12\/Ajedrez-II-scaled.jpg 1600w\" sizes=\"(max-width: 1024px) 100vw, 1024px\" \/><\/a><\/p>\n<h2>&nbsp;<\/h2>\n<h2>I Torneo de Ajedrez Miguel de Ma\u00f1ara.<\/h2>\n<p>M\u00e1s de cincuenta participantes en la primera edici\u00f3n del Torneo de Ajedrez Miguel de Ma\u00f1ara, que tuvo como vencedor a Justo Amaya Rodr\u00edguez. Contamos tambi\u00e9n con la disputa de una simult\u00e1nea entre los mejores clasificados y Jos\u00e9 Manuel Garrido, Presidente del Club Ajedrez San Jos\u00e9.<\/p>\n<p><a href=\"http:\/\/blogsaverroes.juntadeandalucia.es\/iesmm\/ajedrez\/ajedrez1\/\" rel=\"attachment wp-att-3198\"><img loading=\"lazy\" decoding=\"async\" class=\"aligncenter size-large wp-image-3198\" src=\"https:\/\/blogsaverroes.juntadeandalucia.es\/iesmm\/files\/2022\/10\/Ajedrez1-1024x768.jpg\" alt=\"\" width=\"1024\" height=\"768\" srcset=\"https:\/\/blogsaverroes.juntadeandalucia.es\/iesmm\/files\/2022\/10\/Ajedrez1-1024x768.jpg 1024w, https:\/\/blogsaverroes.juntadeandalucia.es\/iesmm\/files\/2022\/10\/Ajedrez1-300x225.jpg 300w, https:\/\/blogsaverroes.juntadeandalucia.es\/iesmm\/files\/2022\/10\/Ajedrez1-768x576.jpg 768w, https:\/\/blogsaverroes.juntadeandalucia.es\/iesmm\/files\/2022\/10\/Ajedrez1-1536x1152.jpg 1536w, https:\/\/blogsaverroes.juntadeandalucia.es\/iesmm\/files\/2022\/10\/Ajedrez1.jpg 1600w\" sizes=\"(max-width: 1024px) 100vw, 1024px\" \/><\/a> <a href=\"http:\/\/blogsaverroes.juntadeandalucia.es\/iesmm\/ajedrez\/ajedrez2\/\" rel=\"attachment wp-att-3199\"><img loading=\"lazy\" decoding=\"async\" class=\"aligncenter size-large wp-image-3199\" src=\"https:\/\/blogsaverroes.juntadeandalucia.es\/iesmm\/files\/2022\/10\/Ajedrez2-1024x769.jpg\" alt=\"\" width=\"1024\" height=\"769\" srcset=\"https:\/\/blogsaverroes.juntadeandalucia.es\/iesmm\/files\/2022\/10\/Ajedrez2-1024x769.jpg 1024w, https:\/\/blogsaverroes.juntadeandalucia.es\/iesmm\/files\/2022\/10\/Ajedrez2-300x225.jpg 300w, https:\/\/blogsaverroes.juntadeandalucia.es\/iesmm\/files\/2022\/10\/Ajedrez2-768x577.jpg 768w, https:\/\/blogsaverroes.juntadeandalucia.es\/iesmm\/files\/2022\/10\/Ajedrez2-1536x1153.jpg 1536w, https:\/\/blogsaverroes.juntadeandalucia.es\/iesmm\/files\/2022\/10\/Ajedrez2-2048x1538.jpg 2048w, https:\/\/blogsaverroes.juntadeandalucia.es\/iesmm\/files\/2022\/10\/Ajedrez2-scaled.jpg 1600w\" sizes=\"(max-width: 1024px) 100vw, 1024px\" \/><\/a> <a href=\"http:\/\/blogsaverroes.juntadeandalucia.es\/iesmm\/ajedrez\/ajedrez3\/\" rel=\"attachment wp-att-3200\"><img loading=\"lazy\" decoding=\"async\" class=\"aligncenter size-large wp-image-3200\" src=\"https:\/\/blogsaverroes.juntadeandalucia.es\/iesmm\/files\/2022\/10\/Ajedrez3-1024x769.jpg\" alt=\"\" width=\"1024\" height=\"769\" srcset=\"https:\/\/blogsaverroes.juntadeandalucia.es\/iesmm\/files\/2022\/10\/Ajedrez3-1024x769.jpg 1024w, https:\/\/blogsaverroes.juntadeandalucia.es\/iesmm\/files\/2022\/10\/Ajedrez3-300x225.jpg 300w, https:\/\/blogsaverroes.juntadeandalucia.es\/iesmm\/files\/2022\/10\/Ajedrez3-768x577.jpg 768w, https:\/\/blogsaverroes.juntadeandalucia.es\/iesmm\/files\/2022\/10\/Ajedrez3-1536x1153.jpg 1536w, https:\/\/blogsaverroes.juntadeandalucia.es\/iesmm\/files\/2022\/10\/Ajedrez3-2048x1538.jpg 2048w, https:\/\/blogsaverroes.juntadeandalucia.es\/iesmm\/files\/2022\/10\/Ajedrez3-scaled.jpg 1600w\" sizes=\"(max-width: 1024px) 100vw, 1024px\" \/><\/a> <a href=\"http:\/\/blogsaverroes.juntadeandalucia.es\/iesmm\/ajedrez\/ajedrez4\/\" rel=\"attachment wp-att-3201\"><img loading=\"lazy\" decoding=\"async\" class=\"aligncenter size-large wp-image-3201\" src=\"https:\/\/blogsaverroes.juntadeandalucia.es\/iesmm\/files\/2022\/10\/Ajedrez4-1024x768.jpg\" alt=\"\" width=\"1024\" height=\"768\" srcset=\"https:\/\/blogsaverroes.juntadeandalucia.es\/iesmm\/files\/2022\/10\/Ajedrez4-1024x768.jpg 1024w, https:\/\/blogsaverroes.juntadeandalucia.es\/iesmm\/files\/2022\/10\/Ajedrez4-300x225.jpg 300w, https:\/\/blogsaverroes.juntadeandalucia.es\/iesmm\/files\/2022\/10\/Ajedrez4-768x576.jpg 768w, https:\/\/blogsaverroes.juntadeandalucia.es\/iesmm\/files\/2022\/10\/Ajedrez4-1536x1152.jpg 1536w, https:\/\/blogsaverroes.juntadeandalucia.es\/iesmm\/files\/2022\/10\/Ajedrez4.jpg 1600w\" sizes=\"(max-width: 1024px) 100vw, 1024px\" \/><\/a><\/p>\n","protected":false},"excerpt":{"rendered":"<p>I Torneo Interescolar de Ajedrez. Se ha celebrado en la biblioteca de nuestro instituto el I Campeonato Interescolar de Ajedrez, con la participaci\u00f3n de los centros IES Antonio de Ulloa, IES Carmen Laff\u00f3n e&#46;&#46;&#46;<\/p>\n","protected":false},"author":2321,"featured_media":0,"parent":0,"menu_order":0,"comment_status":"closed","ping_status":"closed","template":"","meta":{"ngg_post_thumbnail":0,"footnotes":"","_mc_calendar":[]},"aioseo_notices":[],"_links":{"self":[{"href":"https:\/\/blogsaverroes.juntadeandalucia.es\/iesmm\/wp-json\/wp\/v2\/pages\/3178"}],"collection":[{"href":"https:\/\/blogsaverroes.juntadeandalucia.es\/iesmm\/wp-json\/wp\/v2\/pages"}],"about":[{"href":"https:\/\/blogsaverroes.juntadeandalucia.es\/iesmm\/wp-json\/wp\/v2\/types\/page"}],"author":[{"embeddable":true,"href":"https:\/\/blogsaverroes.juntadeandalucia.es\/iesmm\/wp-json\/wp\/v2\/users\/2321"}],"replies":[{"embeddable":true,"href":"https:\/\/blogsaverroes.juntadeandalucia.es\/iesmm\/wp-json\/wp\/v2\/comments?post=3178"}],"version-history":[{"count":12,"href":"https:\/\/blogsaverroes.juntadeandalucia.es\/iesmm\/wp-json\/wp\/v2\/pages\/3178\/revisions"}],"predecessor-version":[{"id":3295,"href":"https:\/\/blogsaverroes.juntadeandalucia.es\/iesmm\/wp-json\/wp\/v2\/pages\/3178\/revisions\/3295"}],"wp:attachment":[{"href":"https:\/\/blogsaverroes.juntadeandalucia.es\/iesmm\/wp-json\/wp\/v2\/media?parent=3178"}],"curies":[{"name":"wp","href":"https:\/\/api.w.org\/{rel}","templated":true}]}}