{"id":707,"date":"2025-11-16T14:27:16","date_gmt":"2025-11-16T13:27:16","guid":{"rendered":"https:\/\/blogsaverroes.juntadeandalucia.es\/iesmunigua\/?page_id=707"},"modified":"2025-11-16T14:27:16","modified_gmt":"2025-11-16T13:27:16","slug":"2o-fp","status":"publish","type":"page","link":"https:\/\/blogsaverroes.juntadeandalucia.es\/iesmunigua\/2o-fp\/","title":{"rendered":"2\u00ba FP"},"content":{"rendered":"<div class=\"Y3BBE\" data-sfc-cp=\"\" data-hveid=\"CAEQAA\" data-processed=\"true\">Los objetivos curriculares del segundo ciclo de FP B\u00e1sica en Mantenimiento de Viviendas en Andaluc\u00eda se centran en preparar al alumnado para realizar operaciones de fontaner\u00eda, calefacci\u00f3n, climatizaci\u00f3n y peque\u00f1as instalaciones electrot\u00e9cnicas. Esto incluye seleccionar y utilizar materiales y herramientas, montar y desmontar elementos de instalaciones, instalar aparatos sanitarios y realizar tareas b\u00e1sicas de mantenimiento de revestimientos y mobiliario.<span class=\"uJ19be notranslate\" data-wiz-uids=\"WLapDc_b,WLapDc_c,WLapDc_d\" data-processed=\"true\"><span class=\"vKEkVd\" data-animation-atomic=\"\" data-processed=\"true\">&nbsp;<\/span><\/span><\/div>\n<div class=\"Fsg96\" data-sfc-cp=\"\" data-processed=\"true\">&nbsp;<\/div>\n<div class=\"otQkpb\" role=\"heading\" data-animation-nesting=\"\" data-sfc-cp=\"\" data-processed=\"true\">Objetivos principales:<\/div>\n<ul class=\"KsbFXc U6u95\" data-processed=\"true\">\n<li data-hveid=\"CAQQAA\" data-processed=\"true\"><span class=\"T286Pc\" data-sfc-cp=\"\" data-processed=\"true\"><strong class=\"Yjhzub\" data-processed=\"true\">Fontaner\u00eda y climatizaci\u00f3n:<\/strong>&nbsp;Realizar operaciones de montaje y mantenimiento en instalaciones de fontaner\u00eda y calefacci\u00f3n\/climatizaci\u00f3n, incluyendo la apertura de rozas, el ensamblaje de tuber\u00edas y la instalaci\u00f3n de equipos sanitarios.<\/span><\/li>\n<li data-hveid=\"CAQQAQ\" data-processed=\"true\"><span class=\"T286Pc\" data-sfc-cp=\"\" data-processed=\"true\"><strong class=\"Yjhzub\" data-processed=\"true\">Instalaciones electrot\u00e9cnicas:<\/strong>&nbsp;Realizar peque\u00f1as reparaciones y sustituci\u00f3n de elementos sencillos en instalaciones electrot\u00e9cnicas.<\/span><\/li>\n<li data-hveid=\"CAQQAg\" data-processed=\"true\"><span class=\"T286Pc\" data-sfc-cp=\"\" data-processed=\"true\"><strong class=\"Yjhzub\" data-processed=\"true\">Revestimientos y pintura:<\/strong>&nbsp;Realizar tareas de mantenimiento y colocaci\u00f3n en revestimientos continuos, alicatados y pintura.<\/span><\/li>\n<li data-hveid=\"CAQQAw\" data-processed=\"true\"><span class=\"T286Pc\" data-sfc-cp=\"\" data-processed=\"true\"><strong class=\"Yjhzub\" data-processed=\"true\">Mobiliario:<\/strong>&nbsp;Montar y colocar mobiliario prefabricado y complementos.<\/span><\/li>\n<li data-hveid=\"CAQQBA\" data-processed=\"true\"><span class=\"T286Pc\" data-sfc-cp=\"\" data-processed=\"true\"><strong class=\"Yjhzub\" data-processed=\"true\">Prevenci\u00f3n de riesgos:<\/strong>&nbsp;Aplicar las normas de prevenci\u00f3n de riesgos laborales y protecci\u00f3n medioambiental.<\/span><\/li>\n<li data-hveid=\"CAQQBQ\" data-processed=\"true\"><span class=\"T286Pc\" data-sfc-cp=\"\" data-processed=\"true\"><strong class=\"Yjhzub\" data-processed=\"true\">Competencia comunicativa:<\/strong>&nbsp;Comunicarse de forma oral y escrita en castellano y, en su caso, en la lengua cooficial y en alguna lengua extranjera.<\/span><span class=\"uJ19be notranslate\" data-wiz-uids=\"WLapDc_1s,WLapDc_1t,WLapDc_1u\" data-processed=\"true\"><span class=\"vKEkVd\" data-animation-atomic=\"\" data-processed=\"true\">&nbsp;<\/span><\/span><\/li>\n<\/ul>\n","protected":false},"excerpt":{"rendered":"<p>Los objetivos curriculares del segundo ciclo de FP B\u00e1sica en Mantenimiento de Viviendas en Andaluc\u00eda se centran en preparar al alumnado para realizar operaciones de fontaner\u00eda, calefacci\u00f3n, climatizaci\u00f3n y peque\u00f1as instalaciones electrot\u00e9cnicas. Esto incluye seleccionar y utilizar materiales y herramientas, montar y desmontar elementos de instalaciones, instalar aparatos sanitarios y realizar tareas b\u00e1sicas de mantenimiento [&hellip;]<\/p>\n","protected":false},"author":21351,"featured_media":0,"parent":0,"menu_order":0,"comment_status":"closed","ping_status":"closed","template":"","meta":{"_et_pb_use_builder":"","_et_pb_old_content":"","_et_gb_content_width":"","ngg_post_thumbnail":0,"footnotes":""},"aioseo_notices":[],"_links":{"self":[{"href":"https:\/\/blogsaverroes.juntadeandalucia.es\/iesmunigua\/wp-json\/wp\/v2\/pages\/707"}],"collection":[{"href":"https:\/\/blogsaverroes.juntadeandalucia.es\/iesmunigua\/wp-json\/wp\/v2\/pages"}],"about":[{"href":"https:\/\/blogsaverroes.juntadeandalucia.es\/iesmunigua\/wp-json\/wp\/v2\/types\/page"}],"author":[{"embeddable":true,"href":"https:\/\/blogsaverroes.juntadeandalucia.es\/iesmunigua\/wp-json\/wp\/v2\/users\/21351"}],"replies":[{"embeddable":true,"href":"https:\/\/blogsaverroes.juntadeandalucia.es\/iesmunigua\/wp-json\/wp\/v2\/comments?post=707"}],"version-history":[{"count":1,"href":"https:\/\/blogsaverroes.juntadeandalucia.es\/iesmunigua\/wp-json\/wp\/v2\/pages\/707\/revisions"}],"predecessor-version":[{"id":708,"href":"https:\/\/blogsaverroes.juntadeandalucia.es\/iesmunigua\/wp-json\/wp\/v2\/pages\/707\/revisions\/708"}],"wp:attachment":[{"href":"https:\/\/blogsaverroes.juntadeandalucia.es\/iesmunigua\/wp-json\/wp\/v2\/media?parent=707"}],"curies":[{"name":"wp","href":"https:\/\/api.w.org\/{rel}","templated":true}]}}