{"id":2192,"date":"2024-10-24T19:02:23","date_gmt":"2024-10-24T19:02:23","guid":{"rendered":"https:\/\/blogsaverroes.juntadeandalucia.es\/iesnazari\/?page_id=2192"},"modified":"2024-10-24T19:02:23","modified_gmt":"2024-10-24T19:02:23","slug":"oferta-educativa","status":"publish","type":"page","link":"https:\/\/blogsaverroes.juntadeandalucia.es\/iesnazari\/oferta-educativa\/","title":{"rendered":"OFERTA EDUCATIVA"},"content":{"rendered":"<div class=\"wp-block-image\">\n<figure class=\"aligncenter size-large is-resized\"><img loading=\"lazy\" decoding=\"async\" class=\"wp-image-1939 aligncenter\" src=\"https:\/\/iesnazari.com\/wp-content\/uploads\/2022\/04\/boton-ESO.jpg\" alt=\"\" width=\"437\" height=\"658\"><\/figure>\n<\/div>\n<p>&nbsp;<\/p>\n<p>&nbsp;<\/p>\n<div class=\"wp-block-image\">\n<figure class=\"aligncenter size-large is-resized\"><img loading=\"lazy\" decoding=\"async\" class=\"wp-image-1936 aligncenter\" src=\"https:\/\/iesnazari.com\/wp-content\/uploads\/2022\/04\/boton-BACHILLERATO-CIENCIAS.jpg\" alt=\"\" width=\"432\" height=\"648\"><\/figure>\n<\/div>\n<p>&nbsp;<\/p>\n<div class=\"wp-block-image\">\n<figure class=\"aligncenter size-large is-resized\"><img loading=\"lazy\" decoding=\"async\" class=\"wp-image-1937 aligncenter\" src=\"https:\/\/iesnazari.com\/wp-content\/uploads\/2022\/04\/boton-BACHILLERATO-H-y-CCSS.jpg\" alt=\"\" width=\"432\" height=\"704\"><\/figure>\n<\/div>\n<div class=\"wp-block-image\">\n<figure class=\"aligncenter size-full is-resized\"><a href=\"https:\/\/www.juntadeandalucia.es\/educacion\/portals\/web\/formacion-profesional-andaluza\/fp-basica\/detalle-titulo?idTitulo=1507\"><img loading=\"lazy\" decoding=\"async\" class=\"wp-image-4688 aligncenter\" src=\"https:\/\/iesnazari.com\/wp-content\/uploads\/2024\/09\/FP-BASICA-SERVICIOS-COMERCIALES_-.jpg\" alt=\"\" width=\"490\" height=\"684\"><\/a><\/figure>\n<\/div>\n<p>&nbsp;<\/p>\n<div class=\"wp-block-image\">\n<figure class=\"aligncenter size-large is-resized\"><img loading=\"lazy\" decoding=\"async\" class=\"wp-image-1938 aligncenter\" src=\"https:\/\/iesnazari.com\/wp-content\/uploads\/2022\/04\/boton-EDUCACION-ESPECIAL.jpg\" alt=\"\" width=\"446\" height=\"666\"><\/figure>\n<\/div>\n<div class=\"wp-block-image\">\n<figure class=\"aligncenter size-large is-resized\"><img loading=\"lazy\" decoding=\"async\" class=\"wp-image-2084 aligncenter\" src=\"https:\/\/iesnazari.com\/wp-content\/uploads\/2022\/04\/circulo-examen.jpg\" alt=\"\" width=\"430\" height=\"430\"><\/figure>\n<\/div>\n<p class=\"has-text-align-center has-large-font-size\" style=\"text-align: center\"><span style=\"font-size: 18pt\"><strong><span class=\"has-inline-color has-black-color\">Ex\u00e1menes Oficiales Acreditaci\u00f3n de Idiomas<\/span><\/strong><\/span><\/p>\n<p class=\"has-text-align-center\" style=\"text-align: center\"><span class=\"has-inline-color has-black-color\" style=\"font-size: 18pt\"><strong>TRINITY COLLAGE LONDON<\/strong><\/span><\/p>\n<p class=\"has-text-align-center\" style=\"text-align: center\"><span style=\"font-size: 18pt\"><a href=\"https:\/\/iesnazari.com\/trinity\/\"><span class=\"has-inline-color has-luminous-vivid-amber-color\">M\u00e1s informaci\u00f3n &gt;&gt;<\/span><\/a><\/span><\/p>\n<p class=\"has-text-align-center\" style=\"text-align: center\"><span class=\"has-inline-color has-black-color\" style=\"font-size: 18pt\"><strong>DELF DALF<\/strong><\/span><\/p>\n<p class=\"has-text-align-center\" style=\"text-align: center\"><span class=\"has-inline-color has-luminous-vivid-amber-color\" style=\"font-size: 18pt\">M\u00e1s informaci\u00f3n &gt;&gt;<\/span><\/p>\n","protected":false},"excerpt":{"rendered":"<p>&nbsp; &nbsp; &nbsp; &nbsp; Ex\u00e1menes Oficiales Acreditaci\u00f3n de Idiomas TRINITY COLLAGE LONDON M\u00e1s informaci\u00f3n &gt;&gt; DELF DALF M\u00e1s informaci\u00f3n &gt;&gt;<\/p>\n","protected":false},"author":20124,"featured_media":0,"parent":0,"menu_order":0,"comment_status":"closed","ping_status":"closed","template":"","meta":{"ngg_post_thumbnail":0,"footnotes":""},"aioseo_notices":[],"_links":{"self":[{"href":"https:\/\/blogsaverroes.juntadeandalucia.es\/iesnazari\/wp-json\/wp\/v2\/pages\/2192"}],"collection":[{"href":"https:\/\/blogsaverroes.juntadeandalucia.es\/iesnazari\/wp-json\/wp\/v2\/pages"}],"about":[{"href":"https:\/\/blogsaverroes.juntadeandalucia.es\/iesnazari\/wp-json\/wp\/v2\/types\/page"}],"author":[{"embeddable":true,"href":"https:\/\/blogsaverroes.juntadeandalucia.es\/iesnazari\/wp-json\/wp\/v2\/users\/20124"}],"replies":[{"embeddable":true,"href":"https:\/\/blogsaverroes.juntadeandalucia.es\/iesnazari\/wp-json\/wp\/v2\/comments?post=2192"}],"version-history":[{"count":3,"href":"https:\/\/blogsaverroes.juntadeandalucia.es\/iesnazari\/wp-json\/wp\/v2\/pages\/2192\/revisions"}],"predecessor-version":[{"id":2195,"href":"https:\/\/blogsaverroes.juntadeandalucia.es\/iesnazari\/wp-json\/wp\/v2\/pages\/2192\/revisions\/2195"}],"wp:attachment":[{"href":"https:\/\/blogsaverroes.juntadeandalucia.es\/iesnazari\/wp-json\/wp\/v2\/media?parent=2192"}],"curies":[{"name":"wp","href":"https:\/\/api.w.org\/{rel}","templated":true}]}}