{"id":1274,"date":"2022-01-26T11:01:40","date_gmt":"2022-01-26T10:01:40","guid":{"rendered":"https:\/\/blogsaverroes.juntadeandalucia.es\/iesnuevaspoblaciones\/?page_id=1274"},"modified":"2022-01-26T11:02:10","modified_gmt":"2022-01-26T10:02:10","slug":"administracion-finanzas","status":"publish","type":"page","link":"https:\/\/blogsaverroes.juntadeandalucia.es\/iesnuevaspoblaciones\/administracion-finanzas\/","title":{"rendered":"Administraci\u00f3n y Finanzas"},"content":{"rendered":"<p>[et_pb_section fb_built=&#8221;1&#8243; _builder_version=&#8221;4.14.5&#8243; _module_preset=&#8221;default&#8221; global_colors_info=&#8221;{}&#8221;][et_pb_row _builder_version=&#8221;4.14.5&#8243; _module_preset=&#8221;default&#8221; global_colors_info=&#8221;{}&#8221;][et_pb_column type=&#8221;4_4&#8243; _builder_version=&#8221;4.14.5&#8243; _module_preset=&#8221;default&#8221; global_colors_info=&#8221;{}&#8221;][et_pb_text _builder_version=&#8221;4.14.5&#8243; _module_preset=&#8221;default&#8221; global_colors_info=&#8221;{}&#8221;]<\/p>\n<p><strong>T\u00c9CNICO SUPERIOR EN ADMINISTRACI\u00d3N Y FINANZAS<\/strong><\/p>\n<p>RD.1584\/2011 04-11-BOE(15-12-2011)<br \/>ORD.11\/03\/2013 BOJA(22-04-2013)<\/p>\n<p><strong><u>Instalaciones y medios<\/u><\/strong><\/p>\n<p><strong>Aulas espec\u00edficas de administrativo:<\/strong> Con los puestos y equipos inform\u00e1ticos necesarios. Diferentes aplicaciones para llevar a cabo las tareas de ofim\u00e1tica en una oficina: inform\u00e1ticas para tratamiento de textos, hojas de c\u00e1lculo, base de datos, presentaciones, dibujo, etc; mecanogr\u00e1f\u00edcas para alcanzar las pulsaciones necesarias del perfil profesional; programas espec\u00edficos para realizar la simulaci\u00f3n de la gesti\u00f3n integral de una empresa y sus diferentes departamentos (compras-ventas, recursos humanos, contabilidad, atenci\u00f3n al cliente,\u2026..)<\/p>\n<p><strong><u>Competencia general<\/u><\/strong><\/p>\n<p>Organizar y ejecutar las operaciones de gesti\u00f3n y administraci\u00f3n en los procesos comerciales, laborales, contables, fiscales y financieros de una empresa p\u00fablica o privada, aplicando la normativa vigente y los protocolos de gesti\u00f3n de calidad, gestionando la informaci\u00f3n, asegurando la satisfacci\u00f3n del cliente y\/o usuario y actuando seg\u00fan las normas de prevenci\u00f3n de riesgos laborales y protecci\u00f3n medioambiental.<\/p>\n<p>Son unos estudios de Formaci\u00f3n Profesional de Grado Medio de 2000 horas de duraci\u00f3n (2 cursos acad\u00e9micos), incluido un periodo de pr\u00e1cticas en empresas con 360 horas a realizar durante el tercer trimestre del segundo curso.<\/p>\n<p>Su car\u00e1cter es eminentemente pr\u00e1ctico, con un 70% de horas dedicadas al aprendizaje pr\u00e1ctico.<\/p>\n<p><strong><u>Horario<\/u><\/strong><\/p>\n<p><strong>De 8:15 a 14:15<\/strong><\/p>\n<p>&nbsp;<\/p>\n<p><strong><u>Puestos de trabajo y ocupaciones:<\/u><\/strong><\/p>\n<p><strong>&#8211; Administrativo de oficina<br \/>&#8211; Administrativo comercial.<br \/>&#8211; Administrativo financiero.<br \/>&#8211; Administrativo contable.<br \/>&#8211; Administrativo de log\u00edstica.<br \/>&#8211; Administrativo de banca y de seguros.<br \/>&#8211; Administrativo de recursos humanos.<br \/>&#8211; Administrativo de la Administraci\u00f3n p\u00fablica.<br \/>&#8211; Administrativo de asesor\u00edas jur\u00eddicas, contables, laborales, fiscales o gestor\u00edas.<br \/>&#8211; T\u00e9cnico en gesti\u00f3n de cobros.<br \/>&#8211; Responsable de atenci\u00f3n al cliente.<\/strong><\/p>\n<p><strong><u>Plan de Formaci\u00f3n \/ horas semanales<\/u><\/strong><\/p>\n<table>\n<tbody>\n<tr>\n<td colspan=\"3\">\n<p><strong>Primer curso<\/strong><\/p>\n<\/td>\n<\/tr>\n<tr>\n<td>\n<p><strong>UC<\/strong><\/p>\n<\/td>\n<td width=\"443\">\n<p><strong>M\u00f3dulo profesional<\/strong><\/p>\n<\/td>\n<td width=\"30\">\n<p><strong>H<\/strong><\/p>\n<\/td>\n<\/tr>\n<tr>\n<td>\n<p>0651<\/p>\n<\/td>\n<td width=\"443\">\n<p>Comunicaci\u00f3n y atenci\u00f3n al cliente<\/p>\n<\/td>\n<td width=\"30\">\n<p>5<\/p>\n<\/td>\n<\/tr>\n<tr>\n<td>\n<p>0647<\/p>\n<\/td>\n<td width=\"443\">\n<p>Gesti\u00f3n de la documentaci\u00f3n jur\u00eddica y empresarial<\/p>\n<\/td>\n<td width=\"30\">\n<p>3<\/p>\n<\/td>\n<\/tr>\n<tr>\n<td>\n<p>0179<\/p>\n<\/td>\n<td width=\"443\">\n<p>Ingl\u00e9s<\/p>\n<\/td>\n<td width=\"30\">\n<p>4<\/p>\n<\/td>\n<\/tr>\n<tr>\n<td>\n<p>0649<\/p>\n<\/td>\n<td width=\"443\">\n<p>Ofim\u00e1tica y proceso de informaci\u00f3n<\/p>\n<\/td>\n<td width=\"30\">\n<p>6<\/p>\n<\/td>\n<\/tr>\n<tr>\n<td>\n<p>0650<\/p>\n<\/td>\n<td width=\"443\">\n<p>Proceso integral de la actividad comercial<\/p>\n<\/td>\n<td width=\"30\">\n<p>6<\/p>\n<\/td>\n<\/tr>\n<tr>\n<td>\n<p>0648<\/p>\n<\/td>\n<td width=\"443\">\n<p>Recursos humanos y responsabilidad social<\/p>\n<\/td>\n<td width=\"30\">\n<p>3<\/p>\n<\/td>\n<\/tr>\n<tr>\n<td>\n<p>0658<\/p>\n<\/td>\n<td width=\"443\">\n<p>Formaci\u00f3n y orientaci\u00f3n laboral<\/p>\n<\/td>\n<td width=\"30\">\n<p>3<\/p>\n<\/td>\n<\/tr>\n<\/tbody>\n<\/table>\n<p>&nbsp;<\/p>\n<table>\n<tbody>\n<tr>\n<td colspan=\"3\" width=\"516\">\n<p><strong>Segundo Curso<\/strong><\/p>\n<\/td>\n<\/tr>\n<tr>\n<td>\n<p><strong>UC<\/strong><\/p>\n<\/td>\n<td width=\"443\">\n<p><strong>M\u00f3dulo profesional<\/strong><\/p>\n<\/td>\n<td width=\"35\">\n<p><strong>H<\/strong><\/p>\n<\/td>\n<\/tr>\n<tr>\n<td>\n<p>0654<\/p>\n<\/td>\n<td width=\"443\">\n<p>Contabilidad y fiscalidad<\/p>\n<\/td>\n<td width=\"35\">\n<p>6<\/p>\n<\/td>\n<\/tr>\n<tr>\n<td>\n<p>0652<\/p>\n<\/td>\n<td width=\"443\">\n<p>Gesti\u00f3n de recursos humanos<\/p>\n<\/td>\n<td width=\"35\">\n<p>4<\/p>\n<\/td>\n<\/tr>\n<tr>\n<td>\n<p>0653<\/p>\n<\/td>\n<td width=\"443\">\n<p>Gesti\u00f3n financiera<\/p>\n<\/td>\n<td width=\"35\">\n<p>6<\/p>\n<\/td>\n<\/tr>\n<tr>\n<td>\n<p>0655<\/p>\n<\/td>\n<td width=\"443\">\n<p>Gesti\u00f3n log\u00edstica y comercial<\/p>\n<\/td>\n<td width=\"35\">\n<p>5<\/p>\n<\/td>\n<\/tr>\n<tr>\n<td>\n<p>0657<\/p>\n<\/td>\n<td width=\"443\">\n<p>Proyecto de administraci\u00f3n y finanzas<\/p>\n<\/td>\n<td width=\"35\">\n<p>0<\/p>\n<\/td>\n<\/tr>\n<tr>\n<td>\n<p>0656<\/p>\n<\/td>\n<td width=\"443\">\n<p>Simulaci\u00f3n empresarial<\/p>\n<\/td>\n<td width=\"35\">\n<p>6<\/p>\n<\/td>\n<\/tr>\n<tr>\n<td>\n<p>&#8211;<\/p>\n<\/td>\n<td width=\"443\">\n<p>Horas de libre configuraci\u00f3n.<\/p>\n<\/td>\n<td width=\"35\">\n<p>3<\/p>\n<\/td>\n<\/tr>\n<tr>\n<td>\n<p>0660<\/p>\n<\/td>\n<td width=\"443\">\n<p>Formaci\u00f3n en Centros de Trabajo<\/p>\n<\/td>\n<td width=\"35\">\n<p>360<strong>*<\/strong><\/p>\n<\/td>\n<\/tr>\n<\/tbody>\n<\/table>\n<p><strong>UC:<\/strong> C\u00f3digo de la Unidad de Competencia, susceptible de reconocimiento y acreditaci\u00f3n para obtener un T\u00edtulo de Formaci\u00f3n Profesional o un Certificado de Profesionalidad.<\/p>\n<p>*<strong>H:<\/strong> Horas semanales, salvo en el \u00faltimo m\u00f3dulo, Formaci\u00f3n en Centros de Trabajo, donde se indica el total de horas.<\/p>\n<p>&nbsp;<\/p>\n<p>&nbsp;<\/p>\n<p>&nbsp;<\/p>\n<p><strong><u>Pr\u00e1cticas en empresa con Erasmus<\/u><\/strong><\/p>\n<p>El alumnado puede participar en el Proyecto de Movilidad Erasmus+ que ofrecemos para realizar pr\u00e1cticas profesionales en diferentes pa\u00edses europeos.<\/p>\n<p><strong><u>Requisitos de acceso y admisi\u00f3n<\/u><\/strong><\/p>\n<p>La forma natural de acceder al Ciclo es mediante la posesi\u00f3n de uno se los siguientes t\u00edtulos: Bachiller, T\u00e9cnico de Grado Medio de Formaci\u00f3n Profesional, T\u00e9cnico Superior de Formaci\u00f3n Profesional y Grado Universitario, si bien existen otras posibilidades.<\/p>\n<p>La admisi\u00f3n al Ciclo se realiza mediante un proceso que incluye peticiones por orden de preferencia, si se est\u00e1 interesado en varios Ciclos.<\/p>\n<p>Aqu\u00ed puede encontrar informaci\u00f3n actualizada sobre requisitos de acceso y admisi\u00f3n, entre otros aspectos:<\/p>\n<p><a href=\"http:\/\/www.juntadeandalucia.es\/educacion\/portals\/web\/formacion-profesional-andaluza\">Junta de Andaluc\u00eda Formacion Profesional<\/a><\/p>\n<p>&nbsp;<\/p>\n<p>[\/et_pb_text][\/et_pb_column][\/et_pb_row][\/et_pb_section]<\/p>\n","protected":false},"excerpt":{"rendered":"<p>T\u00c9CNICO SUPERIOR EN ADMINISTRACI\u00d3N Y FINANZAS RD.1584\/2011 04-11-BOE(15-12-2011)ORD.11\/03\/2013 BOJA(22-04-2013) Instalaciones y medios Aulas espec\u00edficas de administrativo: Con los puestos y equipos inform\u00e1ticos necesarios. Diferentes aplicaciones para llevar a cabo las tareas de ofim\u00e1tica en una oficina: inform\u00e1ticas para tratamiento de textos, hojas de c\u00e1lculo, base de datos, presentaciones, dibujo, etc; mecanogr\u00e1f\u00edcas para alcanzar las pulsaciones [&hellip;]<\/p>\n","protected":false},"author":8313,"featured_media":0,"parent":0,"menu_order":0,"comment_status":"closed","ping_status":"closed","template":"","meta":{"_et_pb_use_builder":"on","_et_pb_old_content":"","_et_gb_content_width":"","ngg_post_thumbnail":0,"footnotes":""},"aioseo_notices":[],"_links":{"self":[{"href":"https:\/\/blogsaverroes.juntadeandalucia.es\/iesnuevaspoblaciones\/wp-json\/wp\/v2\/pages\/1274"}],"collection":[{"href":"https:\/\/blogsaverroes.juntadeandalucia.es\/iesnuevaspoblaciones\/wp-json\/wp\/v2\/pages"}],"about":[{"href":"https:\/\/blogsaverroes.juntadeandalucia.es\/iesnuevaspoblaciones\/wp-json\/wp\/v2\/types\/page"}],"author":[{"embeddable":true,"href":"https:\/\/blogsaverroes.juntadeandalucia.es\/iesnuevaspoblaciones\/wp-json\/wp\/v2\/users\/8313"}],"replies":[{"embeddable":true,"href":"https:\/\/blogsaverroes.juntadeandalucia.es\/iesnuevaspoblaciones\/wp-json\/wp\/v2\/comments?post=1274"}],"version-history":[{"count":4,"href":"https:\/\/blogsaverroes.juntadeandalucia.es\/iesnuevaspoblaciones\/wp-json\/wp\/v2\/pages\/1274\/revisions"}],"predecessor-version":[{"id":1279,"href":"https:\/\/blogsaverroes.juntadeandalucia.es\/iesnuevaspoblaciones\/wp-json\/wp\/v2\/pages\/1274\/revisions\/1279"}],"wp:attachment":[{"href":"https:\/\/blogsaverroes.juntadeandalucia.es\/iesnuevaspoblaciones\/wp-json\/wp\/v2\/media?parent=1274"}],"curies":[{"name":"wp","href":"https:\/\/api.w.org\/{rel}","templated":true}]}}