{"id":1969,"date":"2022-02-22T12:18:55","date_gmt":"2022-02-22T11:18:55","guid":{"rendered":"https:\/\/blogsaverroes.juntadeandalucia.es\/iesnuevaspoblaciones\/?page_id=1969"},"modified":"2022-02-22T12:18:55","modified_gmt":"2022-02-22T11:18:55","slug":"formacion-centros-de-trabajo-electricidad","status":"publish","type":"page","link":"https:\/\/blogsaverroes.juntadeandalucia.es\/iesnuevaspoblaciones\/formacion-centros-de-trabajo-electricidad\/","title":{"rendered":"Formaci\u00f3n Centros de Trabajo Electricidad"},"content":{"rendered":"<p>Formaci\u00f3n en Centros de Trabajo y Proyecto<\/p>\n<p>Para cualquier duda sobre la FCT y el Proyecto se informar\u00e1 puntualmente por parte de Jefatura de Departamento y el profesorado que imparte dicho m\u00f3dulo.<\/p>\n<p><strong>Formaci\u00f3n en Centros de Trabajo<\/strong><\/p>\n<p><strong>Generalidades<\/strong><\/p>\n<ul>\n<li>La Formaci\u00f3n en Centros de Trabajo (FCT) es un m\u00f3dulo profesional presente en todos los ciclos formativos de formaci\u00f3n profesional, as\u00ed como la formaci\u00f3n profesional b\u00e1sica y el alumno tiene que cursarlo obligatoriamente para obtener la titulaci\u00f3n.<\/li>\n<li>La FCT se desarrolla al superar el resto de m\u00f3dulos que componen el ciclo formativo y tendr\u00e1 un claro objetivo:\n<ul>\n<li>Posibilitar al alumno de ciclos formativos de formaci\u00f3n profesional inicial para que practique todas las capacidades que ha adquirido en el centro educativo en empresas del sector, participando y realizando las funciones propias del puesto de trabajo en un entorno real de producci\u00f3n y\/o servicio, para conseguir, de esta manera, una mejor cualificaci\u00f3n a trav\u00e9s del conocimiento directo del ambiente real de trabajo.<\/li>\n<\/ul>\n<\/li>\n<li>La duraci\u00f3n de la FCT de nuestros ciclos es de 260 horas Formaci\u00f3n Profesional B\u00e1sica y de 410 horas para Grado Medio Instalaciones El\u00e9ctricas y Autom\u00e1ticas, que corresponden con una media de unas 38 a 48 jornadas que se desarrollan de unos 3 meses.<\/li>\n<li>El periodo habitual de realizaci\u00f3n de la FCT comienza a primeros de marzo para Grado Medio y a primeros de abril para FP B\u00e1sica. Finaliza entre mediados y \u00faltimos de junio.<\/li>\n<li>Seg\u00fan cuando haya superado el resto de m\u00f3dulos el alumno, tambi\u00e9n pueden darse dos periodos m\u00e1s, uno de septiembre a diciembre y otro de enero a marzo en el curso siguiente.<\/li>\n<\/ul>\n<p><strong>Exenci\u00f3n de la FCT<\/strong><\/p>\n<ul>\n<li>Si el alumno tiene una experiencia laboral m\u00ednima de 1 a\u00f1o y est\u00e1 relacionada con el ciclo formativo en el que est\u00e9 matriculado, podr\u00e1 quedar exento total o parcialmente de tener que cursar este m\u00f3dulo, seg\u00fan legislaci\u00f3n aplicable.<\/li>\n<li>El alumno tambi\u00e9n podr\u00e1 realizar el m\u00f3dulo profesional de FCT en cualquier pa\u00eds de la Uni\u00f3n Europea por medio de Erasmus.<\/li>\n<\/ul>\n","protected":false},"excerpt":{"rendered":"<p>Formaci\u00f3n en Centros de Trabajo y Proyecto Para cualquier duda sobre la FCT y el Proyecto se informar\u00e1 puntualmente por parte de Jefatura de Departamento y el profesorado que imparte dicho m\u00f3dulo. Formaci\u00f3n en Centros de Trabajo Generalidades La Formaci\u00f3n en Centros de Trabajo (FCT) es un m\u00f3dulo profesional presente en todos los ciclos formativos [&hellip;]<\/p>\n","protected":false},"author":8313,"featured_media":0,"parent":0,"menu_order":0,"comment_status":"closed","ping_status":"closed","template":"","meta":{"_et_pb_use_builder":"","_et_pb_old_content":"","_et_gb_content_width":"","ngg_post_thumbnail":0,"footnotes":""},"aioseo_notices":[],"_links":{"self":[{"href":"https:\/\/blogsaverroes.juntadeandalucia.es\/iesnuevaspoblaciones\/wp-json\/wp\/v2\/pages\/1969"}],"collection":[{"href":"https:\/\/blogsaverroes.juntadeandalucia.es\/iesnuevaspoblaciones\/wp-json\/wp\/v2\/pages"}],"about":[{"href":"https:\/\/blogsaverroes.juntadeandalucia.es\/iesnuevaspoblaciones\/wp-json\/wp\/v2\/types\/page"}],"author":[{"embeddable":true,"href":"https:\/\/blogsaverroes.juntadeandalucia.es\/iesnuevaspoblaciones\/wp-json\/wp\/v2\/users\/8313"}],"replies":[{"embeddable":true,"href":"https:\/\/blogsaverroes.juntadeandalucia.es\/iesnuevaspoblaciones\/wp-json\/wp\/v2\/comments?post=1969"}],"version-history":[{"count":1,"href":"https:\/\/blogsaverroes.juntadeandalucia.es\/iesnuevaspoblaciones\/wp-json\/wp\/v2\/pages\/1969\/revisions"}],"predecessor-version":[{"id":1970,"href":"https:\/\/blogsaverroes.juntadeandalucia.es\/iesnuevaspoblaciones\/wp-json\/wp\/v2\/pages\/1969\/revisions\/1970"}],"wp:attachment":[{"href":"https:\/\/blogsaverroes.juntadeandalucia.es\/iesnuevaspoblaciones\/wp-json\/wp\/v2\/media?parent=1969"}],"curies":[{"name":"wp","href":"https:\/\/api.w.org\/{rel}","templated":true}]}}

Formación Centros de Trabajo Electricidad

<p>Formación en Centros de Trabajo y Proyecto</p>
<p>Para cualquier duda sobre la FCT y el Proyecto se informará puntualmente por parte de Jefatura de Departamento y el profesorado que imparte dicho módulo.</p>
<p><strong>Formación en Centros de Trabajo</strong></p>
<p><strong>Generalidades</strong></p>
<ul>
<li>La Formación en Centros de Trabajo (FCT) es un módulo profesional presente en todos los ciclos formativos de formación profesional, así como la formación profesional básica y el alumno tiene que cursarlo obligatoriamente para obtener la titulación.</li>
<li>La FCT se desarrolla al superar el resto de módulos que componen el ciclo formativo y tendrá un claro objetivo:
<ul>
<li>Posibilitar al alumno de ciclos formativos de formación profesional inicial para que practique todas las capacidades que ha adquirido en el centro educativo en empresas del sector, participando y realizando las funciones propias del puesto de trabajo en un entorno real de producción y/o servicio, para conseguir, de esta manera, una mejor cualificación a través del conocimiento directo del ambiente real de trabajo.</li>
</ul>
</li>
<li>La duración de la FCT de nuestros ciclos es de 260 horas Formación Profesional Básica y de 410 horas para Grado Medio Instalaciones Eléctricas y Automáticas, que corresponden con una media de unas 38 a 48 jornadas que se desarrollan de unos 3 meses.</li>
<li>El periodo habitual de realización de la FCT comienza a primeros de marzo para Grado Medio y a primeros de abril para FP Básica. Finaliza entre mediados y últimos de junio.</li>
<li>Según cuando haya superado el resto de módulos el alumno, también pueden darse dos periodos más, uno de septiembre a diciembre y otro de enero a marzo en el curso siguiente.</li>
</ul>
<p><strong>Exención de la FCT</strong></p>
<ul>
<li>Si el alumno tiene una experiencia laboral mínima de 1 año y está relacionada con el ciclo formativo en el que esté matriculado, podrá quedar exento total o parcialmente de tener que cursar este módulo, según legislación aplicable.</li>
<li>El alumno también podrá realizar el módulo profesional de FCT en cualquier país de la Unión Europea por medio de Erasmus.</li>
</ul>

<p>Formación en Centros de Trabajo y Proyecto Para cualquier duda sobre la FCT y el Proyecto se informará puntualmente por parte de Jefatura de Departamento y el profesorado que imparte dicho módulo. Formación en Centros de Trabajo Generalidades La Formación en Centros de Trabajo (FCT) es un módulo profesional presente en todos los ciclos formativos [&hellip;]</p>
