{"id":2006,"date":"2022-03-01T11:55:46","date_gmt":"2022-03-01T10:55:46","guid":{"rendered":"https:\/\/blogsaverroes.juntadeandalucia.es\/iesnuevaspoblaciones\/?page_id=2006"},"modified":"2025-06-26T19:32:43","modified_gmt":"2025-06-26T18:32:43","slug":"igualdad","status":"publish","type":"page","link":"https:\/\/blogsaverroes.juntadeandalucia.es\/iesnuevaspoblaciones\/igualdad\/","title":{"rendered":"Igualdad"},"content":{"rendered":"<p>[et_pb_section fb_built=&#8221;1&#8243; _builder_version=&#8221;4.16&#8243; _module_preset=&#8221;default&#8221; global_colors_info=&#8221;{}&#8221;][et_pb_row _builder_version=&#8221;4.16&#8243; _module_preset=&#8221;default&#8221; global_colors_info=&#8221;{}&#8221;][et_pb_column type=&#8221;4_4&#8243; _builder_version=&#8221;4.16&#8243; _module_preset=&#8221;default&#8221; global_colors_info=&#8221;{}&#8221;][et_pb_image src=&#8221;https:\/\/blogsaverroes.juntadeandalucia.es\/iesnuevaspoblaciones\/files\/2021\/11\/Logo-Ministerio-de-Igualdad-Pacto-Estado-Violencia-Junta-de-Andalucia-II-Plan-Igualdad.jpg&#8221; title_text=&#8221;Logo Ministerio de Igualdad-Pacto Estado Violencia-Junta de Andalucia-II Plan Igualdad&#8221; _builder_version=&#8221;4.24.2&#8243; _module_preset=&#8221;default&#8221; hover_enabled=&#8221;0&#8243; global_colors_info=&#8221;{}&#8221; sticky_enabled=&#8221;0&#8243;][\/et_pb_image][et_pb_text _builder_version=&#8221;4.24.2&#8243; _module_preset=&#8221;default&#8221; hover_enabled=&#8221;0&#8243; global_colors_info=&#8221;{}&#8221; sticky_enabled=&#8221;0&#8243;]<\/p>\n<p>En el IES NUEVAS POBLACIONES, a trav\u00e9s de nuestra Coordinadora de Igualdad, Juana M\u00aa Mariscal Lorente, desarrollamos numerosas actividades y proyectos en esta \u00e1rea a lo largo de todo el curso, destacando en los \u00faltimos cursos nuestra participaci\u00f3n en el&nbsp;<strong>Proyecto de Prevenci\u00f3n de la Violencia de G\u00e9nero<\/strong>&nbsp;como actividad enmarcada dentro del Pacto de Estado contra la Violencia de G\u00e9nero y promovido por la Junta de Andaluc\u00eda y el Gobierno de Espa\u00f1a.<\/p>\n<p>[\/et_pb_text][\/et_pb_column][\/et_pb_row][et_pb_row _builder_version=&#8221;4.16&#8243; _module_preset=&#8221;default&#8221; global_colors_info=&#8221;{}&#8221;][et_pb_column type=&#8221;4_4&#8243; _builder_version=&#8221;4.16&#8243; _module_preset=&#8221;default&#8221; global_colors_info=&#8221;{}&#8221;][et_pb_blog include_categories=&#8221;10&#8243; _builder_version=&#8221;4.24.2&#8243; _module_preset=&#8221;default&#8221; hover_enabled=&#8221;0&#8243; global_colors_info=&#8221;{}&#8221; sticky_enabled=&#8221;0&#8243;][\/et_pb_blog][\/et_pb_column][\/et_pb_row][\/et_pb_section]<\/p>\n","protected":false},"excerpt":{"rendered":"<p>En el IES NUEVAS POBLACIONES, a trav\u00e9s de nuestra Coordinadora de Igualdad, Juana M\u00aa Mariscal Lorente, desarrollamos numerosas actividades y proyectos en esta \u00e1rea a lo largo de todo el curso, destacando en los \u00faltimos cursos nuestra participaci\u00f3n en el&nbsp;Proyecto de Prevenci\u00f3n de la Violencia de G\u00e9nero&nbsp;como actividad enmarcada dentro del Pacto de Estado contra [&hellip;]<\/p>\n","protected":false},"author":8313,"featured_media":0,"parent":0,"menu_order":0,"comment_status":"closed","ping_status":"closed","template":"","meta":{"_et_pb_use_builder":"on","_et_pb_old_content":"","_et_gb_content_width":"","ngg_post_thumbnail":0,"footnotes":""},"aioseo_notices":[],"_links":{"self":[{"href":"https:\/\/blogsaverroes.juntadeandalucia.es\/iesnuevaspoblaciones\/wp-json\/wp\/v2\/pages\/2006"}],"collection":[{"href":"https:\/\/blogsaverroes.juntadeandalucia.es\/iesnuevaspoblaciones\/wp-json\/wp\/v2\/pages"}],"about":[{"href":"https:\/\/blogsaverroes.juntadeandalucia.es\/iesnuevaspoblaciones\/wp-json\/wp\/v2\/types\/page"}],"author":[{"embeddable":true,"href":"https:\/\/blogsaverroes.juntadeandalucia.es\/iesnuevaspoblaciones\/wp-json\/wp\/v2\/users\/8313"}],"replies":[{"embeddable":true,"href":"https:\/\/blogsaverroes.juntadeandalucia.es\/iesnuevaspoblaciones\/wp-json\/wp\/v2\/comments?post=2006"}],"version-history":[{"count":6,"href":"https:\/\/blogsaverroes.juntadeandalucia.es\/iesnuevaspoblaciones\/wp-json\/wp\/v2\/pages\/2006\/revisions"}],"predecessor-version":[{"id":4123,"href":"https:\/\/blogsaverroes.juntadeandalucia.es\/iesnuevaspoblaciones\/wp-json\/wp\/v2\/pages\/2006\/revisions\/4123"}],"wp:attachment":[{"href":"https:\/\/blogsaverroes.juntadeandalucia.es\/iesnuevaspoblaciones\/wp-json\/wp\/v2\/media?parent=2006"}],"curies":[{"name":"wp","href":"https:\/\/api.w.org\/{rel}","templated":true}]}}

<p>[et_pb_section fb_built=&#8221;1&#8243; _builder_version=&#8221;4.16&#8243; _module_preset=&#8221;default&#8221; global_colors_info=&#8221;{}&#8221;][et_pb_row _builder_version=&#8221;4.16&#8243; _module_preset=&#8221;default&#8221; global_colors_info=&#8221;{}&#8221;][et_pb_column type=&#8221;4_4&#8243; _builder_version=&#8221;4.16&#8243; _module_preset=&#8221;default&#8221; global_colors_info=&#8221;{}&#8221;][et_pb_image src=&#8221;https://blogsaverroes.juntadeandalucia.es/iesnuevaspoblaciones/files/2021/11/Logo-Ministerio-de-Igualdad-Pacto-Estado-Violencia-Junta-de-Andalucia-II-Plan-Igualdad.jpg&#8221; title_text=&#8221;Logo Ministerio de Igualdad-Pacto Estado Violencia-Junta de Andalucia-II Plan Igualdad&#8221; _builder_version=&#8221;4.24.2&#8243; _module_preset=&#8221;default&#8221; hover_enabled=&#8221;0&#8243; global_colors_info=&#8221;{}&#8221; sticky_enabled=&#8221;0&#8243;][/et_pb_image][et_pb_text _builder_version=&#8221;4.24.2&#8243; _module_preset=&#8221;default&#8221; hover_enabled=&#8221;0&#8243; global_colors_info=&#8221;{}&#8221; sticky_enabled=&#8221;0&#8243;]</p>
<p>En el IES NUEVAS POBLACIONES, a través de nuestra Coordinadora de Igualdad, Juana Mª Mariscal Lorente, desarrollamos numerosas actividades y proyectos en esta área a lo largo de todo el curso, destacando en los últimos cursos nuestra participación en el&nbsp;<strong>Proyecto de Prevención de la Violencia de Género</strong>&nbsp;como actividad enmarcada dentro del Pacto de Estado contra la Violencia de Género y promovido por la Junta de Andalucía y el Gobierno de España.</p>
<p>[/et_pb_text][/et_pb_column][/et_pb_row][et_pb_row _builder_version=&#8221;4.16&#8243; _module_preset=&#8221;default&#8221; global_colors_info=&#8221;{}&#8221;][et_pb_column type=&#8221;4_4&#8243; _builder_version=&#8221;4.16&#8243; _module_preset=&#8221;default&#8221; global_colors_info=&#8221;{}&#8221;][et_pb_blog include_categories=&#8221;10&#8243; _builder_version=&#8221;4.24.2&#8243; _module_preset=&#8221;default&#8221; hover_enabled=&#8221;0&#8243; global_colors_info=&#8221;{}&#8221; sticky_enabled=&#8221;0&#8243;][/et_pb_blog][/et_pb_column][/et_pb_row][/et_pb_section]</p>

<p>En el IES NUEVAS POBLACIONES, a través de nuestra Coordinadora de Igualdad, Juana Mª Mariscal Lorente, desarrollamos numerosas actividades y proyectos en esta área a lo largo de todo el curso, destacando en los últimos cursos nuestra participación en el&nbsp;Proyecto de Prevención de la Violencia de Género&nbsp;como actividad enmarcada dentro del Pacto de Estado contra [&hellip;]</p>
