{"id":824,"date":"2020-12-18T08:31:23","date_gmt":"2020-12-18T07:31:23","guid":{"rendered":"https:\/\/blogsaverroes.juntadeandalucia.es\/pre\/plantilla-pencil\/?page_id=817"},"modified":"2024-09-27T13:09:34","modified_gmt":"2024-09-27T12:09:34","slug":"oferta","status":"publish","type":"page","link":"https:\/\/blogsaverroes.juntadeandalucia.es\/iesnuevaspoblaciones\/oferta\/","title":{"rendered":"Oferta educativa"},"content":{"rendered":"<p>[et_pb_section fb_built=&#8221;1&#8243; _builder_version=&#8221;4.16&#8243; custom_padding=&#8221;0px||0px|&#8221; z_index_tablet=&#8221;500&#8243; box_shadow_horizontal_tablet=&#8221;0px&#8221; box_shadow_vertical_tablet=&#8221;0px&#8221; box_shadow_blur_tablet=&#8221;40px&#8221; box_shadow_spread_tablet=&#8221;0px&#8221; global_colors_info=&#8221;{}&#8221;][et_pb_row _builder_version=&#8221;4.16&#8243; background_size=&#8221;initial&#8221; background_position=&#8221;top_left&#8221; background_repeat=&#8221;repeat&#8221; global_colors_info=&#8221;{}&#8221;][et_pb_column type=&#8221;4_4&#8243; _builder_version=&#8221;4.16&#8243; custom_padding=&#8221;|||&#8221; global_colors_info=&#8221;{}&#8221; custom_padding__hover=&#8221;|||&#8221;][et_pb_image src=&#8221;https:\/\/blogsaverroes.juntadeandalucia.es\/iesnuevaspoblaciones\/files\/2020\/01\/cabecera-interior-3.jpg&#8221; title_text=&#8221;cabecera-interior-3&#8243; admin_label=&#8221;Imagen de la portada&#8221; _builder_version=&#8221;4.16&#8243; z_index_tablet=&#8221;500&#8243; box_shadow_horizontal_tablet=&#8221;0px&#8221; box_shadow_vertical_tablet=&#8221;0px&#8221; box_shadow_blur_tablet=&#8221;40px&#8221; box_shadow_spread_tablet=&#8221;0px&#8221; global_colors_info=&#8221;{}&#8221;][\/et_pb_image][et_pb_text admin_label=&#8221;Texto descriptivo&#8221; _builder_version=&#8221;4.16&#8243; hover_enabled=&#8221;0&#8243; z_index_tablet=&#8221;500&#8243; text_text_shadow_horizontal_length_tablet=&#8221;0px&#8221; text_text_shadow_vertical_length_tablet=&#8221;0px&#8221; text_text_shadow_blur_strength_tablet=&#8221;1px&#8221; link_text_shadow_horizontal_length_tablet=&#8221;0px&#8221; link_text_shadow_vertical_length_tablet=&#8221;0px&#8221; link_text_shadow_blur_strength_tablet=&#8221;1px&#8221; ul_text_shadow_horizontal_length_tablet=&#8221;0px&#8221; ul_text_shadow_vertical_length_tablet=&#8221;0px&#8221; ul_text_shadow_blur_strength_tablet=&#8221;1px&#8221; ol_text_shadow_horizontal_length_tablet=&#8221;0px&#8221; ol_text_shadow_vertical_length_tablet=&#8221;0px&#8221; ol_text_shadow_blur_strength_tablet=&#8221;1px&#8221; quote_text_shadow_horizontal_length_tablet=&#8221;0px&#8221; quote_text_shadow_vertical_length_tablet=&#8221;0px&#8221; quote_text_shadow_blur_strength_tablet=&#8221;1px&#8221; header_text_shadow_horizontal_length_tablet=&#8221;0px&#8221; header_text_shadow_vertical_length_tablet=&#8221;0px&#8221; header_text_shadow_blur_strength_tablet=&#8221;1px&#8221; header_2_text_shadow_horizontal_length_tablet=&#8221;0px&#8221; header_2_text_shadow_vertical_length_tablet=&#8221;0px&#8221; header_2_text_shadow_blur_strength_tablet=&#8221;1px&#8221; header_3_text_shadow_horizontal_length_tablet=&#8221;0px&#8221; header_3_text_shadow_vertical_length_tablet=&#8221;0px&#8221; header_3_text_shadow_blur_strength_tablet=&#8221;1px&#8221; header_4_text_shadow_horizontal_length_tablet=&#8221;0px&#8221; header_4_text_shadow_vertical_length_tablet=&#8221;0px&#8221; header_4_text_shadow_blur_strength_tablet=&#8221;1px&#8221; header_5_text_shadow_horizontal_length_tablet=&#8221;0px&#8221; header_5_text_shadow_vertical_length_tablet=&#8221;0px&#8221; header_5_text_shadow_blur_strength_tablet=&#8221;1px&#8221; header_6_text_shadow_horizontal_length_tablet=&#8221;0px&#8221; header_6_text_shadow_vertical_length_tablet=&#8221;0px&#8221; header_6_text_shadow_blur_strength_tablet=&#8221;1px&#8221; box_shadow_horizontal_tablet=&#8221;0px&#8221; box_shadow_vertical_tablet=&#8221;0px&#8221; box_shadow_blur_tablet=&#8221;40px&#8221; box_shadow_spread_tablet=&#8221;0px&#8221; global_colors_info=&#8221;{}&#8221; sticky_enabled=&#8221;0&#8243;]<\/p>\n<div class=\"entry clearfix\">\n<p style=\"font-weight: 400\">El IES Nuevas Poblaciones cuenta con una amplia oferta educativa:<\/p>\n<ul>\n<li><strong>Educaci\u00f3n Secundaria Obligatoria<\/strong> (Biling\u00fce-Ingl\u00e9s)<\/li>\n<li><strong>Bachillerato de Ciencias y Tecnolog\u00eda<\/strong><\/li>\n<li><strong>Bachillerato de Humanidades y Ciencias Sociales<\/strong><\/li>\n<li><strong>Educaci\u00f3n Secundaria para Personas Adultas<\/strong> (ESPA), (modalidad semipresencial)<\/li>\n<li>Ciclo Formativo de Grado B\u00e1sico de <strong>Servicios Administrativos<\/strong><\/li>\n<li>Ciclo Formativo de Grado B\u00e1sico de <strong>Electricidad y Electr\u00f3nica<\/strong><\/li>\n<li>Formaci\u00f3n profesional de Grado Medio de <strong>Gesti\u00f3n Administrativa <\/strong><\/li>\n<li>Formaci\u00f3n profesional de Grado Medio <strong>Instalaciones El\u00e9ctricas y Autom\u00e1ticas <\/strong><\/li>\n<li>Formaci\u00f3n profesional de Grado Medio de <strong>Mantenimiento Electromec\u00e1nico<\/strong>, (modalidad Dual)<\/li>\n<li>Formaci\u00f3n profesional de Grado Superior de <strong>Administraci\u00f3n y Finanzas <\/strong><\/li>\n<li>Formaci\u00f3n profesional de Grado Superior de <strong>Sistemas Electrot\u00e9cnicos y Automatizados<\/strong> (modalidad Dual)<\/li>\n<\/ul>\n<\/div>\n<p>[\/et_pb_text][et_pb_tabs _builder_version=&#8221;4.24.2&#8243; _module_preset=&#8221;default&#8221; hover_enabled=&#8221;0&#8243; sticky_enabled=&#8221;0&#8243;][et_pb_tab _builder_version=&#8221;4.24.2&#8243; _module_preset=&#8221;default&#8221; title=&#8221;Educaci\u00f3n Secundaria Obligatoria&#8221; hover_enabled=&#8221;0&#8243; sticky_enabled=&#8221;0&#8243;]<\/p>\n<p>Se imparte la educaci\u00f3n secundaria obligatoria <strong>biling\u00fce<\/strong> en ingl\u00e9s.<\/p>\n<p>[\/et_pb_tab][et_pb_tab _builder_version=&#8221;4.24.2&#8243; _module_preset=&#8221;default&#8221; title=&#8221;Bachillerato&#8221; hover_enabled=&#8221;0&#8243; sticky_enabled=&#8221;0&#8243;]<\/p>\n<p>El centro cuenta con dos modalidades de bachillerato:<\/p>\n<ul>\n<li><strong>Bachillerato de Ciencias y Tecnolog\u00eda<\/strong><\/li>\n<li><strong>Bachillerato de Humanidades y Ciencias Sociales<\/strong><\/li>\n<\/ul>\n<p>[\/et_pb_tab][et_pb_tab _builder_version=&#8221;4.24.2&#8243; _module_preset=&#8221;default&#8221; title=&#8221;Ciclos formativos&#8221; hover_enabled=&#8221;0&#8243; sticky_enabled=&#8221;0&#8243;]<\/p>\n<p>Se imparten los siguientes ciclos formativos:<\/p>\n<ul>\n<li><span style=\"color: #99cc00\">Ciclo Formativo de Grado B\u00e1sico de&nbsp;<strong>Servicios Administrativos<\/strong><\/span><\/li>\n<li><span style=\"color: #99cc00\">Ciclo Formativo de Grado B\u00e1sico de&nbsp;<strong>Electricidad y Electr\u00f3nica<\/strong><\/span><\/li>\n<li><span style=\"color: #339966\">Ciclo Formativo de Grado Medio de <strong>Gesti\u00f3n Administrativa<\/strong><\/span><\/li>\n<li><span style=\"color: #339966\">Ciclo Formativo de Grado Medio <strong>Instalaciones El\u00e9ctricas y Autom\u00e1ticas<\/strong><\/span><\/li>\n<li><span style=\"color: #339966\">Ciclo Formativo de Grado Medio de <strong>Mantenimiento Electromec\u00e1nico<\/strong><\/span><\/li>\n<li><span style=\"color: #993366\">Ciclo Formativo de Grado Superior de <strong>Administraci\u00f3n y Finanzas<\/strong><\/span><\/li>\n<li><span style=\"color: #993366\">Ciclo Formativo de Grado Superior de <strong>Sistemas Electrot\u00e9cnicos y Automatizados.<\/strong><\/span><\/li>\n<\/ul>\n<p>[\/et_pb_tab][et_pb_tab _builder_version=&#8221;4.24.2&#8243; _module_preset=&#8221;default&#8221; title=&#8221;Educaci\u00f3n Secundaria para adultos&#8221; hover_enabled=&#8221;0&#8243; sticky_enabled=&#8221;0&#8243;][\/et_pb_tab][\/et_pb_tabs][\/et_pb_column][\/et_pb_row][\/et_pb_section]<\/p>\n","protected":false},"excerpt":{"rendered":"<p>El IES Nuevas Poblaciones cuenta con una amplia oferta educativa: Educaci\u00f3n Secundaria Obligatoria (Biling\u00fce-Ingl\u00e9s) Bachillerato de Ciencias y Tecnolog\u00eda Bachillerato de Humanidades y Ciencias Sociales Educaci\u00f3n Secundaria para Personas Adultas (ESPA), (modalidad semipresencial) Ciclo Formativo de Grado B\u00e1sico de Servicios Administrativos Ciclo Formativo de Grado B\u00e1sico de Electricidad y Electr\u00f3nica Formaci\u00f3n profesional de Grado Medio [&hellip;]<\/p>\n","protected":false},"author":3570,"featured_media":0,"parent":0,"menu_order":0,"comment_status":"closed","ping_status":"closed","template":"","meta":{"_et_pb_use_builder":"on","_et_pb_old_content":"","_et_gb_content_width":"","ngg_post_thumbnail":0,"footnotes":""},"aioseo_notices":[],"_links":{"self":[{"href":"https:\/\/blogsaverroes.juntadeandalucia.es\/iesnuevaspoblaciones\/wp-json\/wp\/v2\/pages\/824"}],"collection":[{"href":"https:\/\/blogsaverroes.juntadeandalucia.es\/iesnuevaspoblaciones\/wp-json\/wp\/v2\/pages"}],"about":[{"href":"https:\/\/blogsaverroes.juntadeandalucia.es\/iesnuevaspoblaciones\/wp-json\/wp\/v2\/types\/page"}],"author":[{"embeddable":true,"href":"https:\/\/blogsaverroes.juntadeandalucia.es\/iesnuevaspoblaciones\/wp-json\/wp\/v2\/users\/3570"}],"replies":[{"embeddable":true,"href":"https:\/\/blogsaverroes.juntadeandalucia.es\/iesnuevaspoblaciones\/wp-json\/wp\/v2\/comments?post=824"}],"version-history":[{"count":8,"href":"https:\/\/blogsaverroes.juntadeandalucia.es\/iesnuevaspoblaciones\/wp-json\/wp\/v2\/pages\/824\/revisions"}],"predecessor-version":[{"id":3593,"href":"https:\/\/blogsaverroes.juntadeandalucia.es\/iesnuevaspoblaciones\/wp-json\/wp\/v2\/pages\/824\/revisions\/3593"}],"wp:attachment":[{"href":"https:\/\/blogsaverroes.juntadeandalucia.es\/iesnuevaspoblaciones\/wp-json\/wp\/v2\/media?parent=824"}],"curies":[{"name":"wp","href":"https:\/\/api.w.org\/{rel}","templated":true}]}}