{"id":41,"date":"2024-11-06T17:08:23","date_gmt":"2024-11-06T17:08:23","guid":{"rendered":"https:\/\/blogsaverroes.juntadeandalucia.es\/iesnuevomilenio\/?page_id=41"},"modified":"2024-11-06T18:19:35","modified_gmt":"2024-11-06T18:19:35","slug":"centro","status":"publish","type":"page","link":"https:\/\/blogsaverroes.juntadeandalucia.es\/iesnuevomilenio\/centro\/","title":{"rendered":"CENTRO"},"content":{"rendered":"<blockquote>\n<h4 style=\"text-align: left\"><span style=\"font-family: arial, helvetica, sans-serif\">El I.E.S. \u201cNuevo Milenio\u201d se encuentra ubicado en la parte oeste de la localidad de ZALAMEA LA REAL y cerca al centro del pueblo, de f\u00e1cil acceso para los alumnos\/as. Es un centro peque\u00f1o y de reciente creaci\u00f3n, inaugurado en el a\u00f1o 2002. Actualmente cuenta con un grupo reducido de alumnos\/as. Se imparte la etapa de la Educaci\u00f3n Secundaria, y cuenta con un grupo en cada uno de los cuatro cursos de la Educaci\u00f3n Secundaria, un Aula de Educaci\u00f3n Especial, un grupo de DIVERSIFICACI\u00d3N en 3o de ESO y otro en 4o ESO, as\u00ed como de un Programa Espec\u00edfico de Formaci\u00f3n Profesional B\u00e1sica de Cocina y Restauraci\u00f3n en los cursos de 1o y 2o y un CFGM de T\u00e9cnico en Producci\u00f3n Agropecuaria.<\/span><\/h4>\n<\/blockquote>\n","protected":false},"excerpt":{"rendered":"<p>El I.E.S. \u201cNuevo Milenio\u201d se encuentra ubicado en la parte oeste de la localidad de ZALAMEA LA REAL y cerca al centro del pueblo, de f\u00e1cil acceso para los alumnos\/as. Es un centro peque\u00f1o&#46;&#46;&#46;<\/p>\n","protected":false},"author":19316,"featured_media":0,"parent":0,"menu_order":0,"comment_status":"closed","ping_status":"closed","template":"","meta":{"ngg_post_thumbnail":0,"footnotes":""},"aioseo_notices":[],"_links":{"self":[{"href":"https:\/\/blogsaverroes.juntadeandalucia.es\/iesnuevomilenio\/wp-json\/wp\/v2\/pages\/41"}],"collection":[{"href":"https:\/\/blogsaverroes.juntadeandalucia.es\/iesnuevomilenio\/wp-json\/wp\/v2\/pages"}],"about":[{"href":"https:\/\/blogsaverroes.juntadeandalucia.es\/iesnuevomilenio\/wp-json\/wp\/v2\/types\/page"}],"author":[{"embeddable":true,"href":"https:\/\/blogsaverroes.juntadeandalucia.es\/iesnuevomilenio\/wp-json\/wp\/v2\/users\/19316"}],"replies":[{"embeddable":true,"href":"https:\/\/blogsaverroes.juntadeandalucia.es\/iesnuevomilenio\/wp-json\/wp\/v2\/comments?post=41"}],"version-history":[{"count":2,"href":"https:\/\/blogsaverroes.juntadeandalucia.es\/iesnuevomilenio\/wp-json\/wp\/v2\/pages\/41\/revisions"}],"predecessor-version":[{"id":164,"href":"https:\/\/blogsaverroes.juntadeandalucia.es\/iesnuevomilenio\/wp-json\/wp\/v2\/pages\/41\/revisions\/164"}],"wp:attachment":[{"href":"https:\/\/blogsaverroes.juntadeandalucia.es\/iesnuevomilenio\/wp-json\/wp\/v2\/media?parent=41"}],"curies":[{"name":"wp","href":"https:\/\/api.w.org\/{rel}","templated":true}]}}