{"id":11142,"date":"2025-03-25T12:46:00","date_gmt":"2025-03-25T11:46:00","guid":{"rendered":"https:\/\/blogsaverroes.juntadeandalucia.es\/iesodiel\/?page_id=11142"},"modified":"2026-01-23T14:02:06","modified_gmt":"2026-01-23T13:02:06","slug":"tecnologia-2","status":"publish","type":"page","link":"https:\/\/blogsaverroes.juntadeandalucia.es\/iesodiel\/tecnologia-2\/","title":{"rendered":"Tecnolog\u00eda"},"content":{"rendered":"<p>En esta secci\u00f3n encontrar\u00e1s las programaciones did\u00e1cticas correspondientes al presente curso escolar del<strong> Departamento de Tecnolog\u00eda<\/strong>. Estos documentos recogen los objetivos, saberes b\u00e1sicos, criterios de evaluaci\u00f3n, metodolog\u00edas y medidas de atenci\u00f3n a la diversidad de cada materia, garantizando una ense\u00f1anza coherente, transparente y adaptada al marco educativo vigente.<\/p>\n<p><a href=\"https:\/\/blogsaverroes.juntadeandalucia.es\/iesodiel\/tecnologia-2\/proagramacion-2025-26\/\">PD Tecnolog\u00eda<\/a><\/p>\n","protected":false},"excerpt":{"rendered":"<p>En esta secci\u00f3n encontrar\u00e1s las programaciones did\u00e1cticas correspondientes al presente curso escolar del Departamento de Tecnolog\u00eda. Estos documentos recogen los objetivos, saberes b\u00e1sicos, criterios de evaluaci\u00f3n, metodolog\u00edas y medidas de atenci\u00f3n a la diversidad&#46;&#46;&#46;<\/p>\n","protected":false},"author":6260,"featured_media":0,"parent":0,"menu_order":0,"comment_status":"closed","ping_status":"closed","template":"","meta":{"ngg_post_thumbnail":0,"footnotes":"","_mc_calendar":[]},"aioseo_notices":[],"_links":{"self":[{"href":"https:\/\/blogsaverroes.juntadeandalucia.es\/iesodiel\/wp-json\/wp\/v2\/pages\/11142"}],"collection":[{"href":"https:\/\/blogsaverroes.juntadeandalucia.es\/iesodiel\/wp-json\/wp\/v2\/pages"}],"about":[{"href":"https:\/\/blogsaverroes.juntadeandalucia.es\/iesodiel\/wp-json\/wp\/v2\/types\/page"}],"author":[{"embeddable":true,"href":"https:\/\/blogsaverroes.juntadeandalucia.es\/iesodiel\/wp-json\/wp\/v2\/users\/6260"}],"replies":[{"embeddable":true,"href":"https:\/\/blogsaverroes.juntadeandalucia.es\/iesodiel\/wp-json\/wp\/v2\/comments?post=11142"}],"version-history":[{"count":4,"href":"https:\/\/blogsaverroes.juntadeandalucia.es\/iesodiel\/wp-json\/wp\/v2\/pages\/11142\/revisions"}],"predecessor-version":[{"id":11311,"href":"https:\/\/blogsaverroes.juntadeandalucia.es\/iesodiel\/wp-json\/wp\/v2\/pages\/11142\/revisions\/11311"}],"wp:attachment":[{"href":"https:\/\/blogsaverroes.juntadeandalucia.es\/iesodiel\/wp-json\/wp\/v2\/media?parent=11142"}],"curies":[{"name":"wp","href":"https:\/\/api.w.org\/{rel}","templated":true}]}}

Tecnología

<p>En esta sección encontrarás las programaciones didácticas correspondientes al presente curso escolar del<strong> Departamento de Tecnología</strong>. Estos documentos recogen los objetivos, saberes básicos, criterios de evaluación, metodologías y medidas de atención a la diversidad de cada materia, garantizando una enseñanza coherente, transparente y adaptada al marco educativo vigente.</p>
<p><a href="https://blogsaverroes.juntadeandalucia.es/iesodiel/tecnologia-2/proagramacion-2025-26/">PD Tecnología</a></p>

<p>En esta sección encontrarás las programaciones didácticas correspondientes al presente curso escolar del Departamento de Tecnología. Estos documentos recogen los objetivos, saberes básicos, criterios de evaluación, metodologías y medidas de atención a la diversidad&#46;&#46;&#46;</p>
