{"id":11167,"date":"2025-03-26T11:25:51","date_gmt":"2025-03-26T10:25:51","guid":{"rendered":"https:\/\/blogsaverroes.juntadeandalucia.es\/iesodiel\/?page_id=11167"},"modified":"2026-01-26T11:25:13","modified_gmt":"2026-01-26T10:25:13","slug":"gestion-administrativa","status":"publish","type":"page","link":"https:\/\/blogsaverroes.juntadeandalucia.es\/iesodiel\/gestion-administrativa\/","title":{"rendered":"Administraci\u00f3n y Gesti\u00f3n"},"content":{"rendered":"<p>En esta secci\u00f3n encontrar\u00e1s las programaciones did\u00e1cticas correspondientes al presente curso escolar del<strong> Departamento de Administraci\u00f3n y Gesti\u00f3n<\/strong>. Estos documentos recogen los objetivos, saberes b\u00e1sicos, criterios de evaluaci\u00f3n, metodolog\u00edas y medidas de atenci\u00f3n a la diversidad de cada materia, garantizando una ense\u00f1anza coherente, transparente y adaptada al marco educativo vigente.<\/p>\n<p><strong>ESO y Bachillerato<\/strong><\/p>\n<p><a href=\"https:\/\/blogsaverroes.juntadeandalucia.es\/iesodiel\/gestion-administrativa\/pd_4o-ase_2025_2026\/\">PD Aprendizaje Social y Emocional<\/a>&nbsp;<\/p>\n<p><a href=\"https:\/\/blogsaverroes.juntadeandalucia.es\/iesodiel\/gestion-administrativa\/pd_1o-economia_2025_2026\/\">PD Econom\u00eda<\/a>&nbsp;<\/p>\n<p><a href=\"https:\/\/blogsaverroes.juntadeandalucia.es\/iesodiel\/gestion-administrativa\/pd_2o-empresa-y-dmn_2025_2026\/\">PD Empresa y Dise\u00f1o de Modelos de Negocio&nbsp;<\/a>&nbsp;<\/p>\n<p><a href=\"https:\/\/blogsaverroes.juntadeandalucia.es\/iesodiel\/gestion-administrativa\/pd_4o-eco-y-empr_2025_2026\/\">PD Econom\u00eda y Emprendimiento&nbsp;<\/a>&nbsp;<\/p>\n<p><a href=\"https:\/\/blogsaverroes.juntadeandalucia.es\/iesodiel\/gestion-administrativa\/pd_4o-fopp_2025_2026\/\">PD Formaci\u00f3n y Orientaci\u00f3n Profesional y Personal<\/a><\/p>\n<p><strong>1\u00ba Grado Medio de Gesti\u00f3n Administrativa<\/strong><\/p>\n<p><a href=\"https:\/\/blogsaverroes.juntadeandalucia.es\/iesodiel\/ingles-3\/programacion-1ociclo-gestion-ingles25_26\/\">PD Ingl\u00e9s &#8211; 1\u00ba Ciclo de Administraci\u00f3n y Gesti\u00f3n&nbsp;<\/a><\/p>\n<p><a href=\"https:\/\/blogsaverroes.juntadeandalucia.es\/iesodiel\/gestion-administrativa\/pd-1_sasp-ga-2025-26\/\">PD Sostenibilidad aplicada al sistema productivo<\/a><\/p>\n<p><strong><a href=\"https:\/\/blogsaverroes.juntadeandalucia.es\/iesodiel\/gestion-administrativa\/pd-1_ceac-ga-2025-2026\/\">PD Comunicaci\u00f3n empresarial y atenci\u00f3n al cliente<\/a><\/strong><\/p>\n<p><a href=\"https:\/\/blogsaverroes.juntadeandalucia.es\/iesodiel\/gestion-administrativa\/pd-1_dig-ga-25-26\/\">PD Digitalizaci\u00f3n aplicada a los sectores productivos I<\/a><\/p>\n<p><a href=\"https:\/\/blogsaverroes.juntadeandalucia.es\/iesodiel\/gestion-administrativa\/pd-1_eya-2025-2026\/\">PD Empresa y Administraci\u00f3n<\/a><\/p>\n<p><a href=\"https:\/\/blogsaverroes.juntadeandalucia.es\/iesodiel\/gestion-administrativa\/pd-1_ipe-i-ga\/\">PD Itinerario personal para la empleabilidad I<\/a><\/p>\n<p><a href=\"https:\/\/blogsaverroes.juntadeandalucia.es\/iesodiel\/gestion-administrativa\/pd-1_oacv-ga-25-26\/\">PD Operaciones administrativas de compraventa<\/a><\/p>\n<p><a href=\"https:\/\/blogsaverroes.juntadeandalucia.es\/iesodiel\/gestion-administrativa\/pd-1_sasp-ga-2025-26-2\/\">PD Sostenibilidad aplicada al sistema productivo<\/a><\/p>\n<p><a href=\"https:\/\/blogsaverroes.juntadeandalucia.es\/iesodiel\/gestion-administrativa\/pd-1_tc-ga-2025-2026\/\">PD T\u00e9cnica contable<\/a><\/p>\n<p><a href=\"https:\/\/blogsaverroes.juntadeandalucia.es\/iesodiel\/gestion-administrativa\/pd-1_tii-ga\/\">PD Tratamiento inform\u00e1tico de la informaci\u00f3n<\/a><\/p>\n<p><strong>2\u00ba Grado Medio de Gesti\u00f3n Administrativa<\/strong><\/p>\n<p><a href=\"https:\/\/blogsaverroes.juntadeandalucia.es\/iesodiel\/ingles-3\/programacion-aula-bilingue-2o-ciclo-gestion-ingles-25-26\/\">PD Ingl\u00e9s &#8211; 2\u00ba Ciclo de Administraci\u00f3n y Gesti\u00f3n<\/a><\/p>\n<p><a href=\"https:\/\/blogsaverroes.juntadeandalucia.es\/iesodiel\/gestion-administrativa\/pd-2_-ipe-ii-ga-2025-26\/\">PD Itinerario personal para la empleabilidad II<\/a>&nbsp;<\/p>\n<p><a href=\"https:\/\/blogsaverroes.juntadeandalucia.es\/iesodiel\/gestion-administrativa\/pd-2_eau-ga-2025-2026\/\">PD Empresa en el aula<\/a>&nbsp;<\/p>\n<p><a href=\"https:\/\/blogsaverroes.juntadeandalucia.es\/iesodiel\/gestion-administrativa\/pd-2_oagt-ga-2025-2026\/\">PD Operaciones auxiliares de gesti\u00f3n de tesorer\u00eda<\/a>&nbsp;<\/p>\n<p><a href=\"https:\/\/blogsaverroes.juntadeandalucia.es\/iesodiel\/gestion-administrativa\/pd-2_oarh-ga-2025-2026\/\">PD Operaciones administrativas de recursos humanos<\/a>&nbsp;<\/p>\n<p><a href=\"https:\/\/blogsaverroes.juntadeandalucia.es\/iesodiel\/gestion-administrativa\/pd-2_pi-ga-2025-2026\/\">PD Proyecto Intermodular<\/a>&nbsp;<\/p>\n<p><a href=\"https:\/\/blogsaverroes.juntadeandalucia.es\/iesodiel\/gestion-administrativa\/pd-2_tdc-ga-2025-2026\/\">PD Tratamiento de la documentaci\u00f3n contable<\/a><\/p>\n<p>&nbsp;<\/p>\n<p>&nbsp;<\/p>\n<p>&nbsp;<\/p>\n<p>&nbsp;<\/p>\n","protected":false},"excerpt":{"rendered":"<p>En esta secci\u00f3n encontrar\u00e1s las programaciones did\u00e1cticas correspondientes al presente curso escolar del Departamento de Administraci\u00f3n y Gesti\u00f3n. Estos documentos recogen los objetivos, saberes b\u00e1sicos, criterios de evaluaci\u00f3n, metodolog\u00edas y medidas de atenci\u00f3n a&#46;&#46;&#46;<\/p>\n","protected":false},"author":6260,"featured_media":0,"parent":0,"menu_order":0,"comment_status":"closed","ping_status":"closed","template":"","meta":{"ngg_post_thumbnail":0,"footnotes":"","_mc_calendar":[]},"aioseo_notices":[],"_links":{"self":[{"href":"https:\/\/blogsaverroes.juntadeandalucia.es\/iesodiel\/wp-json\/wp\/v2\/pages\/11167"}],"collection":[{"href":"https:\/\/blogsaverroes.juntadeandalucia.es\/iesodiel\/wp-json\/wp\/v2\/pages"}],"about":[{"href":"https:\/\/blogsaverroes.juntadeandalucia.es\/iesodiel\/wp-json\/wp\/v2\/types\/page"}],"author":[{"embeddable":true,"href":"https:\/\/blogsaverroes.juntadeandalucia.es\/iesodiel\/wp-json\/wp\/v2\/users\/6260"}],"replies":[{"embeddable":true,"href":"https:\/\/blogsaverroes.juntadeandalucia.es\/iesodiel\/wp-json\/wp\/v2\/comments?post=11167"}],"version-history":[{"count":9,"href":"https:\/\/blogsaverroes.juntadeandalucia.es\/iesodiel\/wp-json\/wp\/v2\/pages\/11167\/revisions"}],"predecessor-version":[{"id":11329,"href":"https:\/\/blogsaverroes.juntadeandalucia.es\/iesodiel\/wp-json\/wp\/v2\/pages\/11167\/revisions\/11329"}],"wp:attachment":[{"href":"https:\/\/blogsaverroes.juntadeandalucia.es\/iesodiel\/wp-json\/wp\/v2\/media?parent=11167"}],"curies":[{"name":"wp","href":"https:\/\/api.w.org\/{rel}","templated":true}]}}