{"id":11203,"date":"2025-11-24T13:10:14","date_gmt":"2025-11-24T12:10:14","guid":{"rendered":"https:\/\/blogsaverroes.juntadeandalucia.es\/iesodiel\/?page_id=11203"},"modified":"2025-11-24T13:10:14","modified_gmt":"2025-11-24T12:10:14","slug":"protocolo-huelga-alumnado","status":"publish","type":"page","link":"https:\/\/blogsaverroes.juntadeandalucia.es\/iesodiel\/protocolo-huelga-alumnado\/","title":{"rendered":"Protocolo Huelga Alumnado"},"content":{"rendered":"<p>El <em data-start=\"141\" data-end=\"189\">Protocolo de Huelga del Alumnado del IES Odiel<\/em> establece el procedimiento oficial para organizar, comunicar y gestionar las jornadas de inasistencia colectiva del alumnado a partir de 3\u00ba de ESO y 1\u00ba de CFGB. Basado en la normativa vigente, recoge los requisitos, pasos a seguir, funciones de la Junta de Delegados\/as y condiciones para la justificaci\u00f3n de faltas, garantizando el ejercicio del derecho de reuni\u00f3n y participaci\u00f3n del alumnado dentro del marco educativo.<\/p>\n<p><a href=\"https:\/\/blogsaverroes.juntadeandalucia.es\/iesodiel\/protocolo-huelga-alumnado\/protocolo-de-huelga-de-alumnado\/\" rel=\"attachment wp-att-11206\">PROTOCOLO DE HUELGA DE ALUMNADO<\/a><\/p>\n<p><a href=\"https:\/\/blogsaverroes.juntadeandalucia.es\/iesodiel\/protocolo-huelga-alumnado\/anexo-i-acta-de-la-junta-de-delegados\/\" rel=\"attachment wp-att-11204\">ANEXO I. ACTA DE LA JUNTA DE DELEGADOS<\/a><\/p>\n<p><a href=\"https:\/\/blogsaverroes.juntadeandalucia.es\/iesodiel\/protocolo-huelga-alumnado\/anexo-ii-acta-del-grupo-de-alumnos\/\" rel=\"attachment wp-att-11205\">ANEXO II. ACTA DEL GRUPO DE ALUMNOS<\/a><\/p>\n","protected":false},"excerpt":{"rendered":"<p>El Protocolo de Huelga del Alumnado del IES Odiel establece el procedimiento oficial para organizar, comunicar y gestionar las jornadas de inasistencia colectiva del alumnado a partir de 3\u00ba de ESO y 1\u00ba de&#46;&#46;&#46;<\/p>\n","protected":false},"author":6260,"featured_media":0,"parent":0,"menu_order":0,"comment_status":"closed","ping_status":"closed","template":"","meta":{"ngg_post_thumbnail":0,"footnotes":"","_mc_calendar":[]},"aioseo_notices":[],"_links":{"self":[{"href":"https:\/\/blogsaverroes.juntadeandalucia.es\/iesodiel\/wp-json\/wp\/v2\/pages\/11203"}],"collection":[{"href":"https:\/\/blogsaverroes.juntadeandalucia.es\/iesodiel\/wp-json\/wp\/v2\/pages"}],"about":[{"href":"https:\/\/blogsaverroes.juntadeandalucia.es\/iesodiel\/wp-json\/wp\/v2\/types\/page"}],"author":[{"embeddable":true,"href":"https:\/\/blogsaverroes.juntadeandalucia.es\/iesodiel\/wp-json\/wp\/v2\/users\/6260"}],"replies":[{"embeddable":true,"href":"https:\/\/blogsaverroes.juntadeandalucia.es\/iesodiel\/wp-json\/wp\/v2\/comments?post=11203"}],"version-history":[{"count":3,"href":"https:\/\/blogsaverroes.juntadeandalucia.es\/iesodiel\/wp-json\/wp\/v2\/pages\/11203\/revisions"}],"predecessor-version":[{"id":11209,"href":"https:\/\/blogsaverroes.juntadeandalucia.es\/iesodiel\/wp-json\/wp\/v2\/pages\/11203\/revisions\/11209"}],"wp:attachment":[{"href":"https:\/\/blogsaverroes.juntadeandalucia.es\/iesodiel\/wp-json\/wp\/v2\/media?parent=11203"}],"curies":[{"name":"wp","href":"https:\/\/api.w.org\/{rel}","templated":true}]}}

<p>El <em data-start="141" data-end="189">Protocolo de Huelga del Alumnado del IES Odiel</em> establece el procedimiento oficial para organizar, comunicar y gestionar las jornadas de inasistencia colectiva del alumnado a partir de 3º de ESO y 1º de CFGB. Basado en la normativa vigente, recoge los requisitos, pasos a seguir, funciones de la Junta de Delegados/as y condiciones para la justificación de faltas, garantizando el ejercicio del derecho de reunión y participación del alumnado dentro del marco educativo.</p>
<p><a href="https://blogsaverroes.juntadeandalucia.es/iesodiel/protocolo-huelga-alumnado/protocolo-de-huelga-de-alumnado/" rel="attachment wp-att-11206">PROTOCOLO DE HUELGA DE ALUMNADO</a></p>
<p><a href="https://blogsaverroes.juntadeandalucia.es/iesodiel/protocolo-huelga-alumnado/anexo-i-acta-de-la-junta-de-delegados/" rel="attachment wp-att-11204">ANEXO I. ACTA DE LA JUNTA DE DELEGADOS</a></p>
<p><a href="https://blogsaverroes.juntadeandalucia.es/iesodiel/protocolo-huelga-alumnado/anexo-ii-acta-del-grupo-de-alumnos/" rel="attachment wp-att-11205">ANEXO II. ACTA DEL GRUPO DE ALUMNOS</a></p>

<p>El Protocolo de Huelga del Alumnado del IES Odiel establece el procedimiento oficial para organizar, comunicar y gestionar las jornadas de inasistencia colectiva del alumnado a partir de 3º de ESO y 1º de&#46;&#46;&#46;</p>
