{"id":2966,"date":"2018-06-07T17:58:14","date_gmt":"2018-06-07T15:58:14","guid":{"rendered":"https:\/\/blogsaverroes.juntadeandalucia.es\/iesodiel\/?page_id=2966"},"modified":"2023-10-06T20:09:22","modified_gmt":"2023-10-06T18:09:22","slug":"fondo-social-europeo","status":"publish","type":"page","link":"https:\/\/blogsaverroes.juntadeandalucia.es\/iesodiel\/fondo-social-europeo\/","title":{"rendered":"Fondo Social Europeo"},"content":{"rendered":"<p><strong>El Programa Operativo Fondo Social Europeo + 2021-2027 cofinancia las siguientes actuaciones en este centro: <\/strong><\/p>\n<p>&nbsp;<\/p>\n<p><strong>Las retribuciones del Profesorado de este centro que imparte las ense\u00f1anzas detalladas a continuaci\u00f3n son cofinanciadas a trav\u00e9s del Programa Operativo Fondo Social Europeo 2014-2020: <\/strong><\/p>\n<ul>\n<li>Apoyo escolar (PROA).<\/li>\n<li>Formaci\u00f3n Profesional B\u00e1sica.<\/li>\n<li>Nuevos itinerarios de ESO.<\/li>\n<li>Pedagog\u00eda Terap\u00e9utica.<\/li>\n<li>Transporte Escolar<\/li>\n<\/ul>\n<p><img loading=\"lazy\" decoding=\"async\" class=\"aligncenter size-full wp-image-9512\" src=\"https:\/\/blogsaverroes.juntadeandalucia.es\/iesodiel\/files\/2023\/10\/Fondo-Social-Europeo.png\" alt=\"\" width=\"1188\" height=\"103\" srcset=\"https:\/\/blogsaverroes.juntadeandalucia.es\/iesodiel\/files\/2023\/10\/Fondo-Social-Europeo.png 1188w, https:\/\/blogsaverroes.juntadeandalucia.es\/iesodiel\/files\/2023\/10\/Fondo-Social-Europeo-300x26.png 300w, https:\/\/blogsaverroes.juntadeandalucia.es\/iesodiel\/files\/2023\/10\/Fondo-Social-Europeo-1024x89.png 1024w, https:\/\/blogsaverroes.juntadeandalucia.es\/iesodiel\/files\/2023\/10\/Fondo-Social-Europeo-768x67.png 768w\" sizes=\"(max-width: 1188px) 100vw, 1188px\" \/><\/p>\n<p>&nbsp;<\/p>\n","protected":false},"excerpt":{"rendered":"<p>El Programa Operativo Fondo Social Europeo + 2021-2027 cofinancia las siguientes actuaciones en este centro: &nbsp; Las retribuciones del Profesorado de este centro que imparte las ense\u00f1anzas detalladas a continuaci\u00f3n son cofinanciadas a trav\u00e9s&#46;&#46;&#46;<\/p>\n","protected":false},"author":6260,"featured_media":0,"parent":0,"menu_order":0,"comment_status":"closed","ping_status":"closed","template":"","meta":{"ngg_post_thumbnail":0,"footnotes":"","_mc_calendar":[]},"aioseo_notices":[],"_links":{"self":[{"href":"https:\/\/blogsaverroes.juntadeandalucia.es\/iesodiel\/wp-json\/wp\/v2\/pages\/2966"}],"collection":[{"href":"https:\/\/blogsaverroes.juntadeandalucia.es\/iesodiel\/wp-json\/wp\/v2\/pages"}],"about":[{"href":"https:\/\/blogsaverroes.juntadeandalucia.es\/iesodiel\/wp-json\/wp\/v2\/types\/page"}],"author":[{"embeddable":true,"href":"https:\/\/blogsaverroes.juntadeandalucia.es\/iesodiel\/wp-json\/wp\/v2\/users\/6260"}],"replies":[{"embeddable":true,"href":"https:\/\/blogsaverroes.juntadeandalucia.es\/iesodiel\/wp-json\/wp\/v2\/comments?post=2966"}],"version-history":[{"count":3,"href":"https:\/\/blogsaverroes.juntadeandalucia.es\/iesodiel\/wp-json\/wp\/v2\/pages\/2966\/revisions"}],"predecessor-version":[{"id":9513,"href":"https:\/\/blogsaverroes.juntadeandalucia.es\/iesodiel\/wp-json\/wp\/v2\/pages\/2966\/revisions\/9513"}],"wp:attachment":[{"href":"https:\/\/blogsaverroes.juntadeandalucia.es\/iesodiel\/wp-json\/wp\/v2\/media?parent=2966"}],"curies":[{"name":"wp","href":"https:\/\/api.w.org\/{rel}","templated":true}]}}

<p><strong>El Programa Operativo Fondo Social Europeo + 2021-2027 cofinancia las siguientes actuaciones en este centro: </strong></p>
<p>&nbsp;</p>
<p><strong>Las retribuciones del Profesorado de este centro que imparte las enseñanzas detalladas a continuación son cofinanciadas a través del Programa Operativo Fondo Social Europeo 2014-2020: </strong></p>
<ul>
<li>Apoyo escolar (PROA).</li>
<li>Formación Profesional Básica.</li>
<li>Nuevos itinerarios de ESO.</li>
<li>Pedagogía Terapéutica.</li>
<li>Transporte Escolar</li>
</ul>
<p><img loading="lazy" decoding="async" class="aligncenter size-full wp-image-9512" src="https://blogsaverroes.juntadeandalucia.es/iesodiel/files/2023/10/Fondo-Social-Europeo.png" alt="" width="1188" height="103" srcset="https://blogsaverroes.juntadeandalucia.es/iesodiel/files/2023/10/Fondo-Social-Europeo.png 1188w, https://blogsaverroes.juntadeandalucia.es/iesodiel/files/2023/10/Fondo-Social-Europeo-300x26.png 300w, https://blogsaverroes.juntadeandalucia.es/iesodiel/files/2023/10/Fondo-Social-Europeo-1024x89.png 1024w, https://blogsaverroes.juntadeandalucia.es/iesodiel/files/2023/10/Fondo-Social-Europeo-768x67.png 768w" sizes="(max-width: 1188px) 100vw, 1188px" /></p>
<p>&nbsp;</p>

<p>El Programa Operativo Fondo Social Europeo + 2021-2027 cofinancia las siguientes actuaciones en este centro: &nbsp; Las retribuciones del Profesorado de este centro que imparte las enseñanzas detalladas a continuación son cofinanciadas a través&#46;&#46;&#46;</p>
