{"id":42,"date":"2015-03-13T08:40:47","date_gmt":"2015-03-13T08:40:47","guid":{"rendered":"http:\/\/blogsaverroes.juntadeandalucia.es\/pre\/ceip\/?page_id=42"},"modified":"2026-01-26T11:32:36","modified_gmt":"2026-01-26T10:32:36","slug":"equipo-directivo","status":"publish","type":"page","link":"https:\/\/blogsaverroes.juntadeandalucia.es\/iesodiel\/equipo-directivo\/","title":{"rendered":"Equipo directivo"},"content":{"rendered":"<p><strong>Direcci\u00f3n:<br \/>\n<\/strong>Luis Gonz\u00e1lez Alb\u00e9ndiz<\/p>\n<p><strong>Vicedirecci\u00f3n:<br \/>\n<\/strong>Ana Romero Huelva<\/p>\n<p><strong>Secretar\u00eda:<br \/>\n<\/strong>Lourdes Garc\u00eda Tarifa<\/p>\n<p><strong>Jefatura de estudios:<br \/>\n<\/strong>Alfonso Morato Caleza<\/p>\n<p><strong>Jefatura de estudios adjunta:<br \/>\n<\/strong>Lourdes Quintero M\u00e1rquez y Marta Mor\u00e1n Fidalgo<\/p>\n<p>&nbsp;<\/p>\n<div id=\"attachment_2379\" style=\"width: 811px\" class=\"wp-caption alignnone\"><a href=\"https:\/\/blogsaverroes.juntadeandalucia.es\/iesodiel\/files\/2018\/05\/Portada25aniversario-e1526585612997.jpg\"><img loading=\"lazy\" decoding=\"async\" aria-describedby=\"caption-attachment-2379\" class=\"wp-image-2379\" src=\"https:\/\/blogsaverroes.juntadeandalucia.es\/iesodiel\/files\/2018\/05\/Portada25aniversario-300x106.jpg\" alt=\"\" width=\"801\" height=\"283\"><\/a><p id=\"caption-attachment-2379\" class=\"wp-caption-text\">Imagen de Alberto Bouz\u00f3n<\/p><\/div>\n<p>&nbsp;<\/p>\n","protected":false},"excerpt":{"rendered":"<p>Direcci\u00f3n: Luis Gonz\u00e1lez Alb\u00e9ndiz Vicedirecci\u00f3n: Ana Romero Huelva Secretar\u00eda: Lourdes Garc\u00eda Tarifa Jefatura de estudios: Alfonso Morato Caleza Jefatura de estudios adjunta: Lourdes Quintero M\u00e1rquez y Marta Mor\u00e1n Fidalgo &nbsp; &nbsp;<\/p>\n","protected":false},"author":1,"featured_media":0,"parent":0,"menu_order":0,"comment_status":"open","ping_status":"open","template":"page-templates\/child-menu.php","meta":{"ngg_post_thumbnail":0,"footnotes":"","_mc_calendar":[]},"aioseo_notices":[],"_links":{"self":[{"href":"https:\/\/blogsaverroes.juntadeandalucia.es\/iesodiel\/wp-json\/wp\/v2\/pages\/42"}],"collection":[{"href":"https:\/\/blogsaverroes.juntadeandalucia.es\/iesodiel\/wp-json\/wp\/v2\/pages"}],"about":[{"href":"https:\/\/blogsaverroes.juntadeandalucia.es\/iesodiel\/wp-json\/wp\/v2\/types\/page"}],"author":[{"embeddable":true,"href":"https:\/\/blogsaverroes.juntadeandalucia.es\/iesodiel\/wp-json\/wp\/v2\/users\/1"}],"replies":[{"embeddable":true,"href":"https:\/\/blogsaverroes.juntadeandalucia.es\/iesodiel\/wp-json\/wp\/v2\/comments?post=42"}],"version-history":[{"count":15,"href":"https:\/\/blogsaverroes.juntadeandalucia.es\/iesodiel\/wp-json\/wp\/v2\/pages\/42\/revisions"}],"predecessor-version":[{"id":11330,"href":"https:\/\/blogsaverroes.juntadeandalucia.es\/iesodiel\/wp-json\/wp\/v2\/pages\/42\/revisions\/11330"}],"wp:attachment":[{"href":"https:\/\/blogsaverroes.juntadeandalucia.es\/iesodiel\/wp-json\/wp\/v2\/media?parent=42"}],"curies":[{"name":"wp","href":"https:\/\/api.w.org\/{rel}","templated":true}]}}

<p><strong>Dirección:<br />
</strong>Luis González Albéndiz</p>
<p><strong>Vicedirección:<br />
</strong>Ana Romero Huelva</p>
<p><strong>Secretaría:<br />
</strong>Lourdes García Tarifa</p>
<p><strong>Jefatura de estudios:<br />
</strong>Alfonso Morato Caleza</p>
<p><strong>Jefatura de estudios adjunta:<br />
</strong>Lourdes Quintero Márquez y Marta Morán Fidalgo</p>
<p>&nbsp;</p>
<div id="attachment_2379" style="width: 811px" class="wp-caption alignnone"><a href="https://blogsaverroes.juntadeandalucia.es/iesodiel/files/2018/05/Portada25aniversario-e1526585612997.jpg"><img loading="lazy" decoding="async" aria-describedby="caption-attachment-2379" class="wp-image-2379" src="https://blogsaverroes.juntadeandalucia.es/iesodiel/files/2018/05/Portada25aniversario-300x106.jpg" alt="" width="801" height="283"></a><p id="caption-attachment-2379" class="wp-caption-text">Imagen de Alberto Bouzón</p></div>
<p>&nbsp;</p>

<p>Dirección: Luis González Albéndiz Vicedirección: Ana Romero Huelva Secretaría: Lourdes García Tarifa Jefatura de estudios: Alfonso Morato Caleza Jefatura de estudios adjunta: Lourdes Quintero Márquez y Marta Morán Fidalgo &nbsp; &nbsp;</p>
