{"id":8446,"date":"2022-11-19T13:17:47","date_gmt":"2022-11-19T12:17:47","guid":{"rendered":"https:\/\/blogsaverroes.juntadeandalucia.es\/iesodiel\/?page_id=8446"},"modified":"2023-03-17T22:10:51","modified_gmt":"2023-03-17T21:10:51","slug":"uso-responsable-del-movil","status":"publish","type":"page","link":"https:\/\/blogsaverroes.juntadeandalucia.es\/iesodiel\/classroom-y-moodle\/uso-responsable-del-movil\/","title":{"rendered":"Uso responsable del m\u00f3vil"},"content":{"rendered":"<p><img loading=\"lazy\" decoding=\"async\" class=\"alignright wp-image-8448\" src=\"https:\/\/blogsaverroes.juntadeandalucia.es\/iesodiel\/files\/2022\/11\/le-das-un-movil-a-tu-hija-o-hijo.png\" alt=\"\" width=\"299\" height=\"532\" srcset=\"https:\/\/blogsaverroes.juntadeandalucia.es\/iesodiel\/files\/2022\/11\/le-das-un-movil-a-tu-hija-o-hijo.png 900w, https:\/\/blogsaverroes.juntadeandalucia.es\/iesodiel\/files\/2022\/11\/le-das-un-movil-a-tu-hija-o-hijo-169x300.png 169w, https:\/\/blogsaverroes.juntadeandalucia.es\/iesodiel\/files\/2022\/11\/le-das-un-movil-a-tu-hija-o-hijo-576x1024.png 576w, https:\/\/blogsaverroes.juntadeandalucia.es\/iesodiel\/files\/2022\/11\/le-das-un-movil-a-tu-hija-o-hijo-768x1365.png 768w, https:\/\/blogsaverroes.juntadeandalucia.es\/iesodiel\/files\/2022\/11\/le-das-un-movil-a-tu-hija-o-hijo-864x1536.png 864w\" sizes=\"(max-width: 299px) 100vw, 299px\" \/>La Agencia Espa\u00f1ola de Protecci\u00f3n de Datos y UNICEF, <span class=\"field field--name-title field--type-string field--label-hidden\">ofrecen a las familias las claves que deben tener en cuenta al regalar un m\u00f3vil a sus hijos e hijas. La campa\u00f1a, desplegada en noviembre de 2022 puede consultarse <a href=\"https:\/\/www.aepd.es\/es\/mas-que-un-movil\" target=\"_blank\" rel=\"noopener noreferrer\">pinchando en este enlace<\/a>.<\/span>&nbsp;La gu\u00eda puede descargarse pinchando <a href=\"https:\/\/blogsaverroes.juntadeandalucia.es\/iesodiel\/files\/2022\/11\/la-guia-que-no-viene-con-el-movil.pdf\" target=\"_blank\" rel=\"noopener noreferrer\">aqu\u00ed<\/a>.<\/p>\n<p>Por su parte, basado en la Gu\u00eda de buenas pr\u00e1cticas TIC editada por la Junta de Castilla y Le\u00f3n, les ofrecemos <a href=\"https:\/\/blogsaverroes.juntadeandalucia.es\/iesodiel\/files\/2022\/10\/Gu%C3%ADa-buenas-pr%C3%A1cticas-TIC-para-familias.pdf\" target=\"_blank\" rel=\"noopener noreferrer\">este documento<\/a>.<\/p>\n<p>Si ha llegado hasta aqu\u00ed buscando avisos y consejos sobre el uso de las nuevas tecnolog\u00edas le recomiendo v\u00edvamente <a href=\"https:\/\/www.juntadeandalucia.es\/educacion\/portals\/web\/ced\/centros\/seguridad-y-proteccion-de-datos\/avisos-y-consejos\" target=\"_blank\" rel=\"noopener noreferrer\">esta p\u00e1gina<\/a> de la Consejer\u00eda de Educaci\u00f3n.<\/p>\n","protected":false},"excerpt":{"rendered":"<p>La Agencia Espa\u00f1ola de Protecci\u00f3n de Datos y UNICEF, ofrecen a las familias las claves que deben tener en cuenta al regalar un m\u00f3vil a sus hijos e hijas. La campa\u00f1a, desplegada en noviembre&#46;&#46;&#46;<\/p>\n","protected":false},"author":6260,"featured_media":0,"parent":7248,"menu_order":3,"comment_status":"closed","ping_status":"closed","template":"page-templates\/child-menu.php","meta":{"ngg_post_thumbnail":0,"footnotes":"","_mc_calendar":[]},"aioseo_notices":[],"_links":{"self":[{"href":"https:\/\/blogsaverroes.juntadeandalucia.es\/iesodiel\/wp-json\/wp\/v2\/pages\/8446"}],"collection":[{"href":"https:\/\/blogsaverroes.juntadeandalucia.es\/iesodiel\/wp-json\/wp\/v2\/pages"}],"about":[{"href":"https:\/\/blogsaverroes.juntadeandalucia.es\/iesodiel\/wp-json\/wp\/v2\/types\/page"}],"author":[{"embeddable":true,"href":"https:\/\/blogsaverroes.juntadeandalucia.es\/iesodiel\/wp-json\/wp\/v2\/users\/6260"}],"replies":[{"embeddable":true,"href":"https:\/\/blogsaverroes.juntadeandalucia.es\/iesodiel\/wp-json\/wp\/v2\/comments?post=8446"}],"version-history":[{"count":4,"href":"https:\/\/blogsaverroes.juntadeandalucia.es\/iesodiel\/wp-json\/wp\/v2\/pages\/8446\/revisions"}],"predecessor-version":[{"id":9057,"href":"https:\/\/blogsaverroes.juntadeandalucia.es\/iesodiel\/wp-json\/wp\/v2\/pages\/8446\/revisions\/9057"}],"up":[{"embeddable":true,"href":"https:\/\/blogsaverroes.juntadeandalucia.es\/iesodiel\/wp-json\/wp\/v2\/pages\/7248"}],"wp:attachment":[{"href":"https:\/\/blogsaverroes.juntadeandalucia.es\/iesodiel\/wp-json\/wp\/v2\/media?parent=8446"}],"curies":[{"name":"wp","href":"https:\/\/api.w.org\/{rel}","templated":true}]}}

Uso responsable del móvil

<p><img loading="lazy" decoding="async" class="alignright wp-image-8448" src="https://blogsaverroes.juntadeandalucia.es/iesodiel/files/2022/11/le-das-un-movil-a-tu-hija-o-hijo.png" alt="" width="299" height="532" srcset="https://blogsaverroes.juntadeandalucia.es/iesodiel/files/2022/11/le-das-un-movil-a-tu-hija-o-hijo.png 900w, https://blogsaverroes.juntadeandalucia.es/iesodiel/files/2022/11/le-das-un-movil-a-tu-hija-o-hijo-169x300.png 169w, https://blogsaverroes.juntadeandalucia.es/iesodiel/files/2022/11/le-das-un-movil-a-tu-hija-o-hijo-576x1024.png 576w, https://blogsaverroes.juntadeandalucia.es/iesodiel/files/2022/11/le-das-un-movil-a-tu-hija-o-hijo-768x1365.png 768w, https://blogsaverroes.juntadeandalucia.es/iesodiel/files/2022/11/le-das-un-movil-a-tu-hija-o-hijo-864x1536.png 864w" sizes="(max-width: 299px) 100vw, 299px" />La Agencia Española de Protección de Datos y UNICEF, <span class="field field--name-title field--type-string field--label-hidden">ofrecen a las familias las claves que deben tener en cuenta al regalar un móvil a sus hijos e hijas. La campaña, desplegada en noviembre de 2022 puede consultarse <a href="https://www.aepd.es/es/mas-que-un-movil" target="_blank" rel="noopener noreferrer">pinchando en este enlace</a>.</span>&nbsp;La guía puede descargarse pinchando <a href="https://blogsaverroes.juntadeandalucia.es/iesodiel/files/2022/11/la-guia-que-no-viene-con-el-movil.pdf" target="_blank" rel="noopener noreferrer">aquí</a>.</p>
<p>Por su parte, basado en la Guía de buenas prácticas TIC editada por la Junta de Castilla y León, les ofrecemos <a href="https://blogsaverroes.juntadeandalucia.es/iesodiel/files/2022/10/Gu%C3%ADa-buenas-pr%C3%A1cticas-TIC-para-familias.pdf" target="_blank" rel="noopener noreferrer">este documento</a>.</p>
<p>Si ha llegado hasta aquí buscando avisos y consejos sobre el uso de las nuevas tecnologías le recomiendo vívamente <a href="https://www.juntadeandalucia.es/educacion/portals/web/ced/centros/seguridad-y-proteccion-de-datos/avisos-y-consejos" target="_blank" rel="noopener noreferrer">esta página</a> de la Consejería de Educación.</p>

<p>La Agencia Española de Protección de Datos y UNICEF, ofrecen a las familias las claves que deben tener en cuenta al regalar un móvil a sus hijos e hijas. La campaña, desplegada en noviembre&#46;&#46;&#46;</p>
