{"id":150,"date":"2015-03-17T07:48:04","date_gmt":"2015-03-17T07:48:04","guid":{"rendered":"http:\/\/blogsaverroes.juntadeandalucia.es\/pre\/ceip\/?page_id=150"},"modified":"2017-02-24T10:27:11","modified_gmt":"2017-02-24T10:27:11","slug":"frances","status":"publish","type":"page","link":"https:\/\/blogsaverroes.juntadeandalucia.es\/iesolontigi\/frances\/","title":{"rendered":"Franc\u00e9s"},"content":{"rendered":"<p><a href=\"http:\/\/blogsaverroes.juntadeandalucia.es\/iesolontigi\/files\/2015\/03\/French-1.jpg\"><img loading=\"lazy\" decoding=\"async\" class=\"wp-image-2505 size-medium aligncenter\" src=\"http:\/\/blogsaverroes.juntadeandalucia.es\/iesolontigi\/files\/2015\/03\/French-1-300x168.jpg\" width=\"300\" height=\"168\" srcset=\"https:\/\/blogsaverroes.juntadeandalucia.es\/iesolontigi\/files\/2015\/03\/French-1-300x168.jpg 300w, https:\/\/blogsaverroes.juntadeandalucia.es\/iesolontigi\/files\/2015\/03\/French-1-24x13.jpg 24w, https:\/\/blogsaverroes.juntadeandalucia.es\/iesolontigi\/files\/2015\/03\/French-1-36x20.jpg 36w, https:\/\/blogsaverroes.juntadeandalucia.es\/iesolontigi\/files\/2015\/03\/French-1-48x27.jpg 48w, https:\/\/blogsaverroes.juntadeandalucia.es\/iesolontigi\/files\/2015\/03\/French-1.jpg 640w\" sizes=\"(max-width: 300px) 100vw, 300px\" \/><\/a><\/p>\n<p style=\"text-align: center\"><em>Fais de ta vie un r\u00eave, et d&#8217;un r\u00eave une r\u00e9alit\u00e9.<\/em><\/p>\n<p style=\"text-align: left\">Esta materia se presenta como una optativa impartida en el centro, desde 1\u00ba hasta 4\u00ba de ESO. La ense\u00f1anza y el aprendizaje para la competencia del alumno, que crezcan como personas sociables, cultas y con una amplia riqueza personal.<\/p>\n<p style=\"text-align: left\">Siendo esta la segunda lengua de ense\u00f1anza distinta a la materna, dominar\u00e1n conocimientos que les favorecer\u00e1n en el mercado laboral. La disposici\u00f3n, el mantenerse siempre actualizado y dispuesto a mejorar tanto para el futuro sector de trabajo como para s\u00ed mismos, ese orgullo y preparaci\u00f3n les fortalecer\u00e1 m\u00e1s que nunca.<\/p>\n","protected":false},"excerpt":{"rendered":"<p>Fais de ta vie un r\u00eave, et d&#8217;un r\u00eave une r\u00e9alit\u00e9. Esta materia se presenta como una optativa impartida en el centro, desde 1\u00ba hasta 4\u00ba de ESO. La ense\u00f1anza y el aprendizaje para la competencia del alumno, que crezcan como personas sociables, cultas y con una amplia riqueza personal. Siendo esta la segunda lengua &hellip; <\/p>\n<p><a class=\"more-link btn\" href=\"https:\/\/blogsaverroes.juntadeandalucia.es\/iesolontigi\/frances\/\">Seguir leyendo<\/a><\/p>\n","protected":false},"author":1,"featured_media":0,"parent":0,"menu_order":0,"comment_status":"open","ping_status":"open","template":"page-templates\/child-menu.php","meta":{"ngg_post_thumbnail":0,"footnotes":"","_mc_calendar":[]},"aioseo_notices":[],"_links":{"self":[{"href":"https:\/\/blogsaverroes.juntadeandalucia.es\/iesolontigi\/wp-json\/wp\/v2\/pages\/150"}],"collection":[{"href":"https:\/\/blogsaverroes.juntadeandalucia.es\/iesolontigi\/wp-json\/wp\/v2\/pages"}],"about":[{"href":"https:\/\/blogsaverroes.juntadeandalucia.es\/iesolontigi\/wp-json\/wp\/v2\/types\/page"}],"author":[{"embeddable":true,"href":"https:\/\/blogsaverroes.juntadeandalucia.es\/iesolontigi\/wp-json\/wp\/v2\/users\/1"}],"replies":[{"embeddable":true,"href":"https:\/\/blogsaverroes.juntadeandalucia.es\/iesolontigi\/wp-json\/wp\/v2\/comments?post=150"}],"version-history":[{"count":6,"href":"https:\/\/blogsaverroes.juntadeandalucia.es\/iesolontigi\/wp-json\/wp\/v2\/pages\/150\/revisions"}],"predecessor-version":[{"id":2566,"href":"https:\/\/blogsaverroes.juntadeandalucia.es\/iesolontigi\/wp-json\/wp\/v2\/pages\/150\/revisions\/2566"}],"wp:attachment":[{"href":"https:\/\/blogsaverroes.juntadeandalucia.es\/iesolontigi\/wp-json\/wp\/v2\/media?parent=150"}],"curies":[{"name":"wp","href":"https:\/\/api.w.org\/{rel}","templated":true}]}}

Francés

<p><a href="http://blogsaverroes.juntadeandalucia.es/iesolontigi/files/2015/03/French-1.jpg"><img loading="lazy" decoding="async" class="wp-image-2505 size-medium aligncenter" src="http://blogsaverroes.juntadeandalucia.es/iesolontigi/files/2015/03/French-1-300x168.jpg" width="300" height="168" srcset="https://blogsaverroes.juntadeandalucia.es/iesolontigi/files/2015/03/French-1-300x168.jpg 300w, https://blogsaverroes.juntadeandalucia.es/iesolontigi/files/2015/03/French-1-24x13.jpg 24w, https://blogsaverroes.juntadeandalucia.es/iesolontigi/files/2015/03/French-1-36x20.jpg 36w, https://blogsaverroes.juntadeandalucia.es/iesolontigi/files/2015/03/French-1-48x27.jpg 48w, https://blogsaverroes.juntadeandalucia.es/iesolontigi/files/2015/03/French-1.jpg 640w" sizes="(max-width: 300px) 100vw, 300px" /></a></p>
<p style="text-align: center"><em>Fais de ta vie un rêve, et d&#8217;un rêve une réalité.</em></p>
<p style="text-align: left">Esta materia se presenta como una optativa impartida en el centro, desde 1º hasta 4º de ESO. La enseñanza y el aprendizaje para la competencia del alumno, que crezcan como personas sociables, cultas y con una amplia riqueza personal.</p>
<p style="text-align: left">Siendo esta la segunda lengua de enseñanza distinta a la materna, dominarán conocimientos que les favorecerán en el mercado laboral. La disposición, el mantenerse siempre actualizado y dispuesto a mejorar tanto para el futuro sector de trabajo como para sí mismos, ese orgullo y preparación les fortalecerá más que nunca.</p>

<p>Fais de ta vie un rêve, et d&#8217;un rêve une réalité. Esta materia se presenta como una optativa impartida en el centro, desde 1º hasta 4º de ESO. La enseñanza y el aprendizaje para la competencia del alumno, que crezcan como personas sociables, cultas y con una amplia riqueza personal. Siendo esta la segunda lengua &hellip; </p>
<p><a class="more-link btn" href="https://blogsaverroes.juntadeandalucia.es/iesolontigi/frances/">Seguir leyendo</a></p>
