{"id":153,"date":"2015-03-17T07:48:56","date_gmt":"2015-03-17T07:48:56","guid":{"rendered":"http:\/\/blogsaverroes.juntadeandalucia.es\/pre\/ceip\/?page_id=153"},"modified":"2019-06-25T12:15:04","modified_gmt":"2019-06-25T12:15:04","slug":"geografia-e-historia","status":"publish","type":"page","link":"https:\/\/blogsaverroes.juntadeandalucia.es\/iesolontigi\/geografia-e-historia\/","title":{"rendered":"Geograf\u00eda e Historia"},"content":{"rendered":"<p>Instrucciones para recuperar en septiembre la asignatura de Geograf\u00eda e Historia de 3\u00ba y 4\u00ba de ESO del curso 2017-18 del profesor Jose Antonio Mart\u00edn:&nbsp;<a href=\"https:\/\/blogsaverroes.juntadeandalucia.es\/iesolontigi\/valores-eticos\/instrucciones-para-recuperacion-alumnos-de-josea_martin\/\" rel=\"attachment wp-att-3291\">Instrucciones para Recuperaci\u00f3n alumnos de JoseA_Martin<\/a><\/p>\n<p>Tareas de 3\u00ba:&nbsp;<a href=\"https:\/\/blogsaverroes.juntadeandalucia.es\/iesolontigi\/septiembre_actividades_3eso_joseamartin\/\">SEPTIEMBRE_ACTIVIDADES_3ESO_JoseAMartin<\/a><\/p>\n<p>Tareas de 4\u00ba:<a href=\"https:\/\/blogsaverroes.juntadeandalucia.es\/iesolontigi\/septiembre_actividades_4eso__joseamartin\/\">SEPTIEMBRE_ACTIVIDADES_4ESO__JoseAMartin<\/a><\/p>\n<p>&nbsp;<\/p>\n<p><a href=\"http:\/\/blogsaverroes.juntadeandalucia.es\/iesolontigi\/files\/2015\/03\/History-and-geography.jpg\"><img loading=\"lazy\" decoding=\"async\" class=\"wp-image-2507 size-medium aligncenter\" src=\"http:\/\/blogsaverroes.juntadeandalucia.es\/iesolontigi\/files\/2015\/03\/History-and-geography-300x169.jpg\" width=\"300\" height=\"169\" srcset=\"https:\/\/blogsaverroes.juntadeandalucia.es\/iesolontigi\/files\/2015\/03\/History-and-geography-300x169.jpg 300w, https:\/\/blogsaverroes.juntadeandalucia.es\/iesolontigi\/files\/2015\/03\/History-and-geography-24x14.jpg 24w, https:\/\/blogsaverroes.juntadeandalucia.es\/iesolontigi\/files\/2015\/03\/History-and-geography-36x20.jpg 36w, https:\/\/blogsaverroes.juntadeandalucia.es\/iesolontigi\/files\/2015\/03\/History-and-geography-48x27.jpg 48w, https:\/\/blogsaverroes.juntadeandalucia.es\/iesolontigi\/files\/2015\/03\/History-and-geography.jpg 640w\" sizes=\"(max-width: 300px) 100vw, 300px\" \/><\/a><\/p>\n<p style=\"text-align: center\"><em>Ideas que cambian el curso de la historia.<\/em><\/p>\n<p style=\"text-align: left\">La asignatura de Geograf\u00eda e Historia se imparte desde el curso de 1\u00ba hasta 4\u00ba de ESO. Una asignatura esencial impl\u00edcita en el curr\u00edculum del alumnado, la gran conocedora de las batallas y p\u00e9rdidas, de los entresijos que amor y el odio entre las personas provoca.<\/p>\n<p style=\"text-align: left\">Velar por mantener lo bueno del pasado, juzgar el presente y saber mejorar el futuro, alzarse y defender los principios fundamentales como humanos que somos. Otorgarles la capacidad cr\u00edtica a los alumnos, estructurar los datos y hechos otorgados y que sepan valorar y comprender la realidad social.<\/p>\n","protected":false},"excerpt":{"rendered":"<p>Instrucciones para recuperar en septiembre la asignatura de Geograf\u00eda e Historia de 3\u00ba y 4\u00ba de ESO del curso 2017-18 del profesor Jose Antonio Mart\u00edn:&nbsp;Instrucciones para Recuperaci\u00f3n alumnos de JoseA_Martin Tareas de 3\u00ba:&nbsp;SEPTIEMBRE_ACTIVIDADES_3ESO_JoseAMartin Tareas de 4\u00ba:SEPTIEMBRE_ACTIVIDADES_4ESO__JoseAMartin &nbsp; Ideas que cambian el curso de la historia. La asignatura de Geograf\u00eda e Historia se imparte desde el &hellip; <\/p>\n<p><a class=\"more-link btn\" href=\"https:\/\/blogsaverroes.juntadeandalucia.es\/iesolontigi\/geografia-e-historia\/\">Seguir leyendo<\/a><\/p>\n","protected":false},"author":1,"featured_media":0,"parent":0,"menu_order":0,"comment_status":"open","ping_status":"open","template":"","meta":{"ngg_post_thumbnail":0,"footnotes":"","_mc_calendar":[]},"aioseo_notices":[],"_links":{"self":[{"href":"https:\/\/blogsaverroes.juntadeandalucia.es\/iesolontigi\/wp-json\/wp\/v2\/pages\/153"}],"collection":[{"href":"https:\/\/blogsaverroes.juntadeandalucia.es\/iesolontigi\/wp-json\/wp\/v2\/pages"}],"about":[{"href":"https:\/\/blogsaverroes.juntadeandalucia.es\/iesolontigi\/wp-json\/wp\/v2\/types\/page"}],"author":[{"embeddable":true,"href":"https:\/\/blogsaverroes.juntadeandalucia.es\/iesolontigi\/wp-json\/wp\/v2\/users\/1"}],"replies":[{"embeddable":true,"href":"https:\/\/blogsaverroes.juntadeandalucia.es\/iesolontigi\/wp-json\/wp\/v2\/comments?post=153"}],"version-history":[{"count":6,"href":"https:\/\/blogsaverroes.juntadeandalucia.es\/iesolontigi\/wp-json\/wp\/v2\/pages\/153\/revisions"}],"predecessor-version":[{"id":3298,"href":"https:\/\/blogsaverroes.juntadeandalucia.es\/iesolontigi\/wp-json\/wp\/v2\/pages\/153\/revisions\/3298"}],"wp:attachment":[{"href":"https:\/\/blogsaverroes.juntadeandalucia.es\/iesolontigi\/wp-json\/wp\/v2\/media?parent=153"}],"curies":[{"name":"wp","href":"https:\/\/api.w.org\/{rel}","templated":true}]}}