{"id":162,"date":"2015-03-17T07:51:10","date_gmt":"2015-03-17T07:51:10","guid":{"rendered":"http:\/\/blogsaverroes.juntadeandalucia.es\/pre\/ceip\/?page_id=162"},"modified":"2017-03-03T12:29:25","modified_gmt":"2017-03-03T12:29:25","slug":"tecnologia","status":"publish","type":"page","link":"https:\/\/blogsaverroes.juntadeandalucia.es\/iesolontigi\/tecnologia\/","title":{"rendered":"Tecnolog\u00eda"},"content":{"rendered":"<p><a href=\"http:\/\/blogsaverroes.juntadeandalucia.es\/iesolontigi\/files\/2015\/03\/Technology6.png\"><img loading=\"lazy\" decoding=\"async\" class=\"wp-image-2527 size-medium aligncenter\" src=\"http:\/\/blogsaverroes.juntadeandalucia.es\/iesolontigi\/files\/2015\/03\/Technology6-300x169.png\" height=\"169\" width=\"300\" srcset=\"https:\/\/blogsaverroes.juntadeandalucia.es\/iesolontigi\/files\/2015\/03\/Technology6-300x169.png 300w, https:\/\/blogsaverroes.juntadeandalucia.es\/iesolontigi\/files\/2015\/03\/Technology6-768x432.png 768w, https:\/\/blogsaverroes.juntadeandalucia.es\/iesolontigi\/files\/2015\/03\/Technology6-1024x576.png 1024w, https:\/\/blogsaverroes.juntadeandalucia.es\/iesolontigi\/files\/2015\/03\/Technology6-24x14.png 24w, https:\/\/blogsaverroes.juntadeandalucia.es\/iesolontigi\/files\/2015\/03\/Technology6-36x20.png 36w, https:\/\/blogsaverroes.juntadeandalucia.es\/iesolontigi\/files\/2015\/03\/Technology6-48x27.png 48w, https:\/\/blogsaverroes.juntadeandalucia.es\/iesolontigi\/files\/2015\/03\/Technology6.png 1280w\" sizes=\"(max-width: 300px) 100vw, 300px\" \/><\/a><\/p>\n<p style=\"text-align: center\"><em>La tecnolog\u00eda es como el fuego de campamento donde contamos nuestras historias.<\/em><\/p>\n<p style=\"text-align: left\">La asignatura de Tecnolog\u00eda se imparte a los cursos de 2\u00ba, 3\u00ba y 4\u00ba de ESO, la cual es la gran base para conocer c\u00f3mo se ha configurado el mundo actual que conocemos, y donde los alumnos fomentar\u00e1n su calidad de vida a trav\u00e9s de la motivaci\u00f3n por satisfacer sus necesidades.<\/p>\n<p style=\"text-align: left\">El inter\u00e9s por innovar es indispensable, el valor que den a sus propios conocimientos y la iniciativa por cambiar algo nuevo por algo mucho mejor. Siempre mirando hacia delante, interesados por el cambio.<\/p>\n","protected":false},"excerpt":{"rendered":"<p>La tecnolog\u00eda es como el fuego de campamento donde contamos nuestras historias. La asignatura de Tecnolog\u00eda se imparte a los cursos de 2\u00ba, 3\u00ba y 4\u00ba de ESO, la cual es la gran base para conocer c\u00f3mo se ha configurado el mundo actual que conocemos, y donde los alumnos fomentar\u00e1n su calidad de vida a &hellip; <\/p>\n<p><a class=\"more-link btn\" href=\"https:\/\/blogsaverroes.juntadeandalucia.es\/iesolontigi\/tecnologia\/\">Seguir leyendo<\/a><\/p>\n","protected":false},"author":1,"featured_media":0,"parent":0,"menu_order":0,"comment_status":"open","ping_status":"open","template":"page-templates\/child-menu.php","meta":{"ngg_post_thumbnail":0,"footnotes":"","_mc_calendar":[]},"aioseo_notices":[],"_links":{"self":[{"href":"https:\/\/blogsaverroes.juntadeandalucia.es\/iesolontigi\/wp-json\/wp\/v2\/pages\/162"}],"collection":[{"href":"https:\/\/blogsaverroes.juntadeandalucia.es\/iesolontigi\/wp-json\/wp\/v2\/pages"}],"about":[{"href":"https:\/\/blogsaverroes.juntadeandalucia.es\/iesolontigi\/wp-json\/wp\/v2\/types\/page"}],"author":[{"embeddable":true,"href":"https:\/\/blogsaverroes.juntadeandalucia.es\/iesolontigi\/wp-json\/wp\/v2\/users\/1"}],"replies":[{"embeddable":true,"href":"https:\/\/blogsaverroes.juntadeandalucia.es\/iesolontigi\/wp-json\/wp\/v2\/comments?post=162"}],"version-history":[{"count":5,"href":"https:\/\/blogsaverroes.juntadeandalucia.es\/iesolontigi\/wp-json\/wp\/v2\/pages\/162\/revisions"}],"predecessor-version":[{"id":2650,"href":"https:\/\/blogsaverroes.juntadeandalucia.es\/iesolontigi\/wp-json\/wp\/v2\/pages\/162\/revisions\/2650"}],"wp:attachment":[{"href":"https:\/\/blogsaverroes.juntadeandalucia.es\/iesolontigi\/wp-json\/wp\/v2\/media?parent=162"}],"curies":[{"name":"wp","href":"https:\/\/api.w.org\/{rel}","templated":true}]}}