{"id":2325,"date":"2017-02-17T10:58:37","date_gmt":"2017-02-17T10:58:37","guid":{"rendered":"http:\/\/blogsaverroes.juntadeandalucia.es\/iesolontigi\/?page_id=2325"},"modified":"2017-02-23T10:56:28","modified_gmt":"2017-02-23T10:56:28","slug":"departamentos","status":"publish","type":"page","link":"https:\/\/blogsaverroes.juntadeandalucia.es\/iesolontigi\/departamentos\/","title":{"rendered":"Departamentos"},"content":{"rendered":"<p style=\"text-align: center\"><a href=\"http:\/\/blogsaverroes.juntadeandalucia.es\/iesolontigi\/files\/2017\/02\/Departments.jpg\"><img loading=\"lazy\" decoding=\"async\" class=\"size-medium wp-image-2534 aligncenter\" src=\"http:\/\/blogsaverroes.juntadeandalucia.es\/iesolontigi\/files\/2017\/02\/Departments-200x300.jpg\" alt=\"\" width=\"200\" height=\"300\" srcset=\"https:\/\/blogsaverroes.juntadeandalucia.es\/iesolontigi\/files\/2017\/02\/Departments-200x300.jpg 200w, https:\/\/blogsaverroes.juntadeandalucia.es\/iesolontigi\/files\/2017\/02\/Departments-16x24.jpg 16w, https:\/\/blogsaverroes.juntadeandalucia.es\/iesolontigi\/files\/2017\/02\/Departments-24x36.jpg 24w, https:\/\/blogsaverroes.juntadeandalucia.es\/iesolontigi\/files\/2017\/02\/Departments-32x48.jpg 32w, https:\/\/blogsaverroes.juntadeandalucia.es\/iesolontigi\/files\/2017\/02\/Departments.jpg 580w\" sizes=\"(max-width: 200px) 100vw, 200px\" \/><\/a><em>Usa tu mente e ingenio para cambiar el mundo, no dejes que el mundo sea quien te cambie.<\/em><\/p>\n<p style=\"text-align: left\">A continuaci\u00f3n, cada secci\u00f3n de departamentos te abrir\u00e1 la puerta a un nuevo mundo, donde se detiene el tiempo y la luz brilla en el coraz\u00f3n como cada nuevo amanecer.<\/p>\n<p style=\"text-align: left\">Misiones, h\u00e9roes y aventuras que ir\u00e1s descubriendo conforme saltes de un lugar a otro, donde todo alumno ser\u00e1 el propio protagonista de su historia.<\/p>\n","protected":false},"excerpt":{"rendered":"<p>Usa tu mente e ingenio para cambiar el mundo, no dejes que el mundo sea quien te cambie. A continuaci\u00f3n, cada secci\u00f3n de departamentos te abrir\u00e1 la puerta a un nuevo mundo, donde se detiene el tiempo y la luz brilla en el coraz\u00f3n como cada nuevo amanecer. Misiones, h\u00e9roes y aventuras que ir\u00e1s descubriendo &hellip; <\/p>\n<p><a class=\"more-link btn\" href=\"https:\/\/blogsaverroes.juntadeandalucia.es\/iesolontigi\/departamentos\/\">Seguir leyendo<\/a><\/p>\n","protected":false},"author":2948,"featured_media":0,"parent":0,"menu_order":0,"comment_status":"closed","ping_status":"closed","template":"","meta":{"ngg_post_thumbnail":0,"footnotes":"","_mc_calendar":[]},"aioseo_notices":[],"_links":{"self":[{"href":"https:\/\/blogsaverroes.juntadeandalucia.es\/iesolontigi\/wp-json\/wp\/v2\/pages\/2325"}],"collection":[{"href":"https:\/\/blogsaverroes.juntadeandalucia.es\/iesolontigi\/wp-json\/wp\/v2\/pages"}],"about":[{"href":"https:\/\/blogsaverroes.juntadeandalucia.es\/iesolontigi\/wp-json\/wp\/v2\/types\/page"}],"author":[{"embeddable":true,"href":"https:\/\/blogsaverroes.juntadeandalucia.es\/iesolontigi\/wp-json\/wp\/v2\/users\/2948"}],"replies":[{"embeddable":true,"href":"https:\/\/blogsaverroes.juntadeandalucia.es\/iesolontigi\/wp-json\/wp\/v2\/comments?post=2325"}],"version-history":[{"count":3,"href":"https:\/\/blogsaverroes.juntadeandalucia.es\/iesolontigi\/wp-json\/wp\/v2\/pages\/2325\/revisions"}],"predecessor-version":[{"id":2536,"href":"https:\/\/blogsaverroes.juntadeandalucia.es\/iesolontigi\/wp-json\/wp\/v2\/pages\/2325\/revisions\/2536"}],"wp:attachment":[{"href":"https:\/\/blogsaverroes.juntadeandalucia.es\/iesolontigi\/wp-json\/wp\/v2\/media?parent=2325"}],"curies":[{"name":"wp","href":"https:\/\/api.w.org\/{rel}","templated":true}]}}