{"id":2632,"date":"2017-03-03T11:55:19","date_gmt":"2017-03-03T11:55:19","guid":{"rendered":"http:\/\/blogsaverroes.juntadeandalucia.es\/iesolontigi\/?page_id=2632"},"modified":"2017-03-03T12:05:24","modified_gmt":"2017-03-03T12:05:24","slug":"latin","status":"publish","type":"page","link":"https:\/\/blogsaverroes.juntadeandalucia.es\/iesolontigi\/latin\/","title":{"rendered":"Lat\u00edn"},"content":{"rendered":"<p style=\"text-align: center\"><a href=\"http:\/\/blogsaverroes.juntadeandalucia.es\/iesolontigi\/files\/2017\/03\/latin-carpe-diem.jpg\"><img loading=\"lazy\" decoding=\"async\" class=\"size-medium wp-image-2637 aligncenter\" src=\"http:\/\/blogsaverroes.juntadeandalucia.es\/iesolontigi\/files\/2017\/03\/latin-carpe-diem-300x284.jpg\" alt=\"\" height=\"284\" width=\"300\" srcset=\"https:\/\/blogsaverroes.juntadeandalucia.es\/iesolontigi\/files\/2017\/03\/latin-carpe-diem-300x284.jpg 300w, https:\/\/blogsaverroes.juntadeandalucia.es\/iesolontigi\/files\/2017\/03\/latin-carpe-diem-24x24.jpg 24w, https:\/\/blogsaverroes.juntadeandalucia.es\/iesolontigi\/files\/2017\/03\/latin-carpe-diem-36x34.jpg 36w, https:\/\/blogsaverroes.juntadeandalucia.es\/iesolontigi\/files\/2017\/03\/latin-carpe-diem-48x45.jpg 48w, https:\/\/blogsaverroes.juntadeandalucia.es\/iesolontigi\/files\/2017\/03\/latin-carpe-diem.jpg 736w\" sizes=\"(max-width: 300px) 100vw, 300px\" \/><\/a>La vida es m\u00e1s que merecida cuando estamos vivos.<\/p>\n<p style=\"text-align: left\">La materia de Lat\u00edn se imparte a 4\u00ba de ESO. Para aquellos intr\u00e9pidos que deseen adentrarse en un nuevo mundo, las lenguas muertas, el renacer de \u00e9stas y c\u00f3mo las actualmente habladas hoy d\u00eda nacieron a partir de esas que ya no est\u00e1n.<\/p>\n<p style=\"text-align: left\">El tiempo escapa de nuestras manos y nos teletransporta a una \u00e9poca sorprendente, llena de secretos y detalles por descubrir.<\/p>\n","protected":false},"excerpt":{"rendered":"<p>La vida es m\u00e1s que merecida cuando estamos vivos. La materia de Lat\u00edn se imparte a 4\u00ba de ESO. Para aquellos intr\u00e9pidos que deseen adentrarse en un nuevo mundo, las lenguas muertas, el renacer de \u00e9stas y c\u00f3mo las actualmente habladas hoy d\u00eda nacieron a partir de esas que ya no est\u00e1n. El tiempo escapa &hellip; <\/p>\n<p><a class=\"more-link btn\" href=\"https:\/\/blogsaverroes.juntadeandalucia.es\/iesolontigi\/latin\/\">Seguir leyendo<\/a><\/p>\n","protected":false},"author":2948,"featured_media":0,"parent":0,"menu_order":0,"comment_status":"closed","ping_status":"closed","template":"","meta":{"ngg_post_thumbnail":0,"footnotes":"","_mc_calendar":[]},"aioseo_notices":[],"_links":{"self":[{"href":"https:\/\/blogsaverroes.juntadeandalucia.es\/iesolontigi\/wp-json\/wp\/v2\/pages\/2632"}],"collection":[{"href":"https:\/\/blogsaverroes.juntadeandalucia.es\/iesolontigi\/wp-json\/wp\/v2\/pages"}],"about":[{"href":"https:\/\/blogsaverroes.juntadeandalucia.es\/iesolontigi\/wp-json\/wp\/v2\/types\/page"}],"author":[{"embeddable":true,"href":"https:\/\/blogsaverroes.juntadeandalucia.es\/iesolontigi\/wp-json\/wp\/v2\/users\/2948"}],"replies":[{"embeddable":true,"href":"https:\/\/blogsaverroes.juntadeandalucia.es\/iesolontigi\/wp-json\/wp\/v2\/comments?post=2632"}],"version-history":[{"count":3,"href":"https:\/\/blogsaverroes.juntadeandalucia.es\/iesolontigi\/wp-json\/wp\/v2\/pages\/2632\/revisions"}],"predecessor-version":[{"id":2639,"href":"https:\/\/blogsaverroes.juntadeandalucia.es\/iesolontigi\/wp-json\/wp\/v2\/pages\/2632\/revisions\/2639"}],"wp:attachment":[{"href":"https:\/\/blogsaverroes.juntadeandalucia.es\/iesolontigi\/wp-json\/wp\/v2\/media?parent=2632"}],"curies":[{"name":"wp","href":"https:\/\/api.w.org\/{rel}","templated":true}]}}